000
CXUS55 KPUB 011210
CF6LHX
PRELIMINARY LOCAL CLIMATOLOGICAL DATA (WS FORM: F-6)
STATION: LA JUNTA CO
MONTH: MAY
YEAR: 2021
LATITUDE: 38 2 N
LONGITUDE: 103 31 W
TEMPERATURE IN F: :PCPN: SNOW: WIND :SUNSHINE: SKY :PK WND
================================================================================
1 2 3 4 5 6A 6B 7 8 9 10 11 12 13 14 15 16 17 18
12Z AVG MX 2MIN
DY MAX MIN AVG DEP HDD CDD WTR SNW DPTH SPD SPD DIR MIN PSBL S-S WX SPD DR
================================================================================
1 91 46 69 12 0 4 0.00 M M 8.3 15 290 M M 0 20 120
2 87 53 70 12 0 5 T M M 16.3 48 340 M M 2 38 61 340
3 57 42 50 -8 15 0 0.10 M M 14.5 28 10 M M 10 18 34 10
4 67 41 54 -4 11 0 T M M 7.7 16 90 M M 5 21 90
5 73 40 57 -2 8 0 0.00 M M 10.1 28 30 M M 1 36 30
6 82 40 61 2 4 0 0.00 M M 8.1 17 130 M M 0 22 130
7 91 45 68 8 0 3 T M M 9.8 36 200 M M 0 3 45 200
8 90 48 69 9 0 4 T M M 13.1 39 340 M M 1 3 51 340
9 56 45 51 -9 14 0 0.01 M M 10.5 24 20 M M 9 30 30
10 51 42 47 -14 18 0 0.78 M M 18.0 30 110 M M 10 13 36 90
11 45 37 41 -20 24 0 0.43 M M 10.7 24 60 M M 10 1 31 60
12 61 40 51 -11 14 0 0.00 M M 8.5 21 120 M M 6 1 29 130
13 78 40 59 -3 6 0 0.00 M M 5.8 13 110 M M 1 12 18 110
14 84 46 65 2 0 0 0.00 M M 9.5 33 40 M M 0 3 45 30
15 79 53 66 3 0 1 0.01 M M 12.2 25 60 M M 2 138 34 40
16 79 52 66 3 0 1 T M M 9.2 32 330 M M 1 3 48 330
17 72 53 63 -1 2 0 0.81 M M 10.4 28 300 M M 7 13 40 310
18 71 51 61 -3 4 0 0.37 M M 8.1 33 120 M M 5 13 40 120
19 72 48 60 -5 5 0 0.00 M M 6.5 16 70 M M 2 12 20 90
20 88 50 69 4 0 4 0.00 M M 9.0 23 180 M M 0 34 180
21 91 68 80 14 0 15 0.23 M M 19.4 39 160 M M 1 3 50 170
22 80 52 66 0 0 1 0.40 M M 13.4 39 240 M M 3 13 49 220
23 89 57 73 7 0 8 0.03 M M 15.6 33 220 M M 2 3 45 230
24 83 50 67 0 0 2 0.00 M M 6.4 17 80 M M 1 22 90
25 78 57 68 1 0 3 0.00 M M 11.2 26 40 M M 3 33 40
26 80 56 68 0 0 3 0.00 M M 6.9 16 240 M M 1 21 240
27 81 54 68 0 0 3 0.00 M M 10.5 24 90 M M 0 24 90
28 86 52 69 1 0 4 0.00 M M 10.4 25 200 M M 0 34 180
29 88 51 70 1 0 5 1.35 M M 12.9 39 160 M M 3 123 52 170
30 69 54 62 -7 3 0 0.70 M M 14.3 33 120 M M 10 13 43 120
31 65 54 60 -9 5 0 0.15 M M 5.5 17 80 M M 10 1 20 90
================================================================================
SM 2364 1517 133 66 5.37 M 332.8 M 106
================================================================================
AV 76.3 48.9 10.7 FASTST M M 3 MAX(MPH)
MISC ----> 48 340 61 340
================================================================================
NOTES:
# LAST OF SEVERAL OCCURRENCES
COLUMN 17 PEAK WIND IN M.P.H.
PRELIMINARY LOCAL CLIMATOLOGICAL DATA (WS FORM: F-6) , PAGE 2
STATION: LA JUNTA CO
MONTH: MAY
YEAR: 2021
LATITUDE: 38 2 N
LONGITUDE: 103 31 W
[TEMPERATURE DATA] [PRECIPITATION DATA] SYMBOLS USED IN COLUMN 16
AVERAGE MONTHLY: 62.6 TOTAL FOR MONTH: 5.37 1 = FOG OR MIST
DPTR FM NORMAL: -0.8 DPTR FM NORMAL: 3.78 2 = FOG REDUCING VISIBILITY
HIGHEST: 91 ON 21, 7 GRTST 24HR 1.99 ON 29-30 TO 1/4 MILE OR LESS
LOWEST: 37 ON 11 3 = THUNDER
SNOW, ICE PELLETS, HAIL 4 = ICE PELLETS
TOTAL MONTH: M 5 = HAIL
GRTST 24HR M ON M 6 = FREEZING RAIN OR DRIZZLE
GRTST DEPTH: M ON M 7 = DUSTSTORM OR SANDSTORM:
VSBY 1/2 MILE OR LESS
8 = SMOKE OR HAZE
[NO. OF DAYS WITH] [WEATHER - DAYS WITH] 9 = BLOWING SNOW
X = TORNADO
MAX 32 OR BELOW: 0 0.01 INCH OR MORE: 13
MAX 90 OR ABOVE: 4 0.10 INCH OR MORE: 10
MIN 32 OR BELOW: 0 0.50 INCH OR MORE: 4
MIN 0 OR BELOW: 0 1.00 INCH OR MORE: 1
[HDD (BASE 65) ]
TOTAL THIS MO. 133 CLEAR (SCALE 0-3) 20
DPTR FM NORMAL 4 PTCLDY (SCALE 4-7) 5
TOTAL FM JUL 1 5061 CLOUDY (SCALE 8-10) 6
DPTR FM NORMAL 35
[CDD (BASE 65) ]
TOTAL THIS MO. 66
DPTR FM NORMAL -14 [PRESSURE DATA]
TOTAL FM JAN 1 79 HIGHEST SLP 30.34 ON 11
DPTR FM NORMAL -9 LOWEST SLP 29.29 ON 2
[REMARKS]
#FINAL-05-21#