000
CXHW51 PHFO 011250
CF6LIH
PRELIMINARY LOCAL CLIMATOLOGICAL DATA (WS FORM: F-6)
STATION: LIHUE HI
MONTH: JANUARY
YEAR: 2024
LATITUDE: 21 58 N
LONGITUDE: 159 21 W
TEMPERATURE IN F: :PCPN: SNOW: WIND :SUNSHINE: SKY :PK WND
================================================================================
1 2 3 4 5 6A 6B 7 8 9 10 11 12 13 14 15 16 17 18
12Z AVG MX 2MIN
DY MAX MIN AVG DEP HDD CDD WTR SNW DPTH SPD SPD DIR MIN PSBL S-S WX SPD DR
================================================================================
1 80 64 72 -1 0 7 0.10 M M 12.4 24 70 M M 4 18 30 70
2 81 69 75 2 0 10 0.08 M M 11.8 23 70 M M 3 1 30 60
3 80 68 74 1 0 9 0.00 M M 8.2 18 90 M M 2 22 80
4 80 68 74 2 0 9 0.02 M M 8.0 16 100 M M 4 19 100
5 79 69 74 2 0 9 0.00 M M 6.8 18 90 M M 5 8 22 90
6 81 66 74 2 0 9 0.00 M M 6.4 12 160 M M 1 15 190
7 81 65 73 1 0 8 0.51 M M 9.4 20 180 M M 7 1 24 270
8 80 71 76 4 0 11 0.63 M M 13.4 26 240 M M 8 18 37 230
9 80 66 73 1 0 8 T M M 10.7 24 230 M M 2 29 230
10 78 63 71 -1 0 6 0.02 M M 6.9 13 230 M M 4 14 230
11 76 59 68 -4 0 3 0.05 M M 10.5 18 320 M M 5 38 360
12 76 58 67 -5 0 2 0.17 M M 10.7 24 360 M M 6 1 28 360
13 77 60 69 -3 0 4 0.00 M M 10.5 23 10 M M 3 29 10
14 77 56 67 -5 0 2 0.00 M M 7.8 13 60 M M 0 18 70
15 79 59 69 -3 0 4 0.00 M M 11.6 23 240 M M 2 29 230
16 81 68 75 3 0 10 T M M 17.5 38 230 M M 7 52 250
17 83 63 73 1 0 8 T M M 10.4 22 230 M M 1 28 250
18 81 60 71 -1 0 6 0.00 M M 8.7 18 220 M M 1 24 220
19 78 71 75 3 0 10 0.08 M M 10.7 17 200 M M 7 1 26 210
20 82 72 77 5 0 12 0.01 M M 9.6 17 220 M M 4 23 190
21 74 70 72 0 0 7 0.17 M M 6.5 14 70 M M 9 1 18 350
22 80 71 76 4 0 11 T M M 11.5 21 190 M M 5 27 180
23 82 74 78 6 0 13 0.01 M M 12.9 23 190 M M 7 8 32 190
24 82 71 77 5 0 12 0.18 M M 15.7 28 250 M M 7 18 38 220
25 83 64 74 2 0 9 T M M 7.3 21 240 M M 1 25 240
26 81 66 74 2 0 9 0.03 M M 10.8 25 240 M M 5 1 29 230
27 83 71 77 5 0 12 0.02 M M 15.3 30 250 M M 3 1 37 230
28 82 71 77 5 0 12 0.06 M M 15.3 28 230 M M 4 1 34 240
29 83 72 78 6 0 13 0.24 M M 14.9 32 250 M M 5 18 38 250
30 76 69 73 1 0 8 0.22 M M 4.4 15 20 M M 8 18 17 20
31 81 67 74 2 0 9 T M M 6.6 15 180 M M 9 21 210
================================================================================
SM 2477 2061 0 262 2.60 M 323.2 M 139
================================================================================
AV 79.9 66.5 10.4 FASTST M M 4 MAX(MPH)
MISC ----> 38 230 52 250
================================================================================
NOTES:
# LAST OF SEVERAL OCCURRENCES
COLUMN 17 PEAK WIND IN M.P.H.
PRELIMINARY LOCAL CLIMATOLOGICAL DATA (WS FORM: F-6) , PAGE 2
STATION: LIHUE HI
MONTH: JANUARY
YEAR: 2024
LATITUDE: 21 58 N
LONGITUDE: 159 21 W
[TEMPERATURE DATA] [PRECIPITATION DATA] SYMBOLS USED IN COLUMN 16
AVERAGE MONTHLY: 73.2 TOTAL FOR MONTH: 2.60 1 = FOG OR MIST
DPTR FM NORMAL: 0.9 DPTR FM NORMAL: -0.18 2 = FOG REDUCING VISIBILITY
HIGHEST: 83 ON 29,27 GRTST 24HR 0.84 ON 8- 9 TO 1/4 MILE OR LESS
LOWEST: 56 ON 14 3 = THUNDER
SNOW, ICE PELLETS, HAIL 4 = ICE PELLETS
TOTAL MONTH: M 5 = HAIL
GRTST 24HR M ON M 6 = FREEZING RAIN OR DRIZZLE
GRTST DEPTH: M ON M 7 = DUSTSTORM OR SANDSTORM:
VSBY 1/2 MILE OR LESS
8 = SMOKE OR HAZE
[NO. OF DAYS WITH] [WEATHER - DAYS WITH] 9 = BLOWING SNOW
X = TORNADO
MAX 32 OR BELOW: 0 0.01 INCH OR MORE: 18
MAX 90 OR ABOVE: 0 0.10 INCH OR MORE: 8
MIN 32 OR BELOW: 0 0.50 INCH OR MORE: 2
MIN 0 OR BELOW: 0 1.00 INCH OR MORE: 0
[HDD (BASE 65) ]
TOTAL THIS MO. 0 CLEAR (SCALE 0-3) 9
DPTR FM NORMAL 0 PTCLDY (SCALE 4-7) 20
TOTAL FM JUL 1 0 CLOUDY (SCALE 8-10) 2
DPTR FM NORMAL 0
[CDD (BASE 65) ]
TOTAL THIS MO. 262
DPTR FM NORMAL 36 [PRESSURE DATA]
TOTAL FM JAN 1 262 HIGHEST SLP 30.22 ON 2
DPTR FM NORMAL 36 LOWEST SLP 29.63 ON 16
[REMARKS]
#FINAL-01-24#