042
CXHW51 PHFO 011250
CF6LIH
PRELIMINARY LOCAL CLIMATOLOGICAL DATA (WS FORM: F-6)
STATION: LIHUE HI
MONTH: NOVEMBER
YEAR: 2020
LATITUDE: 21 58 N
LONGITUDE: 159 21 W
TEMPERATURE IN F: :PCPN: SNOW: WIND :SUNSHINE: SKY :PK WND
================================================================================
1 2 3 4 5 6A 6B 7 8 9 10 11 12 13 14 15 16 17 18
12Z AVG MX 2MIN
DY MAX MIN AVG DEP HDD CDD WTR SNW DPTH SPD SPD DIR MIN PSBL S-S WX SPD DR
================================================================================
1 83 67 75 -2 0 10 0.10 0.0 M 7.8 18 20 M M M 1 22 20
2 83 69 76 -1 0 11 T 0.0 M 8.1 16 70 M M M 1 19 80
3 83 74 79 2 0 14 0.00 0.0 M 11.1 15 70 M M M 18 80
4 84 73 79 2 0 14 0.15 0.0 M 8.0 21 180 M M M 1 25 180
5 83 72 78 1 0 13 0.07 0.0 M 9.3 18 140 M M M 1 21 150
6 84 70 77 0 0 12 T 0.0 M 9.8 17 60 M M M 21 60
7 84 75 80 3 0 15 0.01 0.0 M 12.8 23 90 M M M 1 29 90
8 83 78 81 5 0 16 T 0.0 M 13.5 21 100 M M M 24 70
9 83 73 78 2 0 13 0.28 0.0 M 14.8 28 90 M M M 1 33 90
10 83 75 79 3 0 14 0.05 0.0 M 17.3 25 50 M M M 18 32 90
11 82 73 78 2 0 13 0.04 0.0 M 20.9 33 60 M M M 18 43 70
12 83 74 79 3 0 14 T 0.0 M 18.7 26 50 M M M 1 33 40
13 82 72 77 1 0 12 0.08 0.0 M 17.0 28 80 M M M 18 35 80
14 83 74 79 3 0 14 0.02 0.0 M 12.5 23 80 M M M 18 28 80
15 83 70 77 1 0 12 0.11 0.0 M 8.2 21 60 M M M 1 26 50
16 83 72 78 2 0 13 0.03 0.0 M 11.5 21 60 M M M 1 24 60
17 82 74 78 2 0 13 0.10 0.0 M 11.5 18 100 M M M 18 22 50
18 79 72 76 0 0 11 0.33 0.0 M 13.5 25 40 M M M 13 29 40
19 81 73 77 1 0 12 0.05 0.0 M 15.0 24 70 M M M 18 28 80
20 82 74 78 3 0 13 0.01 0.0 M 15.6 25 70 M M M 18 30 80
21 82 M M M M M 0.11 M M 19.2 30 60 M M M 18 37 60
22 81 75 78 3 0 13 0.02 0.0 M 19.9 29 70 M M M 1 36 70
23 82 M M M M M T M M 17.0 23 80 M M M 1 29 80
24 82 72 77 2 0 12 1.20 0.0 M 16.9 26 90 M M M 138 32 90
25 83 74 79 4 0 14 0.54 0.0 M 14.4 26 90 M M M 18 33 90
26 82 71 77 2 0 12 1.59 0.0 M 14.2 24 70 M M M 1 29 60
27 82 75 79 4 0 14 T 0.0 M 20.2 26 40 M M M 31 30
28 81 66 74 -1 0 9 0.08 0.0 M 14.7 30 40 M M M 18 34 40
29 81 71 76 1 0 11 0.22 0.0 M 16.3 29 80 M M M 1 37 80
30 81 69 75 0 0 10 T 0.0 M 9.0 20 70 M M M 24 50
================================================================================
SM 2470 2027 0 354 5.19 0.0 418.7 M M
================================================================================
AV 82.3 72.4 14.0 FASTST M M 0 MAX(MPH)
MISC ----> # 33 60 # 43 70
================================================================================
NOTES:
# LAST OF SEVERAL OCCURRENCES
COLUMN 17 PEAK WIND IN M.P.H.
PRELIMINARY LOCAL CLIMATOLOGICAL DATA (WS FORM: F-6) , PAGE 2
STATION: LIHUE HI
MONTH: NOVEMBER
YEAR: 2020
LATITUDE: 21 58 N
LONGITUDE: 159 21 W
[TEMPERATURE DATA] [PRECIPITATION DATA] SYMBOLS USED IN COLUMN 16
AVERAGE MONTHLY: 77.4 TOTAL FOR MONTH: 5.19 1 = FOG OR MIST
DPTR FM NORMAL: 1.6 DPTR FM NORMAL: 0.73 2 = FOG REDUCING VISIBILITY
HIGHEST: 84 ON 7, 6 GRTST 24HR 1.59 ON 26-26 TO 1/4 MILE OR LESS
LOWEST: 66 ON 28 3 = THUNDER
SNOW, ICE PELLETS, HAIL 4 = ICE PELLETS
TOTAL MONTH: 0.0 INCH 5 = HAIL
GRTST 24HR 0.0 6 = FREEZING RAIN OR DRIZZLE
GRTST DEPTH: M ON M 7 = DUSTSTORM OR SANDSTORM:
VSBY 1/2 MILE OR LESS
8 = SMOKE OR HAZE
[NO. OF DAYS WITH] [WEATHER - DAYS WITH] 9 = BLOWING SNOW
X = TORNADO
MAX 32 OR BELOW: 0 0.01 INCH OR MORE: 22
MAX 90 OR ABOVE: 0 0.10 INCH OR MORE: 11
MIN 32 OR BELOW: 0 0.50 INCH OR MORE: 3
MIN 0 OR BELOW: 0 1.00 INCH OR MORE: 2
[HDD (BASE 65) ]
TOTAL THIS MO. 0 CLEAR (SCALE 0-3) 0
DPTR FM NORMAL 0 PTCLDY (SCALE 4-7) 0
TOTAL FM JUL 1 0 CLOUDY (SCALE 8-10) 0
DPTR FM NORMAL 0
[CDD (BASE 65) ]
TOTAL THIS MO. 354
DPTR FM NORMAL 30 [PRESSURE DATA]
TOTAL FM JAN 1 3902 HIGHEST SLP 30.22 ON 12
DPTR FM NORMAL 211 LOWEST SLP 29.90 ON 4
[REMARKS]
#FINAL-11-20#