000
CXHW51 PHFO 011250
CF6LIH
PRELIMINARY LOCAL CLIMATOLOGICAL DATA (WS FORM: F-6)
STATION: LIHUE HI
MONTH: AUGUST
YEAR: 2023
LATITUDE: 21 58 N
LONGITUDE: 159 21 W
TEMPERATURE IN F: :PCPN: SNOW: WIND :SUNSHINE: SKY :PK WND
================================================================================
1 2 3 4 5 6A 6B 7 8 9 10 11 12 13 14 15 16 17 18
12Z AVG MX 2MIN
DY MAX MIN AVG DEP HDD CDD WTR SNW DPTH SPD SPD DIR MIN PSBL S-S WX SPD DR
================================================================================
1 88 77 83 3 0 18 T M M 16.3 23 50 M M 4 27 80
2 87 75 81 1 0 16 0.12 M M 16.9 24 90 M M 5 18 29 90
3 87 77 82 2 0 17 0.02 M M 16.4 23 50 M M 5 27 50
4 88 77 83 3 0 18 T M M 14.4 22 30 M M 4 25 50
5 87 77 82 2 0 17 0.04 M M 12.8 21 40 M M 3 24 60
6 88 78 83 3 0 18 0.00 M M 13.1 20 70 M M 3 23 80
7 88 78 83 3 0 18 0.02 M M 17.0 25 50 M M 8 18 31 50
8 88 80 84 4 0 19 0.00 M M 21.5 30 40 M M 9 35 40
9 88 79 84 4 0 19 0.02 M M 20.3 26 50 M M 8 32 50
10 89 79 84 4 0 19 T M M 16.1 22 70 M M 5 25 70
11 87 79 83 3 0 18 0.00 M M 14.2 18 60 M M 4 22 60
12 88 78 83 3 0 18 0.02 M M 13.0 20 70 M M 3 25 80
13 88 79 84 4 0 19 0.00 M M 13.2 20 60 M M 3 23 60
14 88 78 83 3 0 18 0.01 M M 15.5 23 50 M M 4 28 40
15 89 79 84 4 0 19 T M M 15.4 22 50 M M 3 25 50
16 86 80 83 3 0 18 0.09 M M 14.6 22 90 M M 7 26 80
17 88 79 84 4 0 19 0.00 M M 13.4 16 40 M M 3 21 60
18 87 78 83 3 0 18 T M M 13.4 18 40 M M 4 8 23 50
19 88 75 82 2 0 17 0.09 M M 12.5 18 40 M M 3 8 22 40
20 88 78 83 3 0 18 0.11 M M 12.1 20 40 M M 5 8 29 30
21 88 79 84 4 0 19 T M M 12.7 21 70 M M 8 24 70
22 89 79 84 4 0 19 T M M 14.5 21 70 M M 6 25 80
23 88 77 83 3 0 18 0.04 M M 14.8 23 80 M M 4 28 90
24 89 78 84 4 0 19 0.03 M M 16.1 23 70 M M 4 8 28 80
25 88 76 82 2 0 17 0.14 M M 14.0 26 60 M M 5 8 34 70
26 88 79 84 4 0 19 0.01 M M 14.5 22 60 M M 4 26 50
27 88 78 83 3 0 18 0.04 M M 13.0 23 90 M M 5 8 27 80
28 88 79 84 4 0 19 T M M 13.1 17 60 M M 6 21 50
29 89 78 84 4 0 19 0.09 M M 14.8 31 70 M M 6 8 37 70
30 87 77 82 2 0 17 T M M 15.5 22 50 M M 5 26 70
31 87 77 82 2 0 17 T M M 16.9 23 50 M M 7 1 29 50
================================================================================
SM 2724 2417 0 562 0.89 M 462.0 M 153
================================================================================
AV 87.9 78.0 14.9 FASTST M M 5 MAX(MPH)
MISC ----> 31 70 37 70
================================================================================
NOTES:
# LAST OF SEVERAL OCCURRENCES
COLUMN 17 PEAK WIND IN M.P.H.
PRELIMINARY LOCAL CLIMATOLOGICAL DATA (WS FORM: F-6) , PAGE 2
STATION: LIHUE HI
MONTH: AUGUST
YEAR: 2023
LATITUDE: 21 58 N
LONGITUDE: 159 21 W
[TEMPERATURE DATA] [PRECIPITATION DATA] SYMBOLS USED IN COLUMN 16
AVERAGE MONTHLY: 82.9 TOTAL FOR MONTH: 0.89 1 = FOG OR MIST
DPTR FM NORMAL: 2.7 DPTR FM NORMAL: -1.44 2 = FOG REDUCING VISIBILITY
HIGHEST: 89 ON 29,24 GRTST 24HR 0.17 ON 24-25 TO 1/4 MILE OR LESS
LOWEST: 75 ON 19, 2 3 = THUNDER
SNOW, ICE PELLETS, HAIL 4 = ICE PELLETS
TOTAL MONTH: M 5 = HAIL
GRTST 24HR M ON M 6 = FREEZING RAIN OR DRIZZLE
GRTST DEPTH: M ON M 7 = DUSTSTORM OR SANDSTORM:
VSBY 1/2 MILE OR LESS
8 = SMOKE OR HAZE
[NO. OF DAYS WITH] [WEATHER - DAYS WITH] 9 = BLOWING SNOW
X = TORNADO
MAX 32 OR BELOW: 0 0.01 INCH OR MORE: 16
MAX 90 OR ABOVE: 0 0.10 INCH OR MORE: 3
MIN 32 OR BELOW: 0 0.50 INCH OR MORE: 0
MIN 0 OR BELOW: 0 1.00 INCH OR MORE: 0
[HDD (BASE 65) ]
TOTAL THIS MO. 0 CLEAR (SCALE 0-3) 3
DPTR FM NORMAL 0 PTCLDY (SCALE 4-7) 26
TOTAL FM JUL 1 0 CLOUDY (SCALE 8-10) 2
DPTR FM NORMAL 0
[CDD (BASE 65) ]
TOTAL THIS MO. 562
DPTR FM NORMAL 91 [PRESSURE DATA]
TOTAL FM JAN 1 2998 HIGHEST SLP 30.21 ON 8
DPTR FM NORMAL 364 LOWEST SLP 29.92 ON 27
[REMARKS]
#FINAL-08-23#