000
CXUS54 KLZK 011230
CF6LLQ
PRELIMINARY LOCAL CLIMATOLOGICAL DATA (WS FORM: F-6)
STATION: MONTICELLO
MONTH: OCTOBER
YEAR: 2022
LATITUDE: 33 37 N
LONGITUDE: 91 45 W
TEMPERATURE IN F: :PCPN: SNOW: WIND :SUNSHINE: SKY :PK WND
================================================================================
1 2 3 4 5 6A 6B 7 8 9 10 11 12 13 14 15 16 17 18
12Z AVG MX 2MIN
DY MAX MIN AVG DEP HDD CDD WTR SNW DPTH SPD SPD DIR MIN PSBL S-S WX SPD DR
================================================================================
1 81 46 64 -7 1 0 0.00 0.0 0 3.3 15 60 M M 0 18 19 60
2 84 48 66 -5 0 1 0.00 0.0 0 4.2 15 50 M M 0 21 40
3 84 53 69 -1 0 4 0.00 0.0 0 4.1 15 40 M M 0 22 50
4 82 51 67 -3 0 2 0.00 0.0 M 2.0 13 60 M M 0 17 110
5 84 48 66 -3 0 1 0.00 0.0 0 1.6 12 60 M M 0 1 18 50
6 90 51 71 2 0 6 0.00 0.0 0 3.7 13 290 M M 0 17 270
7 85 56 71 2 0 6 0.00 0.0 0 3.2 14 60 M M 0 18 60
8 77 53 65 -3 0 0 0.00 0.0 0 4.3 15 50 M M 0 20 50
9 80 47 64 -4 1 0 0.00 0.0 0 1.5 10 300 M M 0 13 310
10 85 54 70 3 0 5 0.00 0.0 0 2.2 8 160 M M 2 M M
11 85 59 72 5 0 7 T 0.0 0 M M M M M M M M
12 88 63 76 9 0 11 0.20 0.0 0 M M M M M M M M
13 77 53 65 -1 0 0 0.00 0.0 0 M M M M M M M M
14 85 48 67 1 0 2 0.00 0.0 0 M M M M M M M M
15 89 63 76 11 0 11 0.00 0.0 0 M M M M M M M M
16 76 61 69 4 0 4 0.00 0.0 0 M M M M M M M M
17 69 53 61 -4 4 0 0.00 0.0 0 M M M M M M M M
18 54 35 45 -19 20 0 0.00 0.0 0 M M M M M M M M
19 60 29 45 -19 20 0 0.00 0.0 0 3.2 13 200 M M 0 17 220
20 75 36 56 -7 9 0 0.00 0.0 0 4.6 15 170 M M 0 22 150
21 84 48 66 3 0 1 0.00 0.0 0 6.9 16 190 M M 0 22 200
22 82 61 72 9 0 7 0.00 0.0 0 10.5 20 170 M M 1 30 210
23 84 63 74 12 0 9 0.00 0.0 0 9.2 20 200 M M 2 27 150
24 84 65 75 13 0 10 0.00 0.0 0 10.4 20 180 M M 3 29 200
25 75 46 61 0 4 0 0.38 0.0 0 10.8 24 230 M M 6 1 35 260
26 70 41 56 -5 9 0 0.00 0.0 0 4.4 15 50 M M 0 21 50
27 72 40 56 -5 9 0 0.00 0.0 0 4.4 16 50 M M 0 19 50
28 73 47 60 0 5 0 0.00 0.0 0 4.8 13 40 M M 1 17 50
29 67 60 64 4 1 0 1.38 0.0 0 7.0 16 100 M M 9 123 22 110
30 67 59 63 3 2 0 0.01 0.0 0 5.4 12 210 M M 10 1 16 240
31 76 53 65 6 0 0 0.00 0.0 0 3.4 12 220 M M 4 128 15 250
================================================================================
SM 2424 1590 85 87 1.97 0.0 115.1 M 38
================================================================================
AV 78.2 51.3 5.0 FASTST M M 2 MAX(MPH)
MISC ----> 24 230 35 260
================================================================================
NOTES:
# LAST OF SEVERAL OCCURRENCES
COLUMN 17 PEAK WIND IN M.P.H.
PRELIMINARY LOCAL CLIMATOLOGICAL DATA (WS FORM: F-6) , PAGE 2
STATION: MONTICELLO
MONTH: OCTOBER
YEAR: 2022
LATITUDE: 33 37 N
LONGITUDE: 91 45 W
[TEMPERATURE DATA] [PRECIPITATION DATA] SYMBOLS USED IN COLUMN 16
AVERAGE MONTHLY: 64.7 TOTAL FOR MONTH: 1.97 1 = FOG OR MIST
DPTR FM NORMAL: -0.3 DPTR FM NORMAL: -2.31 2 = FOG REDUCING VISIBILITY
HIGHEST: 90 ON 6 GRTST 24HR 1.38 ON 29-29 TO 1/4 MILE OR LESS
LOWEST: 29 ON 19 3 = THUNDER
SNOW, ICE PELLETS, HAIL 4 = ICE PELLETS
TOTAL MONTH: 0.0 INCH 5 = HAIL
GRTST 24HR 0.0 6 = FREEZING RAIN OR DRIZZLE
GRTST DEPTH: 0 7 = DUSTSTORM OR SANDSTORM:
VSBY 1/2 MILE OR LESS
8 = SMOKE OR HAZE
[NO. OF DAYS WITH] [WEATHER - DAYS WITH] 9 = BLOWING SNOW
X = TORNADO
MAX 32 OR BELOW: 0 0.01 INCH OR MORE: 4
MAX 90 OR ABOVE: 1 0.10 INCH OR MORE: 3
MIN 32 OR BELOW: 1 0.50 INCH OR MORE: 1
MIN 0 OR BELOW: 0 1.00 INCH OR MORE: 1
[HDD (BASE 65) ]
TOTAL THIS MO. 85 CLEAR (SCALE 0-3) 19
DPTR FM NORMAL -23 PTCLDY (SCALE 4-7) 2
TOTAL FM JUL 1 88 CLOUDY (SCALE 8-10) 10
DPTR FM NORMAL -28
[CDD (BASE 65) ]
TOTAL THIS MO. 87
DPTR FM NORMAL -21 [PRESSURE DATA]
TOTAL FM JAN 1 2447 HIGHEST SLP 30.40 ON 8
DPTR FM NORMAL 146 LOWEST SLP 29.64 ON 25
[REMARKS]
#FINAL-10-22#