000
CXUS56 KMFR 010930
CF6LMT
PRELIMINARY LOCAL CLIMATOLOGICAL DATA (WS FORM: F-6)
STATION: KLAMATH FALLS OR
MONTH: MARCH
YEAR: 2024
LATITUDE: 42 9 N
LONGITUDE: 121 44 W
TEMPERATURE IN F: :PCPN: SNOW: WIND :SUNSHINE: SKY :PK WND
================================================================================
1 2 3 4 5 6A 6B 7 8 9 10 11 12 13 14 15 16 17 18
12Z AVG MX 2MIN
DY MAX MIN AVG DEP HDD CDD WTR SNW DPTH SPD SPD DIR MIN PSBL S-S WX SPD DR
================================================================================
1 41 26 34 -4 31 0 0.03 M M 15.0 32 230 M M 9 12 46 250
2 33 21 27 -11 38 0 0.01 M M 11.2 25 210 M M 8 18 34 220
3 30 18 24 -14 41 0 0.09 M M 6.8 18 270 M M 8 12 25 280
4 35 16 26 -12 39 0 0.01 M M 6.2 13 180 M M 9 1 17 180
5 39 30 35 -3 30 0 0.31 M M 4.4 13 270 M M 10 1 19 300
6 46 27 37 -1 28 0 T M M 4.9 13 340 M M 6 18 16 330
7 46 20 33 -5 32 0 0.00 M M 2.8 10 320 M M 1 14 300
8 52 19 36 -3 29 0 0.00 M M 8.0 20 150 M M 0 28 140
9 47 33 40 1 25 0 0.04 M M 14.6 28 250 M M 4 1 35 180
10 46 33 40 1 25 0 T M M 15.1 31 180 M M 9 1 42 170
11 44 32 38 -1 27 0 0.03 M M 7.9 21 250 M M 9 1 29 190
12 47 32 40 1 25 0 0.02 M M 10.8 26 280 M M 7 1 34 290
13 46 24 35 -4 30 0 0.00 M M 7.0 18 320 M M 3 23 310
14 53 27 40 1 25 0 0.00 M M 9.7 18 20 M M 0 23 20
15 59 26 43 3 22 0 0.00 M M 7.2 18 90 M M 0 26 60
16 62 21 42 2 23 0 0.00 M M 3.2 10 70 M M 0 12 80
17 67 22 45 5 20 0 0.00 M M 5.1 15 80 M M 0 19 80
18 68 27 48 8 17 0 0.00 M M 2.5 8 330 M M 0 11 250
19 68 27 48 8 17 0 0.00 M M 3.1 15 270 M M 0 20 270
20 63 27 45 5 20 0 0.00 M M 6.3 24 180 M M 2 32 180
21 60 31 46 6 19 0 0.00 M M 6.1 16 200 M M 4 1 23 200
22 54 36 45 5 20 0 0.38 M M 16.0 32 180 M M 7 18 46 180
23 49 32 41 1 24 0 T M M 13.3 26 260 M M 7 35 180
24 50 29 40 0 25 0 T M M 6.9 21 270 M M 6 1 27 290
25 48 26 37 -3 28 0 0.01 M M 10.0 24 300 M M 6 33 270
26 51 24 38 -2 27 0 0.00 M M 6.5 17 280 M M 4 29 250
27 45 32 39 -1 26 0 0.10 M M 11.9 30 180 M M 8 38 170
28 43 31 37 -3 28 0 0.01 M M 9.2 26 230 M M 9 8 36 220
29 48 28 38 -3 27 0 0.01 M M 8.3 22 140 M M 9 1 33 130
30 54 30 42 1 23 0 T M M 10.7 22 10 M M 6 31 30
31 54 24 39 -2 26 0 0.00 M M 8.2 23 320 M M 1 33 20
================================================================================
SM 1548 831 817 0 1.05 M 258.9 M 152
================================================================================
AV 49.9 26.8 8.4 FASTST M M 5 MAX(MPH)
MISC ----> # 32 230 # 46 250
================================================================================
NOTES:
# LAST OF SEVERAL OCCURRENCES
COLUMN 17 PEAK WIND IN M.P.H.
PRELIMINARY LOCAL CLIMATOLOGICAL DATA (WS FORM: F-6) , PAGE 2
STATION: KLAMATH FALLS OR
MONTH: MARCH
YEAR: 2024
LATITUDE: 42 9 N
LONGITUDE: 121 44 W
[TEMPERATURE DATA] [PRECIPITATION DATA] SYMBOLS USED IN COLUMN 16
AVERAGE MONTHLY: 38.4 TOTAL FOR MONTH: 1.05 1 = FOG OR MIST
DPTR FM NORMAL: -1.0 DPTR FM NORMAL: 0.02 2 = FOG REDUCING VISIBILITY
HIGHEST: 68 ON 19,18 GRTST 24HR 0.38 ON 22-22 TO 1/4 MILE OR LESS
LOWEST: 16 ON 4 3 = THUNDER
SNOW, ICE PELLETS, HAIL 4 = ICE PELLETS
TOTAL MONTH: M 5 = HAIL
GRTST 24HR M ON M 6 = FREEZING RAIN OR DRIZZLE
GRTST DEPTH: M ON M 7 = DUSTSTORM OR SANDSTORM:
VSBY 1/2 MILE OR LESS
8 = SMOKE OR HAZE
[NO. OF DAYS WITH] [WEATHER - DAYS WITH] 9 = BLOWING SNOW
X = TORNADO
MAX 32 OR BELOW: 1 0.01 INCH OR MORE: 13
MAX 90 OR ABOVE: 0 0.10 INCH OR MORE: 3
MIN 32 OR BELOW: 28 0.50 INCH OR MORE: 0
MIN 0 OR BELOW: 0 1.00 INCH OR MORE: 0
[HDD (BASE 65) ]
TOTAL THIS MO. 817 CLEAR (SCALE 0-3) 11
DPTR FM NORMAL 23 PTCLDY (SCALE 4-7) 12
TOTAL FM JUL 1 5026 CLOUDY (SCALE 8-10) 8
DPTR FM NORMAL -414
[CDD (BASE 65) ]
TOTAL THIS MO. 0
DPTR FM NORMAL 0 [PRESSURE DATA]
TOTAL FM JAN 1 0 HIGHEST SLP M ON M
DPTR FM NORMAL 0 LOWEST SLP 29.32 ON 1
[REMARKS]
#FINAL-03-24#