608
CXUS56 KMFR 011000
CF6LMT
PRELIMINARY LOCAL CLIMATOLOGICAL DATA (WS FORM: F-6)
STATION: KLAMATH FALLS OR
MONTH: AUGUST
YEAR: 2020
LATITUDE: 42 9 N
LONGITUDE: 121 44 W
TEMPERATURE IN F: :PCPN: SNOW: WIND :SUNSHINE: SKY :PK WND
================================================================================
1 2 3 4 5 6A 6B 7 8 9 10 11 12 13 14 15 16 17 18
12Z AVG MX 2MIN
DY MAX MIN AVG DEP HDD CDD WTR SNW DPTH SPD SPD DIR MIN PSBL S-S WX SPD DR
================================================================================
1 90 50 70 3 0 5 0.00 M M 5.4 18 320 M M 0 22 330
2 88 45 67 0 0 2 0.00 M M 5.9 20 330 M M 0 26 320
3 87 45 66 -1 0 1 0.00 M M 5.9 21 320 M M 0 24 330
4 90 50 70 3 0 5 0.00 M M 4.7 20 330 M M 0 18 22 330
5 88 51 70 3 0 5 0.25 M M 5.6 38 140 M M 3 3 48 140
6 77 51 64 -3 1 0 0.00 M M 8.6 28 330 M M 1 8 32 330
7 81 40 61 -6 4 0 0.00 M M 4.5 14 330 M M 0 17 330
8 88 43 66 0 0 1 0.00 M M 5.7 22 330 M M 0 26 330
9 88 48 68 2 0 3 0.00 M M 6.6 17 330 M M 0 20 330
10 91 55 73 7 0 8 0.00 M M 6.9 18 330 M M 0 23 340
11 90 49 70 4 0 5 0.00 M M 6.9 23 280 M M 0 8 27 270
12 84 43 64 -2 1 0 0.00 M M 5.0 21 290 M M 0 8 26 290
13 87 42 65 -1 0 0 0.00 M M 4.9 20 340 M M 0 24 330
14 92 45 69 3 0 4 0.00 M M 4.6 15 340 M M 0 8 17 340
15 98 55 77 12 0 12 0.00 M M 5.9 20 180 M M 0 25 180
16 87 53 70 5 0 5 T M M 4.8 25 190 M M 2 29 200
17 84 54 69 4 0 4 T M M 6.7 24 150 M M 1 32 150
18 93 58 76 11 0 11 0.00 M M 4.7 18 320 M M 0 22 330
19 88 51 70 6 0 5 0.00 M M 4.6 18 330 M M 2 23 330
20 86 46 66 2 0 1 0.00 M M 5.2 18 300 M M 1 24 280
21 86 45 66 2 0 1 0.00 M M 6.1 23 280 M M 1 28 280
22 89 45 67 3 0 2 0.00 M M 3.8 16 340 M M 1 128 19 340
23 90 46 68 4 0 3 0.00 M M 2.8 13 340 M M 6 18 14 290
24 84 53 69 6 0 4 T M M 3.2 16 280 M M 6 8 19 270
25 86 52 69 6 0 4 0.00 M M 5.5 21 340 M M 3 138 24 330
26 85 47 66 3 0 1 T M M 4.8 17 330 M M 0 8 21 340
27 86 49 68 5 0 3 T M M 5.3 18 330 M M 1 8 22 340
28 90 47 69 7 0 4 0.00 M M 4.9 14 320 M M 0 17 320
29 89 45 67 5 0 2 0.00 M M 5.8 21 290 M M 0 26 270
30 81 41 61 -1 4 0 0.00 M M 6.6 20 320 M M 0 22 320
31 84 41 63 1 2 0 0.00 M M 8.3 21 320 M M 0 24 320
================================================================================
SM 2707 1485 12 101 0.25 M 170.2 M 28
================================================================================
AV 87.3 47.9 5.5 FASTST M M 1 MAX(MPH)
MISC ----> # 38 140 # 48 140
================================================================================
NOTES:
# LAST OF SEVERAL OCCURRENCES
COLUMN 17 PEAK WIND IN M.P.H.
PRELIMINARY LOCAL CLIMATOLOGICAL DATA (WS FORM: F-6) , PAGE 2
STATION: KLAMATH FALLS OR
MONTH: AUGUST
YEAR: 2020
LATITUDE: 42 9 N
LONGITUDE: 121 44 W
[TEMPERATURE DATA] [PRECIPITATION DATA] SYMBOLS USED IN COLUMN 16
AVERAGE MONTHLY: 67.6 TOTAL FOR MONTH: 0.25 1 = FOG OR MIST
DPTR FM NORMAL: 2.7 DPTR FM NORMAL: -0.18 2 = FOG REDUCING VISIBILITY
HIGHEST: 98 ON 15 GRTST 24HR 0.25 ON 5- 5 TO 1/4 MILE OR LESS
LOWEST: 40 ON 7 3 = THUNDER
SNOW, ICE PELLETS, HAIL 4 = ICE PELLETS
TOTAL MONTH: M 5 = HAIL
GRTST 24HR M ON M 6 = FREEZING RAIN OR DRIZZLE
GRTST DEPTH: M ON M 7 = DUSTSTORM OR SANDSTORM:
VSBY 1/2 MILE OR LESS
8 = SMOKE OR HAZE
[NO. OF DAYS WITH] [WEATHER - DAYS WITH] 9 = BLOWING SNOW
X = TORNADO
MAX 32 OR BELOW: 0 0.01 INCH OR MORE: 1
MAX 90 OR ABOVE: 9 0.10 INCH OR MORE: 1
MIN 32 OR BELOW: 0 0.50 INCH OR MORE: 0
MIN 0 OR BELOW: 0 1.00 INCH OR MORE: 0
[HDD (BASE 65) ]
TOTAL THIS MO. 12 CLEAR (SCALE 0-3) 29
DPTR FM NORMAL -57 PTCLDY (SCALE 4-7) 2
TOTAL FM JUL 1 68 CLOUDY (SCALE 8-10) 0
DPTR FM NORMAL -51
[CDD (BASE 65) ]
TOTAL THIS MO. 101
DPTR FM NORMAL 36 [PRESSURE DATA]
TOTAL FM JAN 1 259 HIGHEST SLP 30.22 ON 9
DPTR FM NORMAL 100 LOWEST SLP 29.85 ON 15
[REMARKS]
#FINAL-08-20#