000
CXUS55 KRIW 011010
CF6LND
PRELIMINARY LOCAL CLIMATOLOGICAL DATA (WS FORM: F-6)
STATION: LANDER WY
MONTH: AUGUST
YEAR: 2021
LATITUDE: 42 49 N
LONGITUDE: 108 44 W
TEMPERATURE IN F: :PCPN: SNOW: WIND :SUNSHINE: SKY :PK WND
================================================================================
1 2 3 4 5 6A 6B 7 8 9 10 11 12 13 14 15 16 17 18
12Z AVG MX 2MIN
DY MAX MIN AVG DEP HDD CDD WTR SNW DPTH SPD SPD DIR MIN PSBL S-S WX SPD DR
================================================================================
1 84 54 69 -4 0 4 0.00 0.0 0 2.8 13 230 M M 0 15 250
2 89 58 74 1 0 9 T 0.0 0 5.0 16 350 M M 2 22 340
3 77 63 70 -2 0 5 T 0.0 0 6.8 14 240 M M 6 3 18 310
4 86 54 70 -2 0 5 0.00 0.0 0 5.0 20 50 M M 0 8 28 60
5 92 57 75 3 0 10 T 0.0 0 5.5 40 260 M M 1 56 250
6 80 54 67 -5 0 2 0.01 0.0 0 9.1 25 330 M M 2 38 35 320
7 85 52 69 -3 0 4 0.00 0.0 0 5.8 12 240 M M 1 8 16 80
8 93 57 75 3 0 10 0.00 0.0 0 6.8 23 250 M M 0 8 37 190
9 87 53 70 -2 0 5 0.00 0.0 0 7.8 18 330 M M 0 8 25 300
10 90 49 70 -1 0 5 0.00 0.0 0 7.6 23 310 M M 0 31 320
11 94 53 74 3 0 9 0.00 0.0 0 5.3 15 240 M M 0 22 290
12 91 59 75 4 0 10 0.00 0.0 0 6.1 14 240 M M 0 18 230
13 89 56 73 2 0 8 0.00 0.0 0 6.7 15 250 M M 0 20 250
14 95 58 77 6 0 12 0.03 0.0 0 6.5 39 250 M M 1 3 53 250
15 85 58 72 2 0 7 0.01 0.0 0 10.1 47 300 M M 1 79 280
16 95 57 76 6 0 11 0.00 0.0 0 6.6 18 280 M M 0 24 280
17 93 60 77 7 0 12 0.00 0.0 0 9.7 35 220 M M 0 8 52 240
18 77 51 64 -6 1 0 0.18 0.0 0 7.4 22 10 M M 6 1 27 20
19 67 50 59 -10 6 0 0.25 0.0 0 6.3 24 200 M M 7 1 46 190
20 69 46 58 -11 7 0 0.00 0.0 0 5.6 36 190 M M 4 13 46 190
21 81 44 63 -6 2 0 0.14 0.0 0 8.9 29 180 M M 3 13 40 180
22 77 47 62 -6 3 0 T 0.0 0 5.9 25 170 M M 2 8 32 170
23 87 47 67 -1 0 2 0.00 0.0 0 10.9 28 260 M M 0 8 39 230
24 81 53 67 -1 0 2 0.00 0.0 0 5.8 15 320 M M 0 19 360
25 88 51 70 2 0 5 0.00 0.0 0 8.9 28 230 M M 0 37 240
26 86 57 72 5 0 7 0.00 0.0 0 8.5 25 260 M M 0 36 310
27 84 51 68 1 0 3 0.00 0.0 0 4.9 14 270 M M 0 23 280
28 75 50 63 -4 2 0 0.00 0.0 0 7.3 14 20 M M 0 17 20
29 80 44 62 -4 3 0 0.00 0.0 0 4.2 13 240 M M 0 15 250
30 87 47 67 1 0 2 0.00 0.0 0 5.9 16 230 M M 2 8 19 230
31 87 53 70 4 0 5 0.00 0.0 0 8.1 25 210 M M 5 8 35 220
================================================================================
SM 2631 1643 24 154 0.62 0.0 211.8 M 43
================================================================================
AV 84.9 53.0 6.8 FASTST M M 1 MAX(MPH)
MISC ----> 47 300 79 280
================================================================================
NOTES:
# LAST OF SEVERAL OCCURRENCES
COLUMN 17 PEAK WIND IN M.P.H.
PRELIMINARY LOCAL CLIMATOLOGICAL DATA (WS FORM: F-6) , PAGE 2
STATION: LANDER WY
MONTH: AUGUST
YEAR: 2021
LATITUDE: 42 49 N
LONGITUDE: 108 44 W
[TEMPERATURE DATA] [PRECIPITATION DATA] SYMBOLS USED IN COLUMN 16
AVERAGE MONTHLY: 68.9 TOTAL FOR MONTH: 0.62 1 = FOG OR MIST
DPTR FM NORMAL: -0.9 DPTR FM NORMAL: 0.10 2 = FOG REDUCING VISIBILITY
HIGHEST: 95 ON 16,14 GRTST 24HR 0.27 ON 18-18 TO 1/4 MILE OR LESS
LOWEST: 44 ON 29,21 3 = THUNDER
SNOW, ICE PELLETS, HAIL 4 = ICE PELLETS
TOTAL MONTH: 0.0 INCH 5 = HAIL
GRTST 24HR 0.0 6 = FREEZING RAIN OR DRIZZLE
GRTST DEPTH: 0 7 = DUSTSTORM OR SANDSTORM:
VSBY 1/2 MILE OR LESS
8 = SMOKE OR HAZE
[NO. OF DAYS WITH] [WEATHER - DAYS WITH] 9 = BLOWING SNOW
X = TORNADO
MAX 32 OR BELOW: 0 0.01 INCH OR MORE: 6
MAX 90 OR ABOVE: 8 0.10 INCH OR MORE: 3
MIN 32 OR BELOW: 0 0.50 INCH OR MORE: 0
MIN 0 OR BELOW: 0 1.00 INCH OR MORE: 0
[HDD (BASE 65) ]
TOTAL THIS MO. 24 CLEAR (SCALE 0-3) 25
DPTR FM NORMAL -1 PTCLDY (SCALE 4-7) 6
TOTAL FM JUL 1 24 CLOUDY (SCALE 8-10) 0
DPTR FM NORMAL -13
[CDD (BASE 65) ]
TOTAL THIS MO. 154
DPTR FM NORMAL -20 [PRESSURE DATA]
TOTAL FM JAN 1 639 HIGHEST SLP 30.29 ON 1
DPTR FM NORMAL 187 LOWEST SLP 29.50 ON 17
[REMARKS]
#FINAL-08-21#