000
CXUS53 KOAX 011000
CF6LNK
PRELIMINARY LOCAL CLIMATOLOGICAL DATA (WS FORM: F-6)
STATION: LINCOLN NE
MONTH: JULY
YEAR: 2020
LATITUDE: 40 50 N
LONGITUDE: 96 45 W
TEMPERATURE IN F: :PCPN: SNOW: WIND :SUNSHINE: SKY :PK WND
================================================================================
1 2 3 4 5 6A 6B 7 8 9 10 11 12 13 14 15 16 17 18
12Z AVG MX 2MIN
DY MAX MIN AVG DEP HDD CDD WTR SNW DPTH SPD SPD DIR MIN PSBL S-S WX SPD DR
================================================================================
1 88 67 78 1 0 13 2.02 0.0 0 5.5 23 350 M M 2 13 31 340
2 88 68 78 1 0 13 0.00 0.0 0 7.3 16 130 M M 2 23 60
3 90 72 81 4 0 16 0.00 0.0 0 5.7 14 70 M M 1 8 17 70
4 89 68 79 2 0 14 0.00 0.0 0 5.3 15 130 M M 2 18 18 130
5 89 69 79 2 0 14 0.00 0.0 0 6.8 15 160 M M 2 18 22 170
6 90 68 79 2 0 14 T 0.0 0 6.3 29 170 M M 1 18 35 170
7 91 69 80 3 0 15 T 0.0 0 8.0 20 190 M M 1 24 340
8 93 70 82 4 0 17 0.00 0.0 0 13.5 37 260 M M 0 3 48 260
9 87 65 76 -2 0 11 0.57 0.0 0 9.2 45 290 M M 1 13 66 250
10 90 64 77 -1 0 12 T 0.0 0 6.0 20 210 M M 0 3 27 190
11 89 64 77 -1 0 12 0.33 0.0 0 9.7 37 350 M M 0 3 49 360
12 85 61 73 -5 0 8 0.00 0.0 0 5.9 15 90 M M 0 19 90
13 91 65 78 0 0 13 0.00 0.0 0 12.7 23 180 M M 0 31 180
14 90 70 80 2 0 15 T 0.0 0 9.2 21 360 M M 1 25 10
15 79 64 72 -6 0 7 0.08 0.0 0 6.8 16 360 M M 7 3 20 20
16 88 62 75 -3 0 10 0.00 0.0 0 6.9 16 150 M M 5 12 28 150
17 92 71 82 4 0 17 0.00 0.0 0 11.6 21 180 M M 1 29 170
18 96 78 87 9 0 22 0.00 0.0 0 14.6 24 210 M M 0 33 200
19 89 73 81 3 0 16 T 0.0 0 7.3 17 350 M M 3 22 350
20 83 67 75 -3 0 10 0.63 0.0 0 7.5 18 60 M M 5 13 24 200
21 87 69 78 0 0 13 1.56 0.0 0 4.7 18 190 M M 5 13 25 120
22 85 66 76 -2 0 11 0.00 0.0 0 6.3 14 120 M M 1 21 140
23 91 71 81 3 0 16 0.00 0.0 0 11.0 22 160 M M 1 28 160
24 91 75 83 5 0 18 0.00 0.0 0 13.3 23 160 M M 1 31 170
25 92 76 84 6 0 19 0.00 0.0 0 13.7 25 180 M M 1 35 170
26 89 73 81 3 0 16 0.28 0.0 0 9.1 25 40 M M 5 13 35 40
27 86 64 75 -3 0 10 T 0.0 0 6.9 17 50 M M 3 24 60
28 87 60 74 -4 0 9 0.00 0.0 0 5.9 16 210 M M 2 21 200
29 81 71 76 -1 0 11 0.23 0.0 0 6.2 18 110 M M 5 13 24 120
30 82 65 74 -3 0 9 0.03 0.0 0 12.0 23 40 M M 5 1 30 10
31 82 61 72 -5 0 7 0.00 0.0 0 8.4 15 360 M M 1 18 10
================================================================================
SM 2730 2106 0 408 5.73 0.0 263.3 M 64
================================================================================
AV 88.1 67.9 8.5 FASTST M M 2 MAX(MPH)
MISC ----> # 45 290 # 66 250
================================================================================
NOTES:
# LAST OF SEVERAL OCCURRENCES
COLUMN 17 PEAK WIND IN M.P.H.
PRELIMINARY LOCAL CLIMATOLOGICAL DATA (WS FORM: F-6) , PAGE 2
STATION: LINCOLN NE
MONTH: JULY
YEAR: 2020
LATITUDE: 40 50 N
LONGITUDE: 96 45 W
[TEMPERATURE DATA] [PRECIPITATION DATA] SYMBOLS USED IN COLUMN 16
AVERAGE MONTHLY: 78.0 TOTAL FOR MONTH: 5.73 1 = FOG OR MIST
DPTR FM NORMAL: 0.4 DPTR FM NORMAL: 2.33 2 = FOG REDUCING VISIBILITY
HIGHEST: 96 ON 18 GRTST 24HR 2.02 ON 1- 1 TO 1/4 MILE OR LESS
LOWEST: 60 ON 28 3 = THUNDER
SNOW, ICE PELLETS, HAIL 4 = ICE PELLETS
TOTAL MONTH: 0.0 INCH 5 = HAIL
GRTST 24HR 0.0 6 = FREEZING RAIN OR DRIZZLE
GRTST DEPTH: 0 7 = DUSTSTORM OR SANDSTORM:
VSBY 1/2 MILE OR LESS
8 = SMOKE OR HAZE
[NO. OF DAYS WITH] [WEATHER - DAYS WITH] 9 = BLOWING SNOW
X = TORNADO
MAX 32 OR BELOW: 0 0.01 INCH OR MORE: 9
MAX 90 OR ABOVE: 12 0.10 INCH OR MORE: 7
MIN 32 OR BELOW: 0 0.50 INCH OR MORE: 4
MIN 0 OR BELOW: 0 1.00 INCH OR MORE: 2
[HDD (BASE 65) ]
TOTAL THIS MO. 0 CLEAR (SCALE 0-3) 23
DPTR FM NORMAL -1 PTCLDY (SCALE 4-7) 8
TOTAL FM JUL 1 0 CLOUDY (SCALE 8-10) 0
DPTR FM NORMAL -1
[CDD (BASE 65) ]
TOTAL THIS MO. 408
DPTR FM NORMAL 18 [PRESSURE DATA]
TOTAL FM JAN 1 839 HIGHEST SLP 30.11 ON 11
DPTR FM NORMAL 128 LOWEST SLP 29.60 ON 9
[REMARKS]
#FINAL-07-20#