000
CXUS53 KJKL 011310
CF6LOZ
PRELIMINARY LOCAL CLIMATOLOGICAL DATA (WS FORM: F-6)
STATION: LONDON KY
MONTH: AUGUST
YEAR: 2023
LATITUDE: 37 4 N
LONGITUDE: 84 5 W
TEMPERATURE IN F: :PCPN: SNOW: WIND :SUNSHINE: SKY :PK WND
================================================================================
1 2 3 4 5 6A 6B 7 8 9 10 11 12 13 14 15 16 17 18
12Z AVG MX 2MIN
DY MAX MIN AVG DEP HDD CDD WTR SNW DPTH SPD SPD DIR MIN PSBL S-S WX SPD DR
================================================================================
1 82 61 72 -4 0 7 0.00 M M 4.9 12 30 M M 0 22 360
2 81 59 70 -6 0 5 T M M 2.5 9 250 M M 4 12 270
3 76 69 73 -3 0 8 0.51 M M 6.0 17 260 M M 9 1 22 250
4 85 68 77 1 0 12 0.00 M M 2.0 9 30 M M 5 1 15 30
5 87 63 75 -1 0 10 0.00 M M 2.8 12 240 M M 1 1 17 250
6 88 72 80 4 0 15 0.12 M M 5.8 15 270 M M 5 1 22 280
7 87 69 78 2 0 13 0.19 M M 10.5 23 240 M M 6 13 31 190
8 79 65 72 -4 0 7 T M M 5.5 14 260 M M 7 19 250
9 83 63 73 -3 0 8 T M M 5.0 13 230 M M 3 1 19 220
10 82 67 75 -1 0 10 2.02 M M 5.9 16 280 M M 7 13 26 320
11 86 65 76 0 0 11 0.00 M M 2.1 10 270 M M 4 1 14 230
12 83 66 75 -1 0 10 0.23 M M 4.2 21 240 M M 1 13 29 260
13 88 68 78 2 0 13 0.12 M M 3.5 10 270 M M 3 1 17 250
14 84 71 78 2 0 13 0.42 M M 5.4 15 260 M M 5 13 21 260
15 80 63 72 -4 0 7 0.00 M M 6.8 18 260 M M 5 24 280
16 77 62 70 -5 0 5 0.00 M M 1.8 10 10 M M 8 14 360
17 82 60 71 -4 0 6 0.00 M M 4.8 17 260 M M 6 12 23 250
18 80 61 71 -4 0 6 0.00 M M 4.0 13 340 M M 1 18 330
19 83 55 69 -6 0 4 0.00 M M 1.7 8 90 M M 0 13 130
20 88 61 75 0 0 10 0.00 M M 2.6 10 200 M M 0 1 16 170
21 90 67 79 4 0 14 0.00 M M 1.1 8 260 M M 1 1 11 270
22 91 69 80 5 0 15 0.00 M M 3.1 13 20 M M 4 12 18 40
23 92 67 80 5 0 15 0.00 M M 1.5 8 270 M M 0 17 40
24 89 70 80 5 0 15 T M M 2.5 13 200 M M 1 1 17 190
25 94 69 82 8 0 17 0.05 M M 5.3 26 20 M M 2 123 42 30
26 87 69 78 4 0 13 0.00 M M 3.5 9 260 M M 2 1 13 310
27 75 70 73 -1 0 8 0.05 M M 5.1 15 10 M M 7 1 18 20
28 78 67 73 -1 0 8 0.03 M M 4.9 12 30 M M 8 1 17 50
29 76 65 71 -3 0 6 0.27 M M 2.5 10 270 M M 9 123 19 210
30 79 61 70 -4 0 5 0.00 M M 5.6 15 20 M M 6 12 21 20
31 73 58 66 -7 0 1 0.00 M M 5.9 14 30 M M 5 19 10
================================================================================
SM 2585 2020 0 297 4.01 M 128.8 M 125
================================================================================
AV 83.4 65.2 4.2 FASTST M M 4 MAX(MPH)
MISC ----> 26 20 42 30
================================================================================
NOTES:
# LAST OF SEVERAL OCCURRENCES
COLUMN 17 PEAK WIND IN M.P.H.
PRELIMINARY LOCAL CLIMATOLOGICAL DATA (WS FORM: F-6) , PAGE 2
STATION: LONDON KY
MONTH: AUGUST
YEAR: 2023
LATITUDE: 37 4 N
LONGITUDE: 84 5 W
[TEMPERATURE DATA] [PRECIPITATION DATA] SYMBOLS USED IN COLUMN 16
AVERAGE MONTHLY: 74.3 TOTAL FOR MONTH: 4.01 1 = FOG OR MIST
DPTR FM NORMAL: -0.9 DPTR FM NORMAL: 0.04 2 = FOG REDUCING VISIBILITY
HIGHEST: 94 ON 25 GRTST 24HR 2.02 ON 10-10 TO 1/4 MILE OR LESS
LOWEST: 55 ON 19 3 = THUNDER
SNOW, ICE PELLETS, HAIL 4 = ICE PELLETS
TOTAL MONTH: M 5 = HAIL
GRTST 24HR M ON M 6 = FREEZING RAIN OR DRIZZLE
GRTST DEPTH: M ON M 7 = DUSTSTORM OR SANDSTORM:
VSBY 1/2 MILE OR LESS
8 = SMOKE OR HAZE
[NO. OF DAYS WITH] [WEATHER - DAYS WITH] 9 = BLOWING SNOW
X = TORNADO
MAX 32 OR BELOW: 0 0.01 INCH OR MORE: 11
MAX 90 OR ABOVE: 4 0.10 INCH OR MORE: 8
MIN 32 OR BELOW: 0 0.50 INCH OR MORE: 2
MIN 0 OR BELOW: 0 1.00 INCH OR MORE: 1
[HDD (BASE 65) ]
TOTAL THIS MO. 0 CLEAR (SCALE 0-3) 12
DPTR FM NORMAL -1 PTCLDY (SCALE 4-7) 15
TOTAL FM JUL 1 0 CLOUDY (SCALE 8-10) 4
DPTR FM NORMAL 0
[CDD (BASE 65) ]
TOTAL THIS MO. 297
DPTR FM NORMAL -20 [PRESSURE DATA]
TOTAL FM JAN 1 894 HIGHEST SLP 30.19 ON 21
DPTR FM NORMAL -146 LOWEST SLP 29.71 ON 10
[REMARKS]
#FINAL-08-23#