000
CXUS54 KCRP 021745
CF6LRD
PRELIMINARY LOCAL CLIMATOLOGICAL DATA (WS FORM: F-6)
STATION: LAREDO
MONTH: JANUARY
YEAR: 2024
LATITUDE: 27 31 N
LONGITUDE: 99 28 W
TEMPERATURE IN F: :PCPN: SNOW: WIND :SUNSHINE: SKY :PK WND
================================================================================
1 2 3 4 5 6A 6B 7 8 9 10 11 12 13 14 15 16 17 18
12Z AVG MX 2MIN
DY MAX MIN AVG DEP HDD CDD WTR SNW DPTH SPD SPD DIR MIN PSBL S-S WX SPD DR
================================================================================
1 65 50 58 2 7 0 0.00 0.0 0 M M M M M 6 8 M M
2 58 51 55 -1 10 0 0.01 0.0 0 8.2 10 330 M M 10 1 M M
3 67 46 57 1 8 0 T 0.0 0 M M M M M 4 1 M M
4 65 41 53 -3 12 0 T 0.0 0 M M M M M 7 M M
5 73 47 60 4 5 0 0.00 0.0 0 M M M M M 3 M M
6 74 42 58 2 7 0 0.00 0.0 0 M M M M M 0 M M
7 74 45 60 4 5 0 0.00 0.0 0 M M M M M 3 M M
8 88 58 73 17 0 8 0.00 0.0 0 M M M M M 2 M M
9 65 44 55 -1 10 0 0.00 0.0 0 M M M M M 0 M M
10 74 43 59 3 6 0 0.00 0.0 0 M M M M M 0 M M
11 84 43 64 8 1 0 0.00 0.0 0 M M M M M 0 12 M M
12 68 46 57 0 8 0 0.00 0.0 0 M M M M M 2 8 M M
13 72 37 55 -2 10 0 0.00 0.0 90 M M M M M 0 M M
14 69 33 51 -6 14 0 0.00 0.0 0 M M M M M 3 18 M M
15 40 29 35 -22 30 0 T T 0 M M M M M 10 146 M M
16 40 24 32 -25 33 0 0.00 0.0 0 M M M M M 1 M M
17 54 24 39 -18 26 0 0.00 0.0 0 M M M M M 0 M M
18 72 36 54 -4 11 0 0.00 0.0 0 M M M M M 0 M M
19 63 45 54 -4 11 0 0.00 0.0 0 M M M M M 4 8 M M
20 45 36 41 -17 24 0 T 0.0 0 M M M M M 9 8 M M
21 44 37 41 -17 24 0 0.06 0.0 0 M M M M M 10 1 M M
22 73 43 58 0 7 0 0.25 0.0 0 M M M M M 5 1 M M
23 65 55 60 2 5 0 0.05 0.0 0 M M M M M 10 12 M M
24 65 57 61 2 4 0 0.05 0.0 0 M M M M M 10 12 M M
25 77 50 64 5 1 0 0.02 0.0 0 M M M M M 2 12 M M
26 75 55 65 6 0 0 0.00 0.0 0 M M M M M 5 M M
27 70 50 60 1 5 0 0.00 0.0 0 M M M M M 3 18 M M
28 72 41 57 -2 8 0 0.00 0.0 0 M M M M M 0 M M
29 74 42 58 -2 7 0 0.00 0.0 0 M M M M M 0 M M
30 75 51 63 3 2 0 0.00 0.0 0 M M M M M 0 M M
31 77 50 64 4 1 0 0.00 0.0 0 M M M M M 1 M M
================================================================================
SM 2077 1351 302 8 0.44 T 8.2 M 110
================================================================================
AV 67.0 43.6 8.2 FASTST M M 4 MAX(MPH)
MISC ----> 10 330 M M
================================================================================
NOTES:
# LAST OF SEVERAL OCCURRENCES
COLUMN 17 PEAK WIND IN M.P.H.
PRELIMINARY LOCAL CLIMATOLOGICAL DATA (WS FORM: F-6) , PAGE 2
STATION: LAREDO
MONTH: JANUARY
YEAR: 2024
LATITUDE: 27 31 N
LONGITUDE: 99 28 W
[TEMPERATURE DATA] [PRECIPITATION DATA] SYMBOLS USED IN COLUMN 16
AVERAGE MONTHLY: 55.3 TOTAL FOR MONTH: 0.44 1 = FOG OR MIST
DPTR FM NORMAL: -2.2 DPTR FM NORMAL: -0.46 2 = FOG REDUCING VISIBILITY
HIGHEST: 88 ON 8 GRTST 24HR 2.11 ON 24-25 TO 1/4 MILE OR LESS
LOWEST: 24 ON 17,16 3 = THUNDER
SNOW, ICE PELLETS, HAIL 4 = ICE PELLETS
TOTAL MONTH: T 5 = HAIL
GRTST 24HR T ON 15-15 6 = FREEZING RAIN OR DRIZZLE
GRTST DEPTH: 90 ON 13 7 = DUSTSTORM OR SANDSTORM:
VSBY 1/2 MILE OR LESS
8 = SMOKE OR HAZE
[NO. OF DAYS WITH] [WEATHER - DAYS WITH] 9 = BLOWING SNOW
X = TORNADO
MAX 32 OR BELOW: 0 0.01 INCH OR MORE: 6
MAX 90 OR ABOVE: 0 0.10 INCH OR MORE: 1
MIN 32 OR BELOW: 3 0.50 INCH OR MORE: 0
MIN 0 OR BELOW: 0 1.00 INCH OR MORE: 0
[HDD (BASE 65) ]
TOTAL THIS MO. 302 CLEAR (SCALE 0-3) 17
DPTR FM NORMAL 40 PTCLDY (SCALE 4-7) 8
TOTAL FM JUL 1 545 CLOUDY (SCALE 8-10) 6
DPTR FM NORMAL -63
[CDD (BASE 65) ]
TOTAL THIS MO. 8
DPTR FM NORMAL -20 [PRESSURE DATA]
TOTAL FM JAN 1 8 HIGHEST SLP 30.56 ON 16
DPTR FM NORMAL -20 LOWEST SLP 29.44 ON 8
[REMARKS]
#FINAL-01-24#