000
CXUS54 KCRP 050434
CF6LRD
PRELIMINARY LOCAL CLIMATOLOGICAL DATA (WS FORM: F-6)
STATION: LAREDO
MONTH: FEBRUARY
YEAR: 2020
LATITUDE: 27 31 N
LONGITUDE: 99 28 W
TEMPERATURE IN F: :PCPN: SNOW: WIND :SUNSHINE: SKY :PK WND
================================================================================
1 2 3 4 5 6A 6B 7 8 9 10 11 12 13 14 15 16 17 18
12Z AVG MX 2MIN
DY MAX MIN AVG DEP HDD CDD WTR SNW DPTH SPD SPD DIR MIN PSBL S-S WX SPD DR
================================================================================
1 72 40 56 -2 9 0 0.00 0.0 0 M M M M M 0 M M
2 81 43 62 3 3 0 0.00 0.0 0 M M M M M 0 M M
3 75 61 68 9 0 3 T 0.0 0 M M M M M 2 M M
4 87 57 72 13 0 7 0.00 0.0 0 M M M M M 0 1 M M
5 69 43 56 -3 9 0 T 0.0 0 M M M M M 6 1 M M
6 69 35 52 -7 13 0 0.00 0.0 0 M M M M M 1 M M
7 83 45 64 4 1 0 0.00 0.0 0 M M M M M 0 M M
8 84 54 69 9 0 4 0.00 0.0 0 M M M M M 2 M M
9 90 68 79 19 0 14 0.00 0.0 0 M M M M M 6 M M
10 88 64 76 16 0 11 0.00 0.0 0 M M M M M 3 8 M M
11 64 49 57 -3 8 0 0.01 0.0 0 M M M M M 10 18 M M
12 69 48 59 -2 6 0 0.01 0.0 0 M M M M M 7 1 M M
13 68 45 57 -4 8 0 0.00 0.0 0 M M M M M 0 M M
14 66 38 52 -9 13 0 0.00 0.0 0 M M M M M 1 M M
15 74 50 62 1 3 0 0.00 0.0 0 M M M M M 7 M M
16 83 53 68 7 0 3 T 0.0 0 M M M M M 3 12 M M
17 90 64 77 15 0 12 0.00 0.0 0 M M M M M 3 M M
18 86 60 73 11 0 8 T 0.0 0 M M M M M 5 M M
19 60 53 57 -5 8 0 T 0.0 0 M M M M M 10 1 M M
20 54 48 51 -11 14 0 0.08 0.0 0 M M M M M 10 1 M M
21 60 46 53 -10 12 0 0.00 0.0 0 M M M M M 7 M M
22 63 45 54 -9 11 0 0.00 0.0 0 M M M M M 7 M M
23 81 59 70 7 0 5 0.00 0.0 0 M M M M M 6 M M
24 83 61 72 9 0 7 0.00 0.0 0 M M M M M 1 M M
25 80 54 67 3 0 2 0.00 0.0 0 M M M M M 1 M M
26 60 42 51 -13 14 0 0.00 0.0 0 M M M M M 4 M M
27 67 34 51 -13 14 0 0.00 0.0 0 M M M M M 0 M M
28 77 44 61 -3 4 0 0.00 0.0 0 M M M M M 0 M M
29 81 52 67 3 0 2 0.00 0.0 0 M M M M M 0 M M
================================================================================
SM 2164 1455 150 78 0.10 0.0 M M 102
================================================================================
AV 74.6 50.2 M FASTST M M 4 MAX(MPH)
MISC ----> M M M M
================================================================================
NOTES:
# LAST OF SEVERAL OCCURRENCES
COLUMN 17 PEAK WIND IN M.P.H.
PRELIMINARY LOCAL CLIMATOLOGICAL DATA (WS FORM: F-6) , PAGE 2
STATION: LAREDO
MONTH: FEBRUARY
YEAR: 2020
LATITUDE: 27 31 N
LONGITUDE: 99 28 W
[TEMPERATURE DATA] [PRECIPITATION DATA] SYMBOLS USED IN COLUMN 16
AVERAGE MONTHLY: 62.4 TOTAL FOR MONTH: 0.10 1 = FOG OR MIST
DPTR FM NORMAL: 1.2 DPTR FM NORMAL: -0.84 2 = FOG REDUCING VISIBILITY
HIGHEST: 90 ON 17, 9 GRTST 24HR 0.08 ON 20-20 TO 1/4 MILE OR LESS
LOWEST: 34 ON 27 3 = THUNDER
SNOW, ICE PELLETS, HAIL 4 = ICE PELLETS
TOTAL MONTH: 0.0 INCH 5 = HAIL
GRTST 24HR 0.0 6 = FREEZING RAIN OR DRIZZLE
GRTST DEPTH: 0 7 = DUSTSTORM OR SANDSTORM:
VSBY 1/2 MILE OR LESS
8 = SMOKE OR HAZE
[NO. OF DAYS WITH] [WEATHER - DAYS WITH] 9 = BLOWING SNOW
X = TORNADO
MAX 32 OR BELOW: 0 0.01 INCH OR MORE: 3
MAX 90 OR ABOVE: 2 0.10 INCH OR MORE: 0
MIN 32 OR BELOW: 0 0.50 INCH OR MORE: 0
MIN 0 OR BELOW: 0 1.00 INCH OR MORE: 0
[HDD (BASE 65) ]
TOTAL THIS MO. 150 CLEAR (SCALE 0-3) 16
DPTR FM NORMAL -15 PTCLDY (SCALE 4-7) 10
TOTAL FM JUL 1 586 CLOUDY (SCALE 8-10) 3
DPTR FM NORMAL -262
[CDD (BASE 65) ]
TOTAL THIS MO. 78
DPTR FM NORMAL 21 [PRESSURE DATA]
TOTAL FM JAN 1 141 HIGHEST SLP 30.70 ON 21
DPTR FM NORMAL 53 LOWEST SLP 29.63 ON 4
[REMARKS]
#FINAL-02-20#