000
CXUS54 KCRP 011210
CF6LRD
PRELIMINARY LOCAL CLIMATOLOGICAL DATA (WS FORM: F-6)
STATION: LAREDO
MONTH: AUGUST
YEAR: 2023
LATITUDE: 27 31 N
LONGITUDE: 99 28 W
TEMPERATURE IN F: :PCPN: SNOW: WIND :SUNSHINE: SKY :PK WND
================================================================================
1 2 3 4 5 6A 6B 7 8 9 10 11 12 13 14 15 16 17 18
12Z AVG MX 2MIN
DY MAX MIN AVG DEP HDD CDD WTR SNW DPTH SPD SPD DIR MIN PSBL S-S WX SPD DR
================================================================================
1 106 80 93 3 0 28 0.00 0.0 0 M M M M M 0 M M
2 105 78 92 2 0 27 0.00 0.0 0 M M M M M 1 M M
3 107 81 94 4 0 29 0.00 0.0 0 M M M M M 0 M M
4 109 81 95 5 0 30 0.00 0.0 0 M M M M M 0 M M
5 108 81 95 5 0 30 0.00 0.0 0 M M M M M 0 M M
6 109 81 95 5 0 30 0.00 0.0 0 M M M M M 0 M M
7 111 80 96 6 0 31 0.00 0.0 0 M M M M M 0 M M
8 109 80 95 5 0 30 0.00 0.0 0 M M M M M 0 M M
9 110 81 96 6 0 31 0.00 0.0 0 M M M M M 0 M M
10 110 81 96 6 0 31 0.00 0.0 0 M M M M M 0 M M
11 110 82 96 6 0 31 0.00 0.0 0 M M M M M 0 M M
12 109 82 96 6 0 31 0.00 0.0 0 M M M M M 1 M M
13 108 83 96 6 0 31 0.00 0.0 0 M M M M M 1 M M
14 107 80 94 4 0 29 0.00 0.0 0 M M M M M 1 M M
15 106 80 93 3 0 28 0.00 0.0 0 M M M M M 1 M M
16 108 81 95 6 0 30 T 0.0 0 M M M M M 1 3 M M
17 109 80 95 6 0 30 0.00 0.0 0 M M M M M 0 M M
18 108 80 94 5 0 29 0.00 0.0 0 M M M M M 0 M M
19 107 79 93 4 0 28 0.00 0.0 0 M M M M M 1 M M
20 104 79 92 3 0 27 0.00 0.0 0 M M M M M 0 M M
21 105 80 93 5 0 28 0.00 0.0 0 M M M M M 1 M M
22 86 73 80 -8 0 15 3.98 0.0 0 M M M M M 7 13 M M
23 91 72 82 -6 0 17 T 0.0 0 M M M M M 3 3 M M
24 100 77 89 1 0 24 0.00 0.0 0 M M M M M 3 12 M M
25 101 76 89 1 0 24 0.00 0.0 0 M M M M M 1 M M
26 102 78 90 3 0 25 0.00 0.0 0 M M M M M 0 M M
27 103 76 90 3 0 25 0.00 0.0 0 M M M M M 0 M M
28 104 78 91 4 0 26 0.00 0.0 0 M M M M M 0 M M
29 101 81 91 4 0 26 0.00 0.0 0 M M M M M 2 M M
30 101 76 89 3 0 24 0.00 0.0 0 M M M M M 0 M M
31 104 75 90 4 0 25 0.00 0.0 0 M M M M M 1 M M
================================================================================
SM 3258 2452 0 850 3.98 0.0 M M 25
================================================================================
AV105.1 79.1 M FASTST M M 1 MAX(MPH)
MISC ----> M M M M
================================================================================
NOTES:
# LAST OF SEVERAL OCCURRENCES
COLUMN 17 PEAK WIND IN M.P.H.
PRELIMINARY LOCAL CLIMATOLOGICAL DATA (WS FORM: F-6) , PAGE 2
STATION: LAREDO
MONTH: AUGUST
YEAR: 2023
LATITUDE: 27 31 N
LONGITUDE: 99 28 W
[TEMPERATURE DATA] [PRECIPITATION DATA] SYMBOLS USED IN COLUMN 16
AVERAGE MONTHLY: 92.1 TOTAL FOR MONTH: 3.98 1 = FOG OR MIST
DPTR FM NORMAL: 3.2 DPTR FM NORMAL: 2.30 2 = FOG REDUCING VISIBILITY
HIGHEST: 111 ON 7 GRTST 24HR 3.98 ON 22-22 TO 1/4 MILE OR LESS
LOWEST: 72 ON 23 3 = THUNDER
SNOW, ICE PELLETS, HAIL 4 = ICE PELLETS
TOTAL MONTH: 0.0 INCH 5 = HAIL
GRTST 24HR 0.0 6 = FREEZING RAIN OR DRIZZLE
GRTST DEPTH: 0 7 = DUSTSTORM OR SANDSTORM:
VSBY 1/2 MILE OR LESS
8 = SMOKE OR HAZE
[NO. OF DAYS WITH] [WEATHER - DAYS WITH] 9 = BLOWING SNOW
X = TORNADO
MAX 32 OR BELOW: 0 0.01 INCH OR MORE: 1
MAX 90 OR ABOVE: 30 0.10 INCH OR MORE: 1
MIN 32 OR BELOW: 0 0.50 INCH OR MORE: 1
MIN 0 OR BELOW: 0 1.00 INCH OR MORE: 1
[HDD (BASE 65) ]
TOTAL THIS MO. 0 CLEAR (SCALE 0-3) 29
DPTR FM NORMAL 0 PTCLDY (SCALE 4-7) 2
TOTAL FM JUL 1 0 CLOUDY (SCALE 8-10) 0
DPTR FM NORMAL 0
[CDD (BASE 65) ]
TOTAL THIS MO. 850
DPTR FM NORMAL 111 [PRESSURE DATA]
TOTAL FM JAN 1 3904 HIGHEST SLP 30.08 ON 15
DPTR FM NORMAL 632 LOWEST SLP 29.66 ON 22
[REMARKS]
#FINAL-08-23#