000
CXUS54 KEPZ 011030
CF6LRU
PRELIMINARY LOCAL CLIMATOLOGICAL DATA (WS FORM: F-6)
STATION: LAS CRUCES
MONTH: MARCH
YEAR: 2022
LATITUDE: 32 17 N
LONGITUDE: 106 46 W
TEMPERATURE IN F: :PCPN: SNOW: WIND :SUNSHINE: SKY :PK WND
================================================================================
1 2 3 4 5 6A 6B 7 8 9 10 11 12 13 14 15 16 17 18
12Z AVG MX 2MIN
DY MAX MIN AVG DEP HDD CDD WTR SNW DPTH SPD SPD DIR MIN PSBL S-S WX SPD DR
================================================================================
1 73 39 56 M 9 0 0.00 M M 3.1 10 350 M M 0 12 350
2 80 36 58 M 7 0 0.00 M M 4.3 10 350 M M 0 M M
3 77 41 59 M 6 0 0.00 M M 3.9 14 300 M M 4 23 300
4 80 52 66 M 0 1 0.00 M M 15.6 31 230 M M 4 46 230
5 75 46 61 M 4 0 0.00 M M 13.8 21 240 M M 0 35 240
6 62 41 52 M 13 0 0.00 M M 21.1 38 260 M M 0 50 260
7 66 26 46 M 19 0 0.00 M M 7.2 18 170 M M 0 22 170
8 59 33 46 M 19 0 0.00 M M 7.9 21 350 M M 0 24 350
9 67 29 48 M 17 0 0.00 M M 9.9 25 260 M M 0 37 260
10 71 35 53 M 12 0 0.00 M M 12.9 27 250 M M 0 36 240
11 53 33 43 M 22 0 0.04 M M 8.0 16 350 M M 4 1 22 350
12 61 26 44 M 21 0 0.00 M M 3.5 8 180 M M 0 M M
13 73 28 51 M 14 0 0.00 M M 7.9 23 260 M M 0 30 260
14 70 40 55 M 10 0 0.00 M M 10.8 29 340 M M 0 33 340
15 76 35 56 M 9 0 0.00 M M 4.5 8 180 M M 0 9 180
16 82 38 60 M 5 0 0.00 M M 9.3 25 250 M M 0 30 250
17 71 43 57 M 8 0 0.00 M M 11.5 20 290 M M 1 29 290
18 65 30 48 M 17 0 0.00 M M 4.4 10 170 M M 1 10 170
19 74 32 53 M 12 0 0.00 M M 4.4 9 210 M M 0 17 60
20 81 46 64 M 1 0 0.00 M M 13.1 25 240 M M 0 39 230
21 61 43 52 M 13 0 0.03 M M 16.8 29 260 M M 7 37 270
22 57 37 47 M 18 0 0.01 M M 6.9 14 140 M M 8 22 130
23 61 38 50 M 15 0 0.00 M M 7.3 12 330 M M 2 16 300
24 76 28 52 M 13 0 0.00 M M 3.5 8 250 M M 0 M M
25 82 38 60 M 5 0 0.00 M M 4.5 9 180 M M 0 M M
26 87 39 63 M 2 0 0.00 M M 3.6 9 190 M M 0 18 0
27 88 46 67 M 0 2 0.00 M M 5.4 14 240 M M 0 20 250
28 83 53 68 M 0 3 0.00 M M 13.8 33 230 M M 2 52 230
29 70 44 57 M 8 0 T M M 21.3 38 280 M M 5 50 280
30 69 43 56 M 9 0 0.00 M M 22.6 35 270 M M 3 46 280
31 74 41 58 M 7 0 0.00 M M 7.2 15 220 M M 1 21 250
================================================================================
SM 2224 1179 315 6 0.08 M 290.0 M 42
================================================================================
AV 71.7 38.0 9.4 FASTST M M 1 MAX(MPH)
MISC ----> # 38 260 52 230
================================================================================
NOTES:
# LAST OF SEVERAL OCCURRENCES
COLUMN 17 PEAK WIND IN M.P.H.
PRELIMINARY LOCAL CLIMATOLOGICAL DATA (WS FORM: F-6) , PAGE 2
STATION: LAS CRUCES
MONTH: MARCH
YEAR: 2022
LATITUDE: 32 17 N
LONGITUDE: 106 46 W
[TEMPERATURE DATA] [PRECIPITATION DATA] SYMBOLS USED IN COLUMN 16
AVERAGE MONTHLY: 54.9 TOTAL FOR MONTH: 0.08 1 = FOG OR MIST
DPTR FM NORMAL: 0.0 DPTR FM NORMAL: M 2 = FOG REDUCING VISIBILITY
HIGHEST: 88 ON 27 GRTST 24HR 0.04 ON 11-11 TO 1/4 MILE OR LESS
LOWEST: 26 ON 7,12 3 = THUNDER
SNOW, ICE PELLETS, HAIL 4 = ICE PELLETS
TOTAL MONTH: M 5 = HAIL
GRTST 24HR M ON M 6 = FREEZING RAIN OR DRIZZLE
GRTST DEPTH: M ON M 7 = DUSTSTORM OR SANDSTORM:
VSBY 1/2 MILE OR LESS
8 = SMOKE OR HAZE
[NO. OF DAYS WITH] [WEATHER - DAYS WITH] 9 = BLOWING SNOW
X = TORNADO
MAX 32 OR BELOW: 0 0.01 INCH OR MORE: 3
MAX 90 OR ABOVE: 0 0.10 INCH OR MORE: 0
MIN 32 OR BELOW: 7 0.50 INCH OR MORE: 0
MIN 0 OR BELOW: 0 1.00 INCH OR MORE: 0
[HDD (BASE 65) ]
TOTAL THIS MO. 315 CLEAR (SCALE 0-3) 25
DPTR FM NORMAL M PTCLDY (SCALE 4-7) 6
TOTAL FM JUL 1 2311 CLOUDY (SCALE 8-10) 0
DPTR FM NORMAL M
[CDD (BASE 65) ]
TOTAL THIS MO. 6
DPTR FM NORMAL M [PRESSURE DATA]
TOTAL FM JAN 1 6 HIGHEST SLP M ON M
DPTR FM NORMAL M LOWEST SLP M ON M
[REMARKS]
#FINAL-03-22#