000
CXUS54 KFWD 220503
CF6LUD
PRELIMINARY LOCAL CLIMATOLOGICAL DATA (WS FORM: F-6)
STATION: DECATUR
MONTH: JULY
YEAR: 2022
LATITUDE: 33 15 N
LONGITUDE: 97 30 W
TEMPERATURE IN F: :PCPN: SNOW: WIND :SUNSHINE: SKY :PK WND
================================================================================
1 2 3 4 5 6A 6B 7 8 9 10 11 12 13 14 15 16 17 18
12Z AVG MX 2MIN
DY MAX MIN AVG DEP HDD CDD WTR SNW DPTH SPD SPD DIR MIN PSBL S-S WX SPD DR
================================================================================
1 96 74 85 4 0 20 0.00 M M 6.6 12 80 M M 0 21 90
2 98 74 86 5 0 21 0.00 M M 6.2 14 130 M M 0 20 130
3 94 75 85 4 0 20 0.13 M M 5.6 12 210 M M 1 18 210
4 99 75 87 6 0 22 0.00 M M 8.4 16 140 M M 0 18 140
5 101 79 90 8 0 25 0.00 M M 9.9 15 170 M M 0 22 130
6 103 81 92 10 0 27 0.00 M M 8.8 13 160 M M 0 20 160
7 102 81 92 10 0 27 0.00 M M 8.1 13 170 M M 0 8 18 180
8 106 81 94 12 0 29 0.00 M M 6.4 10 230 M M 0 16 180
9 102 78 90 8 0 25 0.00 M M 4.4 13 50 M M 0 17 50
10 101 76 89 7 0 24 0.00 M M 5.0 9 30 M M 0 M M
11 100 75 88 6 0 23 0.00 M M 5.9 9 60 M M 0 16 60
12 102 73 88 6 0 23 0.00 M M 6.2 13 50 M M 0 8 21 50
13 103 76 90 8 0 25 0.00 M M 4.7 9 70 M M 0 8 M M
14 102 77 90 8 0 25 0.00 M M 5.7 18 160 M M 0 24 120
15 100 72 86 3 0 21 0.00 M M 5.3 13 100 M M 0 17 150
16 100 75 88 5 0 23 0.00 M M 6.3 10 120 M M 0 17 160
17 106 82 94 11 0 29 0.00 M M 8.5 14 240 M M 0 8 21 190
18 110 83 97 14 0 32 0.00 M M 9.2 15 180 M M 0 8 24 180
19 111 84 98 15 0 33 0.00 M M 10.9 16 180 M M 0 8 24 160
20 111 84 98 15 0 33 0.00 M M 8.6 16 10 M M 0 8 24 10
21 99 84 92 9 0 27 0.00 M M 7.0 13 90 M M 0 18 180
22 102 78 90 7 0 25 0.00 M M 8.7 16 120 M M 0 8 23 140
23 101 76 89 6 0 24 0.00 M M 8.8 14 140 M M 0 20 190
24 101 81 91 8 0 26 0.00 M M 9.1 13 150 M M 0 8 18 150
25 103 82 93 10 0 28 0.00 M M 9.1 13 130 M M 0 8 18 180
26 103 83 93 10 0 28 0.00 M M 9.6 13 140 M M 0 8 22 170
27 103 82 93 10 0 28 0.00 M M 8.7 13 130 M M 0 8 18 180
28 102 81 92 9 0 27 0.00 M M 8.9 12 220 M M 0 8 28 150
29 100 81 91 8 0 26 0.00 M M 8.1 18 40 M M 0 25 160
30 98 80 89 6 0 24 0.00 M M 6.0 10 180 M M 0 17 0
31 103 82 93 10 0 28 0.00 M M 9.6 14 170 M M 0 18 230
================================================================================
SM 3162 2445 0 798 0.13 M 234.5 M 1
================================================================================
AV102.0 78.9 7.6 FASTST M M 0 MAX(MPH)
MISC ----> # 18 160 28 150
================================================================================
NOTES:
# LAST OF SEVERAL OCCURRENCES
COLUMN 17 PEAK WIND IN M.P.H.
PRELIMINARY LOCAL CLIMATOLOGICAL DATA (WS FORM: F-6) , PAGE 2
STATION: DECATUR
MONTH: JULY
YEAR: 2022
LATITUDE: 33 15 N
LONGITUDE: 97 30 W
[TEMPERATURE DATA] [PRECIPITATION DATA] SYMBOLS USED IN COLUMN 16
AVERAGE MONTHLY: 90.4 TOTAL FOR MONTH: 0.13 1 = FOG OR MIST
DPTR FM NORMAL: 7.9 DPTR FM NORMAL: -2.42 2 = FOG REDUCING VISIBILITY
HIGHEST: 111 ON 20,19 GRTST 24HR 0.13 ON 3- 3 TO 1/4 MILE OR LESS
LOWEST: 72 ON 15 3 = THUNDER
SNOW, ICE PELLETS, HAIL 4 = ICE PELLETS
TOTAL MONTH: M 5 = HAIL
GRTST 24HR M ON M 6 = FREEZING RAIN OR DRIZZLE
GRTST DEPTH: M ON M 7 = DUSTSTORM OR SANDSTORM:
VSBY 1/2 MILE OR LESS
8 = SMOKE OR HAZE
[NO. OF DAYS WITH] [WEATHER - DAYS WITH] 9 = BLOWING SNOW
X = TORNADO
MAX 32 OR BELOW: 0 0.01 INCH OR MORE: 1
MAX 90 OR ABOVE: 31 0.10 INCH OR MORE: 1
MIN 32 OR BELOW: 0 0.50 INCH OR MORE: 0
MIN 0 OR BELOW: 0 1.00 INCH OR MORE: 0
[HDD (BASE 65) ]
TOTAL THIS MO. 0 CLEAR (SCALE 0-3) 31
DPTR FM NORMAL 0 PTCLDY (SCALE 4-7) 0
TOTAL FM JUL 1 0 CLOUDY (SCALE 8-10) 0
DPTR FM NORMAL 0
[CDD (BASE 65) ]
TOTAL THIS MO. 798
DPTR FM NORMAL 256 [PRESSURE DATA]
TOTAL FM JAN 1 1886 HIGHEST SLP M ON M
DPTR FM NORMAL 710 LOWEST SLP M ON M
[REMARKS]
#FINAL-07-22#