000
CXUS54 KFWD 010141
CF6LUD
PRELIMINARY LOCAL CLIMATOLOGICAL DATA (WS FORM: F-6)
STATION: DECATUR
MONTH: DECEMBER
YEAR: 2020
LATITUDE: 33 15 N
LONGITUDE: 97 30 W
TEMPERATURE IN F: :PCPN: SNOW: WIND :SUNSHINE: SKY :PK WND
================================================================================
1 2 3 4 5 6A 6B 7 8 9 10 11 12 13 14 15 16 17 18
12Z AVG MX 2MIN
DY MAX MIN AVG DEP HDD CDD WTR SNW DPTH SPD SPD DIR MIN PSBL S-S WX SPD DR
================================================================================
1 58 32 45 -2 20 0 0.00 M M 10.9 18 150 M M 0 27 150
2 53 36 45 -2 20 0 0.00 M M 10.5 15 280 M M 5 23 270
3 42 33 38 -8 27 0 0.00 M M 7.5 12 290 M M 9 18 290
4 57 29 43 -3 22 0 0.00 M M 4.1 9 250 M M 0 M M
5 62 36 49 3 16 0 0.04 M M 4.7 7 280 M M 0 M M
6 60 40 50 5 15 0 0.08 M M 6.3 13 330 M M 1 18 320
7 64 36 50 5 15 0 0.00 M M 5.1 7 230 M M 0 M M
8 70 42 56 11 9 0 0.00 M M 5.0 10 270 M M 0 M M
9 77 47 62 18 3 0 0.00 M M 7.6 10 250 M M 0 M M
10 77 52 65 21 0 0 0.00 M M 9.9 16 170 M M 0 21 160
11 64 46 55 11 10 0 0.14 M M 8.1 14 170 M M 4 20 170
12 52 33 43 -1 22 0 0.00 M M 4.6 8 310 M M 0 M M
13 39 33 36 -8 29 0 0.43 M M 9.8 18 320 M M 9 13 24 320
14 47 28 38 -5 27 0 0.00 M M 5.7 10 100 M M 3 16 310
15 41 33 37 -6 28 0 0.03 M M 6.2 13 120 M M 8 1 20 120
16 45 31 38 -5 27 0 0.00 M M 4.8 9 330 M M 5 1 18 290
17 60 32 46 3 19 0 0.00 M M 6.6 13 160 M M 0 18 160
18 58 41 50 7 15 0 0.00 M M 12.3 17 170 M M 3 25 170
19 58 42 50 8 15 0 0.00 M M 6.3 12 310 M M 4 1 16 290
20 62 37 50 8 15 0 0.00 M M 4.5 9 280 M M 0 M M
21 71 43 57 15 8 0 0.00 M M 6.2 10 220 M M 0 M M
22 70 44 57 15 8 0 0.00 M M 10.7 20 160 M M 2 25 160
23 64 33 49 7 16 0 0.00 M M 14.3 22 310 M M 2 33 310
24 55 26 41 -1 24 0 0.00 M M 9.4 18 270 M M 0 30 270
25 61 33 47 5 18 0 0.00 M M 5.2 12 160 M M 0 18 160
26 70 44 57 15 8 0 0.00 M M 12.0 20 200 M M 0 23 220
27 70 49 60 18 5 0 0.00 M M 10.0 17 250 M M 0 24 190
28 57 43 50 8 15 0 0.00 M M 11.3 18 50 M M 5 25 50
29 66 53 60 18 5 0 0.08 M M 12.8 22 140 M M 9 1 28 140
30 60 37 49 7 16 0 0.38 M M 11.2 15 340 M M 10 1 23 340
31 37 32 35 -7 30 0 1.05 M M 10.5 17 30 M M 10 18 26 360
================================================================================
SM 1827 1176 507 0 2.23 M 254.0 M 89
================================================================================
AV 58.9 37.9 8.2 FASTST M M 3 MAX(MPH)
MISC ----> # 22 310 33 310
================================================================================
NOTES:
# LAST OF SEVERAL OCCURRENCES
COLUMN 17 PEAK WIND IN M.P.H.
PRELIMINARY LOCAL CLIMATOLOGICAL DATA (WS FORM: F-6) , PAGE 2
STATION: DECATUR
MONTH: DECEMBER
YEAR: 2020
LATITUDE: 33 15 N
LONGITUDE: 97 30 W
[TEMPERATURE DATA] [PRECIPITATION DATA] SYMBOLS USED IN COLUMN 16
AVERAGE MONTHLY: 48.4 TOTAL FOR MONTH: 2.23 1 = FOG OR MIST
DPTR FM NORMAL: 4.9 DPTR FM NORMAL: -0.28 2 = FOG REDUCING VISIBILITY
HIGHEST: 77 ON 10, 9 GRTST 24HR 1.05 ON 31-31 TO 1/4 MILE OR LESS
LOWEST: 26 ON 24 3 = THUNDER
SNOW, ICE PELLETS, HAIL 4 = ICE PELLETS
TOTAL MONTH: M 5 = HAIL
GRTST 24HR M ON M 6 = FREEZING RAIN OR DRIZZLE
GRTST DEPTH: M ON M 7 = DUSTSTORM OR SANDSTORM:
VSBY 1/2 MILE OR LESS
8 = SMOKE OR HAZE
[NO. OF DAYS WITH] [WEATHER - DAYS WITH] 9 = BLOWING SNOW
X = TORNADO
MAX 32 OR BELOW: 0 0.01 INCH OR MORE: 8
MAX 90 OR ABOVE: 0 0.10 INCH OR MORE: 4
MIN 32 OR BELOW: 7 0.50 INCH OR MORE: 1
MIN 0 OR BELOW: 0 1.00 INCH OR MORE: 1
[HDD (BASE 65) ]
TOTAL THIS MO. 507 CLEAR (SCALE 0-3) 20
DPTR FM NORMAL -161 PTCLDY (SCALE 4-7) 6
TOTAL FM JUL 1 858 CLOUDY (SCALE 8-10) 5
DPTR FM NORMAL -287
[CDD (BASE 65) ]
TOTAL THIS MO. 0
DPTR FM NORMAL -1 [PRESSURE DATA]
TOTAL FM JAN 1 2465 HIGHEST SLP M ON M
DPTR FM NORMAL 371 LOWEST SLP M ON M
[REMARKS]
#FINAL-12-20#