000
CXUS54 KFWD 010730
CF6LUD
PRELIMINARY LOCAL CLIMATOLOGICAL DATA (WS FORM: F-6)
STATION: DECATUR
MONTH: SEPTEMBER
YEAR: 2023
LATITUDE: 33 15 N
LONGITUDE: 97 30 W
TEMPERATURE IN F: :PCPN: SNOW: WIND :SUNSHINE: SKY :PK WND
================================================================================
1 2 3 4 5 6A 6B 7 8 9 10 11 12 13 14 15 16 17 18
12Z AVG MX 2MIN
DY MAX MIN AVG DEP HDD CDD WTR SNW DPTH SPD SPD DIR MIN PSBL S-S WX SPD DR
================================================================================
1 98 74 86 6 0 21 0.00 M M 7.8 14 120 M M 0 20 120
2 96 70 83 4 0 18 0.00 M M 6.1 10 110 M M 0 18 80
3 102 75 89 10 0 24 0.00 M M 9.2 15 120 M M 0 25 120
4 100 76 88 9 0 23 0.00 M M 11.5 15 140 M M 0 8 25 170
5 103 80 92 14 0 27 0.00 M M 10.5 14 160 M M 0 8 23 160
6 103 79 91 13 0 26 0.00 M M 4.3 7 230 M M 0 8 M M
7 108 74 91 13 0 26 0.00 M M 5.2 12 180 M M 0 8 17 260
8 110 71 91 14 0 26 0.25 M M 8.1 28 30 M M 1 38 37 30
9 95 72 84 7 0 19 0.00 M M 7.4 12 120 M M 0 18 110
10 93 69 81 4 0 16 0.00 M M 5.9 13 120 M M 0 8 18 120
11 89 67 78 2 0 13 0.20 M M 6.1 12 120 M M 1 23 120
12 76 67 72 -4 0 7 0.05 M M 4.3 10 40 M M 7 1 M M
13 83 66 75 -1 0 10 0.02 M M 2.5 7 90 M M 7 M M
14 75 69 72 -3 0 7 0.23 M M 6.0 8 80 M M 9 1 M M
15 82 69 76 1 0 11 0.06 M M 5.7 9 90 M M 7 1 M M
16 85 66 76 2 0 11 0.47 M M 2.6 7 150 M M 1 43 120
17 90 65 78 4 0 13 0.00 M M 3.3 8 360 M M 0 M M
18 92 68 80 6 0 15 0.00 M M 4.9 9 160 M M 0 M M
19 95 67 81 8 0 16 0.58 M M 12.2 26 80 M M 1 45 80
20 94 69 82 9 0 17 0.00 M M 10.5 15 150 M M 0 8 24 130
21 93 73 83 11 0 18 0.00 M M 10.5 21 170 M M 0 31 170
22 96 75 86 14 0 21 0.00 M M 9.4 15 150 M M 0 23 160
23 99 75 87 15 0 22 0.00 M M 10.5 16 170 M M 0 24 160
24 100 76 88 17 0 23 0.00 M M 8.8 15 50 M M 1 8 23 50
25 91 70 81 10 0 16 0.00 M M 5.8 12 60 M M 3 20 60
26 93 69 81 11 0 16 0.00 M M 2.8 7 60 M M 0 M M
27 95 71 83 13 0 18 0.00 M M 5.4 10 150 M M 0 M M
28 96 68 82 12 0 17 0.00 M M 5.2 9 150 M M 0 17 200
29 95 72 84 15 0 19 0.00 M M 8.2 13 150 M M 0 22 160
30 93 71 82 13 0 17 0.00 M M 6.9 13 130 M M 0 18 150
================================================================================
SM 2820 2133 0 533 1.86 M 207.7 M 38
================================================================================
AV 94.0 71.1 6.9 FASTST M M 1 MAX(MPH)
MISC ----> 28 30 45 80
================================================================================
NOTES:
# LAST OF SEVERAL OCCURRENCES
COLUMN 17 PEAK WIND IN M.P.H.
PRELIMINARY LOCAL CLIMATOLOGICAL DATA (WS FORM: F-6) , PAGE 2
STATION: DECATUR
MONTH: SEPTEMBER
YEAR: 2023
LATITUDE: 33 15 N
LONGITUDE: 97 30 W
[TEMPERATURE DATA] [PRECIPITATION DATA] SYMBOLS USED IN COLUMN 16
AVERAGE MONTHLY: 82.6 TOTAL FOR MONTH: 1.86 1 = FOG OR MIST
DPTR FM NORMAL: 8.1 DPTR FM NORMAL: -1.78 2 = FOG REDUCING VISIBILITY
HIGHEST: 110 ON 8 GRTST 24HR 0.58 ON 19-19 TO 1/4 MILE OR LESS
LOWEST: 65 ON 17 3 = THUNDER
SNOW, ICE PELLETS, HAIL 4 = ICE PELLETS
TOTAL MONTH: M 5 = HAIL
GRTST 24HR M ON M 6 = FREEZING RAIN OR DRIZZLE
GRTST DEPTH: M ON M 7 = DUSTSTORM OR SANDSTORM:
VSBY 1/2 MILE OR LESS
8 = SMOKE OR HAZE
[NO. OF DAYS WITH] [WEATHER - DAYS WITH] 9 = BLOWING SNOW
X = TORNADO
MAX 32 OR BELOW: 0 0.01 INCH OR MORE: 8
MAX 90 OR ABOVE: 24 0.10 INCH OR MORE: 5
MIN 32 OR BELOW: 0 0.50 INCH OR MORE: 1
MIN 0 OR BELOW: 0 1.00 INCH OR MORE: 0
[HDD (BASE 65) ]
TOTAL THIS MO. 0 CLEAR (SCALE 0-3) 26
DPTR FM NORMAL -12 PTCLDY (SCALE 4-7) 3
TOTAL FM JUL 1 0 CLOUDY (SCALE 8-10) 1
DPTR FM NORMAL -10
[CDD (BASE 65) ]
TOTAL THIS MO. 533
DPTR FM NORMAL 237 [PRESSURE DATA]
TOTAL FM JAN 1 3018 HIGHEST SLP M ON M
DPTR FM NORMAL 1012 LOWEST SLP M ON M
[REMARKS]
#FINAL-09-23#