000
CXUS54 KHGX 011515
CF6LVJ
PRELIMINARY LOCAL CLIMATOLOGICAL DATA (WS FORM: F-6)
STATION: HOUSTON/CLOVER_FIELD
MONTH: FEBRUARY
YEAR: 2020
LATITUDE: 29 31 N
LONGITUDE: 95 14 W
TEMPERATURE IN F: :PCPN: SNOW: WIND :SUNSHINE: SKY :PK WND
================================================================================
1 2 3 4 5 6A 6B 7 8 9 10 11 12 13 14 15 16 17 18
12Z AVG MX 2MIN
DY MAX MIN AVG DEP HDD CDD WTR SNW DPTH SPD SPD DIR MIN PSBL S-S WX SPD DR
================================================================================
1 69 41 55 0 10 0 0.00 0.0 0 5.0 14 320 M M 0 18 20 300
2 76 46 61 6 4 0 0.00 0.0 0 5.8 14 230 M M 0 20 240
3 74 56 65 10 0 0 T 0.0 0 11.8 23 180 M M 6 33 190
4 78 69 74 19 0 9 T 0.0 0 9.1 18 180 M M 10 18 24 180
5 70 42 56 1 9 0 0.03 0.0 0 10.3 18 340 M M 9 18 27 320
6 53 37 45 -10 20 0 T 0.0 0 9.5 20 300 M M 3 30 320
7 72 35 54 -2 11 0 0.00 0.0 0 5.1 17 230 M M 0 25 240
8 72 51 62 6 3 0 0.00 0.0 0 6.8 15 130 M M 4 1 19 130
9 73 62 68 12 0 3 T 0.0 0 12.3 22 150 M M 9 1 28 150
10 77 59 68 12 0 3 0.01 0.0 0 9.9 16 180 M M 10 18 22 160
11 59 53 56 0 9 0 0.03 0.0 0 8.4 15 30 M M 9 1 18 30
12 64 52 58 2 7 0 0.02 0.0 0 6.0 16 320 M M 10 12 24 280
13 59 45 52 -4 13 0 0.00 0.0 0 9.1 17 350 M M 0 24 360
14 60 41 51 -6 14 0 0.00 0.0 0 7.0 18 60 M M 0 23 50
15 67 44 56 -1 9 0 0.00 0.0 0 7.6 15 90 M M 9 1 18 110
16 75 60 68 11 0 3 0.00 0.0 0 3.7 13 150 M M 8 128 16 140
17 78 63 71 14 0 6 0.00 0.0 0 8.2 17 180 M M 10 18 25 200
18 77 66 72 15 0 7 0.00 0.0 0 6.0 13 180 M M 7 18 17 170
19 65 55 60 2 5 0 T 0.0 0 9.2 15 40 M M 10 18 21 40
20 56 47 52 -6 13 0 0.04 0.0 0 15.0 28 30 M M 10 1 37 10
21 58 42 50 -8 15 0 0.00 0.0 0 11.1 23 20 M M 0 30 30
22 64 38 51 -7 14 0 0.00 0.0 0 4.6 14 140 M M 0 18 130
23 70 52 61 3 4 0 T 0.0 0 7.9 18 160 M M 10 8 25 150
24 72 56 64 6 1 0 0.82 0.0 0 3.7 13 170 M M 7 18 160
25 75 52 64 5 1 0 0.01 0.0 0 6.3 22 350 M M 1 32 340
26 59 44 52 -7 13 0 0.00 0.0 0 14.8 28 350 M M 4 36 340
27 60 33 47 -12 18 0 0.00 0.0 0 2.7 12 320 M M 0 16 310
28 73 39 56 -3 9 0 0.00 0.0 0 3.7 15 280 M M 0 22 280
29 73 43 58 -1 7 0 0.00 0.0 0 7.1 20 170 M M 1 18 27 170
================================================================================
SM 1978 1423 209 31 0.96 0.0 227.7 M 147
================================================================================
AV 68.2 49.1 7.9 FASTST M M 5 MAX(MPH)
MISC ----> # 28 30 # 37 10
================================================================================
NOTES:
# LAST OF SEVERAL OCCURRENCES
COLUMN 17 PEAK WIND IN M.P.H.
PRELIMINARY LOCAL CLIMATOLOGICAL DATA (WS FORM: F-6) , PAGE 2
STATION: HOUSTON/CLOVER_FIELD
MONTH: FEBRUARY
YEAR: 2020
LATITUDE: 29 31 N
LONGITUDE: 95 14 W
[TEMPERATURE DATA] [PRECIPITATION DATA] SYMBOLS USED IN COLUMN 16
AVERAGE MONTHLY: 58.6 TOTAL FOR MONTH: 0.96 1 = FOG OR MIST
DPTR FM NORMAL: 1.8 DPTR FM NORMAL: -2.22 2 = FOG REDUCING VISIBILITY
HIGHEST: 78 ON 17, 4 GRTST 24HR 0.82 ON 24-24 TO 1/4 MILE OR LESS
LOWEST: 33 ON 27 3 = THUNDER
SNOW, ICE PELLETS, HAIL 4 = ICE PELLETS
TOTAL MONTH: 0.0 INCH 5 = HAIL
GRTST 24HR 0.0 6 = FREEZING RAIN OR DRIZZLE
GRTST DEPTH: 0 7 = DUSTSTORM OR SANDSTORM:
VSBY 1/2 MILE OR LESS
8 = SMOKE OR HAZE
[NO. OF DAYS WITH] [WEATHER - DAYS WITH] 9 = BLOWING SNOW
X = TORNADO
MAX 32 OR BELOW: 0 0.01 INCH OR MORE: 7
MAX 90 OR ABOVE: 0 0.10 INCH OR MORE: 1
MIN 32 OR BELOW: 0 0.50 INCH OR MORE: 1
MIN 0 OR BELOW: 0 1.00 INCH OR MORE: 0
[HDD (BASE 65) ]
TOTAL THIS MO. 209 CLEAR (SCALE 0-3) 12
DPTR FM NORMAL -40 PTCLDY (SCALE 4-7) 6
TOTAL FM JUL 1 854 CLOUDY (SCALE 8-10) 11
DPTR FM NORMAL -272
[CDD (BASE 65) ]
TOTAL THIS MO. 31
DPTR FM NORMAL 10 [PRESSURE DATA]
TOTAL FM JAN 1 72 HIGHEST SLP 30.67 ON 21
DPTR FM NORMAL 41 LOWEST SLP 29.69 ON 5
[REMARKS]
#FINAL-02-20#