000
CXUS56 KMTR 010900
CF6LVK
PRELIMINARY LOCAL CLIMATOLOGICAL DATA (WS FORM: F-6)
STATION: LIVERMORE AIRPORT
MONTH: OCTOBER
YEAR: 2022
LATITUDE: 37 42 N
LONGITUDE: 121 49 W
TEMPERATURE IN F: :PCPN: SNOW: WIND :SUNSHINE: SKY :PK WND
================================================================================
1 2 3 4 5 6A 6B 7 8 9 10 11 12 13 14 15 16 17 18
12Z AVG MX 2MIN
DY MAX MIN AVG DEP HDD CDD WTR SNW DPTH SPD SPD DIR MIN PSBL S-S WX SPD DR
================================================================================
1 78 55 67 -1 0 2 0.00 M M 8.7 20 280 M M 2 1 25 280
2 77 58 68 1 0 3 0.00 M M 8.2 17 280 M M 4 20 290
3 81 54 68 1 0 3 0.00 M M 5.1 16 280 M M 0 20 270
4 84 56 70 3 0 5 0.00 M M 3.6 10 300 M M 4 12 300
5 92 52 72 5 0 7 0.00 M M 2.3 12 300 M M 0 14 300
6 93 55 74 8 0 9 0.00 M M 2.5 16 300 M M 0 19 300
7 95 56 76 10 0 11 0.00 M M 2.8 12 280 M M 0 13 290
8 94 56 75 9 0 10 0.00 M M 4.4 13 290 M M 0 15 300
9 84 55 70 4 0 5 0.00 M M 5.8 10 300 M M 2 1 13 280
10 89 55 72 7 0 7 0.00 M M 4.8 12 280 M M 3 1 14 290
11 87 51 69 4 0 4 0.00 M M 5.0 13 290 M M 1 18 15 300
12 79 54 67 2 0 2 0.00 M M 6.7 13 290 M M 3 18 15 290
13 80 52 66 1 0 1 0.00 M M 5.3 12 290 M M 4 14 310
14 83 53 68 4 0 3 0.00 M M 4.6 12 280 M M 3 1 14 280
15 70 57 64 0 1 0 0.00 M M 9.5 22 280 M M 7 1 27 280
16 69 51 60 -4 5 0 0.00 M M 7.0 17 270 M M 6 21 290
17 79 47 63 0 2 0 0.00 M M 2.3 8 290 M M 0 11 220
18 84 55 70 7 0 5 0.00 M M 4.0 16 70 M M 0 20 70
19 94 52 73 10 0 8 0.00 M M 2.9 13 270 M M 0 15 270
20 92 53 73 11 0 8 0.00 M M 2.2 12 280 M M 0 14 270
21 80 51 66 4 0 1 0.00 M M 6.7 23 290 M M 0 18 27 290
22 71 51 61 -1 4 0 0.00 M M 10.4 20 230 M M 3 23 220
23 70 41 56 -6 9 0 0.00 M M 4.8 15 20 M M 0 21 360
24 76 42 59 -2 6 0 0.00 M M 3.1 13 280 M M 0 15 250
25 74 47 61 0 4 0 0.00 M M 3.7 15 290 M M 0 18 280
26 71 42 57 -4 8 0 0.00 M M 2.9 12 280 M M 0 14 260
27 73 41 57 -3 8 0 0.00 M M 2.1 10 60 M M 0 13 80
28 72 43 58 -2 7 0 0.00 M M 2.7 15 260 M M 0 18 280
29 77 41 59 -1 6 0 0.00 M M 2.6 16 280 M M 0 18 280
30 78 49 64 5 1 0 0.00 M M 3.1 13 280 M M 3 1 14 280
31 72 46 59 0 6 0 0.00 M M 3.5 18 290 M M 1 22 290
================================================================================
SM 2498 1571 67 94 0.00 M 143.3 M 46
================================================================================
AV 80.6 50.7 4.6 FASTST M M 1 MAX(MPH)
MISC ----> 23 290 # 27 280
================================================================================
NOTES:
# LAST OF SEVERAL OCCURRENCES
COLUMN 17 PEAK WIND IN M.P.H.
PRELIMINARY LOCAL CLIMATOLOGICAL DATA (WS FORM: F-6) , PAGE 2
STATION: LIVERMORE AIRPORT
MONTH: OCTOBER
YEAR: 2022
LATITUDE: 37 42 N
LONGITUDE: 121 49 W
[TEMPERATURE DATA] [PRECIPITATION DATA] SYMBOLS USED IN COLUMN 16
AVERAGE MONTHLY: 65.6 TOTAL FOR MONTH: 0.00 1 = FOG OR MIST
DPTR FM NORMAL: 2.1 DPTR FM NORMAL: -0.75 2 = FOG REDUCING VISIBILITY
HIGHEST: 95 ON 7 GRTST 24HR 0.00 ON 1- 1 TO 1/4 MILE OR LESS
LOWEST: 41 ON 29,27 3 = THUNDER
SNOW, ICE PELLETS, HAIL 4 = ICE PELLETS
TOTAL MONTH: M 5 = HAIL
GRTST 24HR M ON M 6 = FREEZING RAIN OR DRIZZLE
GRTST DEPTH: M ON M 7 = DUSTSTORM OR SANDSTORM:
VSBY 1/2 MILE OR LESS
8 = SMOKE OR HAZE
[NO. OF DAYS WITH] [WEATHER - DAYS WITH] 9 = BLOWING SNOW
X = TORNADO
MAX 32 OR BELOW: 0 0.01 INCH OR MORE: 0
MAX 90 OR ABOVE: 6 0.10 INCH OR MORE: 0
MIN 32 OR BELOW: 0 0.50 INCH OR MORE: 0
MIN 0 OR BELOW: 0 1.00 INCH OR MORE: 0
[HDD (BASE 65) ]
TOTAL THIS MO. 67 CLEAR (SCALE 0-3) 24
DPTR FM NORMAL -30 PTCLDY (SCALE 4-7) 7
TOTAL FM JUL 1 75 CLOUDY (SCALE 8-10) 0
DPTR FM NORMAL -44
[CDD (BASE 65) ]
TOTAL THIS MO. 94
DPTR FM NORMAL 42 [PRESSURE DATA]
TOTAL FM JAN 1 1195 HIGHEST SLP M ON M
DPTR FM NORMAL 347 LOWEST SLP 29.71 ON 14
[REMARKS]
#FINAL-10-22#