000
CXUS55 KBYZ 011000
CF6LVM
PRELIMINARY LOCAL CLIMATOLOGICAL DATA (WS FORM: F-6)
STATION: LIVINGSTON MT
MONTH: APRIL
YEAR: 2021
LATITUDE: 45 41 N
LONGITUDE: 110 26 W
TEMPERATURE IN F: :PCPN: SNOW: WIND :SUNSHINE: SKY :PK WND
================================================================================
1 2 3 4 5 6A 6B 7 8 9 10 11 12 13 14 15 16 17 18
12Z AVG MX 2MIN
DY MAX MIN AVG DEP HDD CDD WTR SNW DPTH SPD SPD DIR MIN PSBL S-S WX SPD DR
================================================================================
1 69 40 55 16 10 0 0.00 M M 31.1 45 200 M M 0 54 200
2 72 39 56 17 9 0 0.00 M M 18.1 37 200 M M 0 45 210
3 74 34 54 15 11 0 0.00 M M 14.3 28 210 M M 0 34 220
4 75 36 56 17 9 0 0.00 M M 13.5 29 250 M M 1 41 300
5 54 37 46 6 19 0 0.04 M M 15.8 32 80 M M 7 1 39 80
6 50 33 42 2 23 0 0.28 M M 7.5 20 260 M M 7 12 23 280
7 64 33 49 9 16 0 0.00 M M 24.5 38 210 M M 0 46 200
8 57 32 45 5 20 0 0.02 M M 17.9 32 320 M M 6 1 40 330
9 55 25 40 0 25 0 T M M 21.7 39 210 M M 2 1 48 210
10 65 28 47 6 18 0 T M M 27.7 43 220 M M 5 1 52 210
11 38 23 31 -10 34 0 T M M 14.6 25 250 M M 8 31 240
12 40 19 30 -11 35 0 0.01 M M 5.6 20 20 M M 9 1 23 110
13 38 22 30 -11 35 0 T M M 14.3 24 90 M M 10 1 31 90
14 38 22 30 -12 35 0 T M M 18.7 31 70 M M 9 39 70
15 35 25 30 -12 35 0 T M M 12.3 18 80 M M 10 1 22 80
16 51 23 37 -5 28 0 0.01 M M 6.2 23 70 M M 8 18 28 70
17 63 21 42 0 23 0 0.00 M M 10.9 24 220 M M 3 30 230
18 67 27 47 5 18 0 0.06 M M 18.2 31 250 M M 5 1 37 230
19 35 20 28 -15 37 0 0.02 M M 13.1 24 90 M M 8 18 29 310
20 43 15 29 -14 36 0 0.00 M M 6.5 12 80 M M 6 17 340
21 54 12 33 -10 32 0 0.00 M M 3.5 10 110 M M 0 15 40
22 56 22 39 -5 26 0 0.08 M M 12.5 25 320 M M 5 1 29 320
23 43 26 35 -9 30 0 0.10 M M 10.1 15 70 M M 9 12 18 80
24 53 27 40 -4 25 0 0.10 M M 5.8 22 80 M M 8 28 60
25 49 36 43 -1 22 0 0.49 M M 4.7 22 240 M M 9 1 27 230
26 53 30 42 -3 23 0 0.03 M M 5.9 14 280 M M 8 1 20 270
27 61 25 43 -2 22 0 0.00 M M 9.8 20 270 M M 0 24 270
28 67 35 51 6 14 0 0.00 M M 16.5 33 260 M M 0 39 260
29 75 46 61 15 4 0 0.00 M M 15.2 28 270 M M 1 35 270
30 85 47 66 20 0 1 0.00 M M 18.3 39 210 M M 1 51 260
================================================================================
SM 1679 860 674 1 1.24 M 414.8 M 145
================================================================================
AV 56.0 28.7 13.8 FASTST M M 5 MAX(MPH)
MISC ----> 45 200 54 200
================================================================================
NOTES:
# LAST OF SEVERAL OCCURRENCES
COLUMN 17 PEAK WIND IN M.P.H.
PRELIMINARY LOCAL CLIMATOLOGICAL DATA (WS FORM: F-6) , PAGE 2
STATION: LIVINGSTON MT
MONTH: APRIL
YEAR: 2021
LATITUDE: 45 41 N
LONGITUDE: 110 26 W
[TEMPERATURE DATA] [PRECIPITATION DATA] SYMBOLS USED IN COLUMN 16
AVERAGE MONTHLY: 42.3 TOTAL FOR MONTH: 1.24 1 = FOG OR MIST
DPTR FM NORMAL: 0.2 DPTR FM NORMAL: -0.53 2 = FOG REDUCING VISIBILITY
HIGHEST: 85 ON 30 GRTST 24HR 0.50 ON 25-26 TO 1/4 MILE OR LESS
LOWEST: 12 ON 21 3 = THUNDER
SNOW, ICE PELLETS, HAIL 4 = ICE PELLETS
TOTAL MONTH: M 5 = HAIL
GRTST 24HR M ON M 6 = FREEZING RAIN OR DRIZZLE
GRTST DEPTH: M ON M 7 = DUSTSTORM OR SANDSTORM:
VSBY 1/2 MILE OR LESS
8 = SMOKE OR HAZE
[NO. OF DAYS WITH] [WEATHER - DAYS WITH] 9 = BLOWING SNOW
X = TORNADO
MAX 32 OR BELOW: 0 0.01 INCH OR MORE: 12
MAX 90 OR ABOVE: 0 0.10 INCH OR MORE: 4
MIN 32 OR BELOW: 19 0.50 INCH OR MORE: 0
MIN 0 OR BELOW: 0 1.00 INCH OR MORE: 0
[HDD (BASE 65) ]
TOTAL THIS MO. 674 CLEAR (SCALE 0-3) 12
DPTR FM NORMAL -15 PTCLDY (SCALE 4-7) 11
TOTAL FM JUL 1 6482 CLOUDY (SCALE 8-10) 7
DPTR FM NORMAL -471
[CDD (BASE 65) ]
TOTAL THIS MO. 1
DPTR FM NORMAL 1 [PRESSURE DATA]
TOTAL FM JAN 1 1 HIGHEST SLP 30.47 ON 19
DPTR FM NORMAL 1 LOWEST SLP 29.46 ON 10
[REMARKS]
#FINAL-04-21#