000
CXUS53 KTOP 010910
CF6LWC
PRELIMINARY LOCAL CLIMATOLOGICAL DATA (WS FORM: F-6)
STATION: LAWRENCE KS
MONTH: JANUARY
YEAR: 2022
LATITUDE: 39 0 N
LONGITUDE: 95 13 W
TEMPERATURE IN F: :PCPN: SNOW: WIND :SUNSHINE: SKY :PK WND
================================================================================
1 2 3 4 5 6A 6B 7 8 9 10 11 12 13 14 15 16 17 18
12Z AVG MX 2MIN
DY MAX MIN AVG DEP HDD CDD WTR SNW DPTH SPD SPD DIR MIN PSBL S-S WX SPD DR
================================================================================
1 34 9 22 -8 43 0 0.16 M M 15.3 23 350 M M 10 18 33 350
2 20 2 11 -19 54 0 T M M 7.9 21 340 M M 2 28 330
3 43 8 26 -4 39 0 0.00 M M 5.3 10 150 M M 0 8 14 150
4 50 30 40 10 25 0 0.00 M M 13.0 29 320 M M 0 39 330
5 30 15 23 -7 42 0 T M M 14.8 26 330 M M 4 36 320
6 17 7 12 -17 53 0 T M M 11.2 22 340 M M 5 29 340
7 25 8 17 -12 48 0 0.00 M M 7.8 16 150 M M 2 21 160
8 44 22 33 4 32 0 0.00 M M 9.8 17 150 M M 8 18 24 140
9 36 13 25 -4 40 0 T M M 10.1 23 350 M M 2 33 360
10 47 13 30 1 35 0 0.00 M M 3.0 8 100 M M 0 10 230
11 63 21 42 13 23 0 0.00 M M 8.9 23 210 M M 0 34 210
12 55 21 38 9 27 0 0.00 M M 4.4 18 300 M M 0 8 23 310
13 61 25 43 14 22 0 0.00 M M 6.9 20 320 M M 0 28 330
14 52 28 40 11 25 0 0.11 M M 8.6 23 330 M M 5 1 30 330
15 32 17 25 -4 40 0 0.02 M M 14.5 29 330 M M 10 18 39 350
16 36 13 25 -4 40 0 T M M 6.5 14 290 M M 7 128 19 260
17 48 19 34 5 31 0 0.00 M M 6.4 12 180 M M M 17 170
18 58 28 43 14 22 0 0.00 M M 5.7 18 360 M M 0 26 350
19 44 12 28 -1 37 0 0.00 M M 17.1 28 10 M M 3 38 20
20 21 4 13 -16 52 0 0.00 M M 6.9 15 10 M M 0 21 10
21 29 0 15 -14 50 0 0.00 M M 5.9 14 160 M M 0 8 18 170
22 51 18 35 6 30 0 0.00 M M 6.5 17 240 M M 1 24 230
23 45 30 38 9 27 0 0.00 M M 7.1 18 350 M M 1 25 230
24 58 23 41 12 24 0 0.00 M M 12.1 29 360 M M 2 38 360
25 27 11 19 -10 46 0 0.00 M M 7.4 15 360 M M 1 20 350
26 36 7 22 -8 43 0 0.00 M M 7.6 16 200 M M 3 23 180
27 48 21 35 5 30 0 0.00 M M 9.3 23 350 M M 4 30 340
28 34 15 25 -5 40 0 0.00 M M 8.4 22 350 M M 4 8 29 360
29 57 18 38 8 27 0 0.00 M M 6.5 15 280 M M 0 20 290
30 49 19 34 4 31 0 0.00 M M 4.9 9 330 M M 0 8 13 310
31 70 21 46 16 19 0 0.00 M M 9.0 22 200 M M 0 8 30 190
================================================================================
SM 1320 498 1097 0 0.29 M 268.8 M 74
================================================================================
AV 42.6 16.1 8.7 FASTST M M 2 MAX(MPH)
MISC ----> # 29 320 # 39 330
================================================================================
NOTES:
# LAST OF SEVERAL OCCURRENCES
COLUMN 17 PEAK WIND IN M.P.H.
PRELIMINARY LOCAL CLIMATOLOGICAL DATA (WS FORM: F-6) , PAGE 2
STATION: LAWRENCE KS
MONTH: JANUARY
YEAR: 2022
LATITUDE: 39 0 N
LONGITUDE: 95 13 W
[TEMPERATURE DATA] [PRECIPITATION DATA] SYMBOLS USED IN COLUMN 16
AVERAGE MONTHLY: 29.3 TOTAL FOR MONTH: 0.29 1 = FOG OR MIST
DPTR FM NORMAL: 0.0 DPTR FM NORMAL: -0.58 2 = FOG REDUCING VISIBILITY
HIGHEST: 70 ON 31 GRTST 24HR 0.16 ON 1- 1 TO 1/4 MILE OR LESS
LOWEST: 0 ON 21 3 = THUNDER
SNOW, ICE PELLETS, HAIL 4 = ICE PELLETS
TOTAL MONTH: M 5 = HAIL
GRTST 24HR M ON M 6 = FREEZING RAIN OR DRIZZLE
GRTST DEPTH: M ON M 7 = DUSTSTORM OR SANDSTORM:
VSBY 1/2 MILE OR LESS
8 = SMOKE OR HAZE
[NO. OF DAYS WITH] [WEATHER - DAYS WITH] 9 = BLOWING SNOW
X = TORNADO
MAX 32 OR BELOW: 8 0.01 INCH OR MORE: 3
MAX 90 OR ABOVE: 0 0.10 INCH OR MORE: 2
MIN 32 OR BELOW: 31 0.50 INCH OR MORE: 0
MIN 0 OR BELOW: 1 1.00 INCH OR MORE: 0
[HDD (BASE 65) ]
TOTAL THIS MO. 1097 CLEAR (SCALE 0-3) 20
DPTR FM NORMAL -9 PTCLDY (SCALE 4-7) 7
TOTAL FM JUL 1 2573 CLOUDY (SCALE 8-10) 4
DPTR FM NORMAL -514
[CDD (BASE 65) ]
TOTAL THIS MO. 0
DPTR FM NORMAL 0 [PRESSURE DATA]
TOTAL FM JAN 1 0 HIGHEST SLP 30.78 ON 20
DPTR FM NORMAL 0 LOWEST SLP 29.59 ON 4
[REMARKS]
#FINAL-01-22#