000
CXUS56 KOTX 020528
CF6LWS
PRELIMINARY LOCAL CLIMATOLOGICAL DATA (WS FORM: F-6)
STATION: LEWISTON ID AIRPORT
MONTH: JUNE
YEAR: 2021
LATITUDE: 46 22 N
LONGITUDE: 117 1 W
TEMPERATURE IN F: :PCPN: SNOW: WIND :SUNSHINE: SKY :PK WND
================================================================================
1 2 3 4 5 6A 6B 7 8 9 10 11 12 13 14 15 16 17 18
12Z AVG MX 2MIN
DY MAX MIN AVG DEP HDD CDD WTR SNW DPTH SPD SPD DIR MIN PSBL S-S WX SPD DR
================================================================================
1 94 59 77 13 0 12 0.00 0.0 0 3.5 9 200 M M 0 15 40
2 101 62 82 18 0 17 0.00 0.0 0 4.6 13 330 M M 0 17 320
3 97 68 83 19 0 18 T 0.0 0 4.2 14 320 M M 0 20 290
4 92 65 79 15 0 14 0.04 0.0 0 6.7 25 280 M M 0 3 35 290
5 76 58 67 3 0 2 0.00 0.0 0 14.2 31 290 M M 2 42 300
6 65 47 56 -8 9 0 0.00 0.0 0 5.9 18 320 M M 4 22 290
7 71 43 57 -7 8 0 0.04 0.0 0 6.3 18 330 M M 3 23 360
8 78 51 65 0 0 0 0.00 0.0 0 6.2 16 300 M M 2 20 280
9 72 55 64 -1 1 0 0.01 0.0 0 6.4 14 350 M M 5 21 350
10 73 50 62 -3 3 0 T 0.0 0 8.6 24 300 M M 4 31 290
11 79 50 65 0 0 0 0.00 0.0 0 6.7 22 290 M M 6 28 280
12 82 57 70 5 0 5 0.08 0.0 0 6.9 14 60 M M 4 19 90
13 98 63 81 15 0 16 0.00 0.0 0 7.5 23 300 M M 0 34 280
14 92 64 78 12 0 13 0.00 0.0 0 9.2 28 280 M M 0 44 300
15 73 53 63 -3 2 0 0.24 0.0 0 6.5 26 300 M M 7 36 290
16 80 48 64 -2 1 0 0.00 0.0 0 3.6 13 340 M M 0 17 330
17 86 52 69 3 0 4 0.00 0.0 0 4.0 12 10 M M 0 17 30
18 93 55 74 7 0 9 0.00 0.0 0 4.9 13 350 M M 0 16 360
19 90 60 75 8 0 10 0.00 0.0 0 5.5 20 320 M M 0 24 310
20 90 63 77 10 0 12 0.00 0.0 0 5.1 13 330 M M 0 18 320
21 97 62 80 12 0 15 0.00 0.0 0 5.8 14 310 M M 0 20 290
22 98 65 82 14 0 17 0.00 0.0 0 6.9 22 310 M M 0 30 310
23 98 74 86 18 0 21 0.00 0.0 0 7.3 16 310 M M 0 22 310
24 95 65 80 11 0 15 0.00 0.0 0 6.8 17 290 M M 0 23 320
25 96 72 84 15 0 19 0.00 0.0 0 5.3 18 310 M M 1 22 310
26 103 67 85 16 0 20 0.00 0.0 0 5.6 20 90 M M 0 26 80
27 107 72 90 20 0 25 0.00 0.0 0 8.2 20 110 M M 0 24 100
28 112 78 95 25 0 30 0.00 0.0 0 8.6 16 30 M M 0 22 40
29 115 76 96 26 0 31 0.00 0.0 0 6.9 16 100 M M 0 26 80
30 113 77 95 24 0 30 0.00 0.0 0 8.1 30 190 M M 0 38 38 190
================================================================================
SM 2716 1831 24 355 0.41 0.0 196.0 M 38
================================================================================
AV 90.5 61.0 6.5 FASTST M M 1 MAX(MPH)
MISC ----> 31 290 44 300
================================================================================
NOTES:
# LAST OF SEVERAL OCCURRENCES
COLUMN 17 PEAK WIND IN M.P.H.
PRELIMINARY LOCAL CLIMATOLOGICAL DATA (WS FORM: F-6) , PAGE 2
STATION: LEWISTON ID AIRPORT
MONTH: JUNE
YEAR: 2021
LATITUDE: 46 22 N
LONGITUDE: 117 1 W
[TEMPERATURE DATA] [PRECIPITATION DATA] SYMBOLS USED IN COLUMN 16
AVERAGE MONTHLY: 75.8 TOTAL FOR MONTH: 0.41 1 = FOG OR MIST
DPTR FM NORMAL: 9.3 DPTR FM NORMAL: -0.84 2 = FOG REDUCING VISIBILITY
HIGHEST: 115 ON 29 GRTST 24HR 0.24 ON 15-15 TO 1/4 MILE OR LESS
LOWEST: 43 ON 7 3 = THUNDER
SNOW, ICE PELLETS, HAIL 4 = ICE PELLETS
TOTAL MONTH: 0.0 INCH 5 = HAIL
GRTST 24HR 0.0 6 = FREEZING RAIN OR DRIZZLE
GRTST DEPTH: 0 7 = DUSTSTORM OR SANDSTORM:
VSBY 1/2 MILE OR LESS
8 = SMOKE OR HAZE
[NO. OF DAYS WITH] [WEATHER - DAYS WITH] 9 = BLOWING SNOW
X = TORNADO
MAX 32 OR BELOW: 0 0.01 INCH OR MORE: 5
MAX 90 OR ABOVE: 19 0.10 INCH OR MORE: 1
MIN 32 OR BELOW: 0 0.50 INCH OR MORE: 0
MIN 0 OR BELOW: 0 1.00 INCH OR MORE: 0
[HDD (BASE 65) ]
TOTAL THIS MO. 24 CLEAR (SCALE 0-3) 24
DPTR FM NORMAL -37 PTCLDY (SCALE 4-7) 6
TOTAL FM JUL 1 4661 CLOUDY (SCALE 8-10) 0
DPTR FM NORMAL -320
[CDD (BASE 65) ]
TOTAL THIS MO. 355
DPTR FM NORMAL 248 [PRESSURE DATA]
TOTAL FM JAN 1 395 HIGHEST SLP 30.35 ON 16
DPTR FM NORMAL 252 LOWEST SLP 29.57 ON 30
[REMARKS]
#FINAL-06-21#