000
CXUS56 KTFX 220802
CF6LWT
PRELIMINARY LOCAL CLIMATOLOGICAL DATA (WS FORM: F-6)
STATION: LEWISTOWN MT
MONTH: FEBRUARY
YEAR: 2023
LATITUDE: 47 2 N
LONGITUDE: 109 28 W
TEMPERATURE IN F: :PCPN: SNOW: WIND :SUNSHINE: SKY :PK WND
================================================================================
1 2 3 4 5 6A 6B 7 8 9 10 11 12 13 14 15 16 17 18
12Z AVG MX 2MIN
DY MAX MIN AVG DEP HDD CDD WTR SNW DPTH SPD SPD DIR MIN PSBL S-S WX SPD DR
================================================================================
1 35 17 26 2 39 0 T M M 12.7 25 290 M M 4 1 37 290
2 41 10 26 2 39 0 0.00 M 9 10.9 24 240 M M 3 1 29 240
3 43 34 39 15 26 0 0.00 M M 20.8 33 230 M M 1 40 230
4 43 27 35 11 30 0 0.00 M M 18.9 36 240 M M 1 44 240
5 42 21 32 8 33 0 0.00 M M 10.3 25 210 M M 6 33 210
6 41 30 36 12 29 0 0.00 M M 13.9 23 290 M M 5 33 290
7 45 31 38 14 27 0 0.00 M M 14.4 26 240 M M 1 34 240
8 40 16 28 4 37 0 0.11 M M 16.1 32 290 M M 6 12 47 290
9 36 8 22 -2 43 0 0.00 M 7 5.4 12 200 M M 1 17 200
10 48 20 34 10 31 0 0.00 M M 9.2 24 220 M M 0 32 230
11 43 22 33 9 32 0 0.00 M 0 6.8 15 300 M M 1 24 290
12 47 22 35 11 30 0 0.00 M 0 10.0 22 230 M M 0 28 220
13 47 29 38 14 27 0 0.17 M 0 12.5 30 230 M M 4 1 40 230
14 30 2 16 -8 49 0 0.13 M 2 10.5 23 300 M M 8 1 34 290
15 29 -2 14 -10 51 0 0.00 M M 7.5 17 210 M M 0 21 200
16 37 9 23 -1 42 0 0.00 M 1 8.2 24 240 M M 0 35 230
17 39 28 34 10 31 0 0.00 M 1 18.8 26 230 M M 5 34 230
18 35 16 26 1 39 0 0.09 M M 15.4 28 240 M M 9 12 39 240
19 36 22 29 4 36 0 T M M 17.3 30 270 M M 10 18 45 310
20 37 21 29 4 36 0 0.52 M M 8.7 30 210 M M 10 12 37 220
21 39 -6 17 -8 48 0 0.02 M 12 13.7 30 210 M M 9 12 37 210
22 -6 -12 -9 -34 74 0 0.02 M 12 9.4 15 80 M M 10 8 20 90
23 -7 -19 -13 -39 78 0 T M 7 5.1 10 350 M M 7 8 14 360
24 22 -21 1 -25 64 0 T M 7 10.0 28 230 M M 1 35 230
25 37 20 29 3 36 0 0.00 M 7 21.2 32 230 M M 1 9 40 240
26 43 32 38 12 27 0 0.00 M M 15.0 33 210 M M 3 41 210
27 34 21 28 1 37 0 0.00 M M 10.6 23 230 M M 2 30 230
28 38 20 29 2 36 0 T M 3 7.2 18 240 M M 6 25 310
================================================================================
SM 994 418 1107 0 1.06 M 340.5 M 114
================================================================================
AV 35.5 14.9 12.2 FASTST M M 4 MAX(MPH)
MISC ----> 36 240 47 290
================================================================================
NOTES:
# LAST OF SEVERAL OCCURRENCES
COLUMN 17 PEAK WIND IN M.P.H.
PRELIMINARY LOCAL CLIMATOLOGICAL DATA (WS FORM: F-6) , PAGE 2
STATION: LEWISTOWN MT
MONTH: FEBRUARY
YEAR: 2023
LATITUDE: 47 2 N
LONGITUDE: 109 28 W
[TEMPERATURE DATA] [PRECIPITATION DATA] SYMBOLS USED IN COLUMN 16
AVERAGE MONTHLY: 25.2 TOTAL FOR MONTH: 1.06 1 = FOG OR MIST
DPTR FM NORMAL: 0.6 DPTR FM NORMAL: 0.57 2 = FOG REDUCING VISIBILITY
HIGHEST: 48 ON 10 GRTST 24HR 0.52 ON 19-20 TO 1/4 MILE OR LESS
LOWEST: -21 ON 24 3 = THUNDER
SNOW, ICE PELLETS, HAIL 4 = ICE PELLETS
TOTAL MONTH: M 5 = HAIL
GRTST 24HR M ON M 6 = FREEZING RAIN OR DRIZZLE
GRTST DEPTH: 12 ON 22,21 7 = DUSTSTORM OR SANDSTORM:
VSBY 1/2 MILE OR LESS
8 = SMOKE OR HAZE
[NO. OF DAYS WITH] [WEATHER - DAYS WITH] 9 = BLOWING SNOW
X = TORNADO
MAX 32 OR BELOW: 5 0.01 INCH OR MORE: 7
MAX 90 OR ABOVE: 0 0.10 INCH OR MORE: 4
MIN 32 OR BELOW: 27 0.50 INCH OR MORE: 1
MIN 0 OR BELOW: 5 1.00 INCH OR MORE: 0
[HDD (BASE 65) ]
TOTAL THIS MO. 1107 CLEAR (SCALE 0-3) 14
DPTR FM NORMAL -24 PTCLDY (SCALE 4-7) 9
TOTAL FM JUL 1 5826 CLOUDY (SCALE 8-10) 5
DPTR FM NORMAL 64
[CDD (BASE 65) ]
TOTAL THIS MO. 0
DPTR FM NORMAL 0 [PRESSURE DATA]
TOTAL FM JAN 1 0 HIGHEST SLP 30.55 ON 23
DPTR FM NORMAL 0 LOWEST SLP 29.24 ON 21
[REMARKS]
#FINAL-02-23#