000
CXUS56 KTFX 011110
CF6LWT
PRELIMINARY LOCAL CLIMATOLOGICAL DATA (WS FORM: F-6)
STATION: LEWISTOWN MT
MONTH: SEPTEMBER
YEAR: 2023
LATITUDE: 47 2 N
LONGITUDE: 109 28 W
TEMPERATURE IN F: :PCPN: SNOW: WIND :SUNSHINE: SKY :PK WND
================================================================================
1 2 3 4 5 6A 6B 7 8 9 10 11 12 13 14 15 16 17 18
12Z AVG MX 2MIN
DY MAX MIN AVG DEP HDD CDD WTR SNW DPTH SPD SPD DIR MIN PSBL S-S WX SPD DR
================================================================================
1 83 47 65 4 0 0 0.00 M M 10.4 23 100 M M 0 31 90
2 91 54 73 12 0 8 0.00 M M 10.5 26 260 M M 0 33 240
3 87 55 71 11 0 6 0.06 M M 7.3 40 280 M M 3 13 59 270
4 63 46 55 -5 10 0 0.33 M M 8.2 15 300 M M 9 18 24 310
5 72 46 59 -1 6 0 0.00 M M 5.7 12 100 M M 7 18 16 100
6 80 48 64 5 1 0 0.00 M M 6.4 21 250 M M 3 8 30 250
7 74 51 63 4 2 0 0.05 M M 6.6 15 270 M M 3 21 100
8 73 48 61 2 4 0 0.98 M M 6.5 36 300 M M 6 123 53 290
9 70 44 57 -1 8 0 0.00 M M 4.5 10 180 M M 3 16 10
10 72 45 59 1 6 0 0.00 M M 6.8 14 100 M M 2 18 120
11 78 45 62 4 3 0 0.00 M M 5.1 10 120 M M 0 16 310
12 81 47 64 7 1 0 0.01 M M 6.1 28 210 M M 2 3 35 220
13 71 50 61 4 4 0 T M M 9.0 24 300 M M 4 32 310
14 71 44 58 1 7 0 0.00 M M 6.1 12 300 M M 2 19 290
15 77 39 58 2 7 0 0.00 M M 4.8 9 120 M M 0 12 40
16 82 43 63 7 2 0 0.00 M M 5.8 13 180 M M 0 17 270
17 84 47 66 10 0 1 0.00 M M 8.2 17 270 M M 0 28 250
18 79 52 66 11 0 1 0.00 M M 10.3 24 270 M M 1 34 300
19 68 46 57 2 8 0 0.02 M M 6.8 24 140 M M 1 37 140
20 64 36 50 -4 15 0 0.01 M M 7.9 17 90 M M 3 23 60
21 54 43 49 -5 16 0 0.65 M M 5.7 15 70 M M 10 13 21 80
22 58 45 52 -2 13 0 1.02 M M 3.1 13 100 M M 10 123 17 310
23 63 44 54 1 11 0 0.13 M M 5.8 13 270 M M 6 1 17 280
24 72 38 55 2 10 0 0.00 M M 4.7 10 110 M M 0 13 240
25 79 43 61 9 4 0 0.00 M M 6.4 15 130 M M 2 22 160
26 83 48 66 14 0 1 0.00 M M 9.1 22 190 M M 0 29 190
27 71 41 56 4 9 0 0.02 M M 7.5 30 300 M M 3 40 300
28 61 38 50 -1 15 0 0.00 M M 7.1 18 240 M M 2 23 230
29 65 39 52 1 13 0 0.00 M M 5.1 13 120 M M 3 18 120
30 51 44 48 -2 17 0 T M M 7.2 13 300 M M 9 17 120
================================================================================
SM 2177 1356 192 17 3.28 M 204.7 M 94
================================================================================
AV 72.6 45.2 6.8 FASTST M M 3 MAX(MPH)
MISC ----> 40 280 59 270
================================================================================
NOTES:
# LAST OF SEVERAL OCCURRENCES
COLUMN 17 PEAK WIND IN M.P.H.
PRELIMINARY LOCAL CLIMATOLOGICAL DATA (WS FORM: F-6) , PAGE 2
STATION: LEWISTOWN MT
MONTH: SEPTEMBER
YEAR: 2023
LATITUDE: 47 2 N
LONGITUDE: 109 28 W
[TEMPERATURE DATA] [PRECIPITATION DATA] SYMBOLS USED IN COLUMN 16
AVERAGE MONTHLY: 58.9 TOTAL FOR MONTH: 3.28 1 = FOG OR MIST
DPTR FM NORMAL: 3.0 DPTR FM NORMAL: 1.89 2 = FOG REDUCING VISIBILITY
HIGHEST: 91 ON 2 GRTST 24HR 1.09 ON 21-22 TO 1/4 MILE OR LESS
LOWEST: 36 ON 20 3 = THUNDER
SNOW, ICE PELLETS, HAIL 4 = ICE PELLETS
TOTAL MONTH: M 5 = HAIL
GRTST 24HR M ON M 6 = FREEZING RAIN OR DRIZZLE
GRTST DEPTH: M ON M 7 = DUSTSTORM OR SANDSTORM:
VSBY 1/2 MILE OR LESS
8 = SMOKE OR HAZE
[NO. OF DAYS WITH] [WEATHER - DAYS WITH] 9 = BLOWING SNOW
X = TORNADO
MAX 32 OR BELOW: 0 0.01 INCH OR MORE: 11
MAX 90 OR ABOVE: 1 0.10 INCH OR MORE: 5
MIN 32 OR BELOW: 0 0.50 INCH OR MORE: 3
MIN 0 OR BELOW: 0 1.00 INCH OR MORE: 1
[HDD (BASE 65) ]
TOTAL THIS MO. 192 CLEAR (SCALE 0-3) 19
DPTR FM NORMAL -97 PTCLDY (SCALE 4-7) 7
TOTAL FM JUL 1 277 CLOUDY (SCALE 8-10) 4
DPTR FM NORMAL -160
[CDD (BASE 65) ]
TOTAL THIS MO. 17
DPTR FM NORMAL -1 [PRESSURE DATA]
TOTAL FM JAN 1 229 HIGHEST SLP 30.33 ON 9
DPTR FM NORMAL 1 LOWEST SLP 29.64 ON 4
[REMARKS]
#FINAL-09-23#