550
CXUS53 KILX 021828
CLSLWV
CLIMATE REPORT
NATIONAL WEATHER SERVICE LINCOLN IL
1228 PM CST TUE MAR 02 2021
...................................
...THE LAWRENCEVILLE IL AIRPORT CLIMATE SUMMARY FOR THE SEASON, FROM
12/1/2020 TO 2/28/2021...
CLIMATE NORMAL PERIOD 1981 TO 2010
CLIMATE RECORD PERIOD 9999 TO 9999
WEATHER OBSERVED NORMAL DEPART LAST YEAR`S
VALUE DATE(S) VALUE FROM VALUE
NORMAL
..............................................................
TEMPERATURE (F)
RECORD
HIGH MM MM
LOW -6 02/17/2021
HIGHEST 65 12/10 MM MM 72
12/11
02/28
LOWEST -6R 02/17 MM MM 8
AVG. MAXIMUM 39.8 41.8 -2.0 46.4
AVG. MINIMUM 24.3 25.5 -1.2 28.6
MEAN 32.1 33.7 -1.6 37.5
DAYS MAX >= 90 0 0.0 0.0 MM
DAYS MAX <= 32 18 16.8 1.2 MM
DAYS MIN <= 32 75 64.5 10.5 MM
DAYS MIN <= 0 4 2.2 1.8 MM
PRECIPITATION (INCHES)
RECORD
MAXIMUM MM MM
MINIMUM MM MM
TOTALS 8.06 7.78 0.28 11.53
DAILY AVG. 0.09 0.13
DAYS >= .01 27 MM MM MM
DAYS >= .10 15 MM MM MM
DAYS >= .50 7 MM MM MM
DAYS >= 1.00 1 MM MM MM
GREATEST
24 HR. TOTAL 1.96 2.21
DEGREE DAYS
HEATING TOTAL 2836 2817 19 2475
SINCE 7/1 3637 3676 -39 3515
COOLING TOTAL 0 0 0 0
SINCE 1/1 0 0 0 0
FREEZE DATES
RECORD
EARLIEST MM
LATEST MM
EARLIEST 10/16
LATEST 04/02
..............................................................
WIND (MPH)
AVERAGE WIND SPEED 9.6
HIGHEST WIND SPEED/DIRECTION 35/290 DATE 02/04
HIGHEST GUST SPEED/DIRECTION 50/290 DATE 02/04
SKY COVER
POSSIBLE SUNSHINE (PERCENT) MM
AVERAGE SKY COVER 0.54
NUMBER OF DAYS FAIR 28
NUMBER OF DAYS PC 28
NUMBER OF DAYS CLOUDY 34
AVERAGE RH (PERCENT) 76
WEATHER CONDITIONS. NUMBER OF DAYS WITH
THUNDERSTORM 0 MIXED PRECIP 1
HEAVY RAIN 8 RAIN 10
LIGHT RAIN 19 FREEZING RAIN 2
LT FREEZING RAIN 2 HAIL 0
HEAVY SNOW 3 SNOW 4
LIGHT SNOW 27 SLEET 0
FOG 51 FOG W/VIS <= 1/4 MILE 10
HAZE 23
- INDICATES NEGATIVE NUMBERS.
R INDICATES RECORD WAS SET OR TIED.
MM INDICATES DATA IS MISSING.
T INDICATES TRACE AMOUNT.
$$
BAKER