000
CXUS53 KGID 012132
CF6LXN
PRELIMINARY LOCAL CLIMATOLOGICAL DATA (WS FORM: F-6)
STATION: LEXINGTON NE
MONTH: OCTOBER
YEAR: 2021
LATITUDE: 40 47 N
LONGITUDE: 99 46 W
TEMPERATURE IN F: :PCPN: SNOW: WIND :SUNSHINE: SKY :PK WND
================================================================================
1 2 3 4 5 6A 6B 7 8 9 10 11 12 13 14 15 16 17 18
12Z AVG MX 2MIN
DY MAX MIN AVG DEP HDD CDD WTR SNW DPTH SPD SPD DIR MIN PSBL S-S WX SPD DR
================================================================================
1 68 51 60 M 5 0 0.00 M M 5.6 13 300 M M 7 M M
2 72 49 61 M 4 0 0.00 M M 5.9 10 340 M M 1 18 18 360
3 80 44 62 M 3 0 0.00 M M 4.3 8 290 M M 0 M M
4 82 44 63 M 2 0 0.00 M M 3.8 8 80 M M 1 8 M M
5 78 42 60 M 5 0 0.00 M M 3.7 9 110 M M 1 12 17 130
6 76 43 60 M 5 0 0.00 M M 8.0 16 140 M M 0 22 150
7 79 52 66 M 0 1 0.00 M M 7.8 15 170 M M 0 20 160
8 84 46 65 M 0 0 0.00 M M 2.2 8 130 M M 0 1 M M
9 82 52 67 M 0 2 0.00 M M 6.3 14 290 M M 0 23 280
10 69 41 55 M 10 0 0.00 M M 10.3 21 320 M M 0 30 320
11 72 37 55 M 10 0 0.00 M M 3.3 8 70 M M 0 18 M M
12 72 43 58 M 7 0 0.43 M M 15.7 29 140 M M 5 3 40 140
13 59 36 48 M 17 0 0.01 M M 19.8 39 270 M M 2 46 270
14 52 29 41 M 24 0 0.03 M M 5.5 13 310 M M 5 24 320
15 58 31 45 M 20 0 0.00 M M 10.5 23 300 M M 2 32 300
16 67 28 48 M 17 0 0.00 M M 5.7 13 290 M M 0 17 280
17 75 31 53 M 12 0 0.00 M M 5.9 16 200 M M 0 22 190
18 73 34 54 M 11 0 0.00 M M 9.3 21 150 M M 0 28 150
19 76 40 58 M 7 0 0.00 M M 11.4 24 320 M M 1 31 320
20 52 32 42 M 23 0 0.00 M M 17.4 25 320 M M 7 33 300
21 60 28 44 M 21 0 0.00 M M 4.4 10 300 M M 0 M M
22 73 30 52 M 13 0 0.00 M M 4.6 13 70 M M 0 M M
23 55 36 46 M 19 0 T M M 8.2 15 90 M M 6 1 20 80
24 67 35 51 M 14 0 0.01 M M 11.5 21 340 M M 4 28 330
25 48 40 44 M 21 0 0.00 M M 9.4 18 140 M M 10 1 24 140
26 68 46 57 M 8 0 0.05 M M 18.0 27 140 M M 9 1 35 140
27 57 36 47 M 18 0 0.02 M M 19.1 30 350 M M 4 36 350
28 61 36 49 M 16 0 0.00 M M 23.4 39 340 M M 0 47 340
29 62 29 46 M 19 0 0.00 M M 6.2 10 300 M M 0 M M
30 68 31 50 M 15 0 0.00 M M 12.4 27 350 M M 0 32 350
31 44 33 39 M 26 0 0.01 M M 8.5 17 20 M M 10 18 360
================================================================================
SM 2089 1185 372 3 0.56 M 288.1 M 75
================================================================================
AV 67.4 38.2 9.3 FASTST M M 2 MAX(MPH)
MISC ----> # 39 270 M M
================================================================================
NOTES:
# LAST OF SEVERAL OCCURRENCES
COLUMN 17 PEAK WIND IN M.P.H.
PRELIMINARY LOCAL CLIMATOLOGICAL DATA (WS FORM: F-6) , PAGE 2
STATION: LEXINGTON NE
MONTH: OCTOBER
YEAR: 2021
LATITUDE: 40 47 N
LONGITUDE: 99 46 W
[TEMPERATURE DATA] [PRECIPITATION DATA] SYMBOLS USED IN COLUMN 16
AVERAGE MONTHLY: 52.8 TOTAL FOR MONTH: 0.56 1 = FOG OR MIST
DPTR FM NORMAL: M DPTR FM NORMAL: M 2 = FOG REDUCING VISIBILITY
HIGHEST: 84 ON 8 GRTST 24HR 0.43 ON 12-12 TO 1/4 MILE OR LESS
LOWEST: 28 ON 21,16 3 = THUNDER
SNOW, ICE PELLETS, HAIL 4 = ICE PELLETS
TOTAL MONTH: M 5 = HAIL
GRTST 24HR M ON M 6 = FREEZING RAIN OR DRIZZLE
GRTST DEPTH: M ON M 7 = DUSTSTORM OR SANDSTORM:
VSBY 1/2 MILE OR LESS
8 = SMOKE OR HAZE
[NO. OF DAYS WITH] [WEATHER - DAYS WITH] 9 = BLOWING SNOW
X = TORNADO
MAX 32 OR BELOW: 0 0.01 INCH OR MORE: 7
MAX 90 OR ABOVE: 0 0.10 INCH OR MORE: 1
MIN 32 OR BELOW: 9 0.50 INCH OR MORE: 0
MIN 0 OR BELOW: 0 1.00 INCH OR MORE: 0
[HDD (BASE 65) ]
TOTAL THIS MO. 372 CLEAR (SCALE 0-3) 21
DPTR FM NORMAL M PTCLDY (SCALE 4-7) 7
TOTAL FM JUL 1 418 CLOUDY (SCALE 8-10) 3
DPTR FM NORMAL M
[CDD (BASE 65) ]
TOTAL THIS MO. 3
DPTR FM NORMAL M [PRESSURE DATA]
TOTAL FM JAN 1 1081 HIGHEST SLP M ON M
DPTR FM NORMAL M LOWEST SLP M ON M
[REMARKS]
#FINAL-10-21#