000
CXUS53 KEAX 010736
CF6LXT
PRELIMINARY LOCAL CLIMATOLOGICAL DATA (WS FORM: F-6)
STATION: LEE`S SUMMIT MO
MONTH: JULY
YEAR: 2022
LATITUDE: 38 57 N
LONGITUDE: 94 22 W
TEMPERATURE IN F: :PCPN: SNOW: WIND :SUNSHINE: SKY :PK WND
================================================================================
1 2 3 4 5 6A 6B 7 8 9 10 11 12 13 14 15 16 17 18
12Z AVG MX 2MIN
DY MAX MIN AVG DEP HDD CDD WTR SNW DPTH SPD SPD DIR MIN PSBL S-S WX SPD DR
================================================================================
1 90 70 80 2 0 15 T M M 8.5 17 30 M M 2 3 22 30
2 80 66 73 -5 0 8 0.47 M M 7.1 12 40 M M 8 13 16 90
3 89 70 80 2 0 15 0.00 M M 6.2 18 180 M M 6 1 25 180
4 96 73 85 7 0 20 0.00 M M 11.9 20 210 M M 0 28 200
5 96 78 87 9 0 22 0.00 M M 12.2 22 210 M M 0 8 30 190
6 95 77 86 8 0 21 0.00 M M 7.9 17 30 M M 2 23 50
7 92 72 82 3 0 17 T M M 8.4 20 360 M M 3 3 26 10
8 91 74 83 4 0 18 0.00 M M 9.0 35 10 M M 4 42 360
9 87 72 80 1 0 15 0.00 M M 10.4 20 40 M M 5 26 30
10 90 69 80 1 0 15 0.00 M M 7.8 14 180 M M 0 21 160
11 97 72 85 6 0 20 0.00 M M 9.2 22 10 M M 1 30 360
12 88 66 77 -2 0 12 0.00 M M 6.4 16 30 M M 1 26 360
13 93 65 79 0 0 14 0.00 M M 3.2 10 150 M M 0 16 60
14 97 72 85 6 0 20 0.00 M M 8.7 16 210 M M 1 22 210
15 100 74 87 8 0 22 0.01 M M 11.7 26 220 M M 1 3 35 220
16 92 75 84 5 0 19 T M M 7.7 14 80 M M 2 19 80
17 88 73 81 2 0 16 0.15 M M 8.2 16 20 M M 5 1 22 10
18 M 69 M M M M 0.00 M M 0.0 6 280 M M 0 12 7 260
19 M M M M M M 0.00 M M M M M M M 0 M M
20 M M M M M M 0.00 M M M M M M M 0 M M
21 100 M M M M M 0.00 M M 7.2 12 30 M M 0 18 200
22 99 M M M M M 0.00 M M 11.3 21 210 M M 0 28 220
23 101 79 90 11 0 25 0.00 M M 15.0 25 210 M M 0 34 210
24 94 73 84 5 0 19 0.03 M M 10.8 22 220 M M 2 1 30 210
25 75 66 71 -8 0 6 1.06 M M 8.9 18 60 M M 7 13 26 70
26 82 66 74 -5 0 9 0.13 M M 7.2 17 280 M M 3 13 25 280
27 87 69 78 -1 0 13 1.10 M M 5.4 16 150 M M 4 13 22 150
28 83 M M M M M 0.13 M M 5.6 14 10 M M 4 1 20 20
29 M M M M M M 0.00 M M 6.6 14 20 M M 0 20 30
30 M 63 M M M M M M M 6.9 15 90 M M 2 20 100
31 90 M M M M M M M M 9.5 17 200 M M 3 23 200
================================================================================
SM 2372 1703 0 361 3.08 M 238.9 M 66
================================================================================
AV 91.2 71.0 8.2 FASTST M M 2 MAX(MPH)
MISC ----> 35 10 42 360
================================================================================
NOTES:
# LAST OF SEVERAL OCCURRENCES
COLUMN 17 PEAK WIND IN M.P.H.
PRELIMINARY LOCAL CLIMATOLOGICAL DATA (WS FORM: F-6) , PAGE 2
STATION: LEE`S SUMMIT MO
MONTH: JULY
YEAR: 2022
LATITUDE: 38 57 N
LONGITUDE: 94 22 W
[TEMPERATURE DATA] [PRECIPITATION DATA] SYMBOLS USED IN COLUMN 16
AVERAGE MONTHLY: 81.1 TOTAL FOR MONTH: 3.08 1 = FOG OR MIST
DPTR FM NORMAL: 2.1 DPTR FM NORMAL: -1.49 2 = FOG REDUCING VISIBILITY
HIGHEST: 101 ON 23 GRTST 24HR 1.23 ON 26-27 TO 1/4 MILE OR LESS
LOWEST: 63 ON 30 3 = THUNDER
SNOW, ICE PELLETS, HAIL 4 = ICE PELLETS
TOTAL MONTH: M 5 = HAIL
GRTST 24HR M ON M 6 = FREEZING RAIN OR DRIZZLE
GRTST DEPTH: M ON M 7 = DUSTSTORM OR SANDSTORM:
VSBY 1/2 MILE OR LESS
8 = SMOKE OR HAZE
[NO. OF DAYS WITH] [WEATHER - DAYS WITH] 9 = BLOWING SNOW
X = TORNADO
MAX 32 OR BELOW: 0 0.01 INCH OR MORE: 8
MAX 90 OR ABOVE: 17 0.10 INCH OR MORE: 6
MIN 32 OR BELOW: 0 0.50 INCH OR MORE: 2
MIN 0 OR BELOW: 0 1.00 INCH OR MORE: 2
[HDD (BASE 65) ]
TOTAL THIS MO. 0 CLEAR (SCALE 0-3) 22
DPTR FM NORMAL 0 PTCLDY (SCALE 4-7) 9
TOTAL FM JUL 1 0 CLOUDY (SCALE 8-10) 0
DPTR FM NORMAL 0
[CDD (BASE 65) ]
TOTAL THIS MO. 361
DPTR FM NORMAL -73 [PRESSURE DATA]
TOTAL FM JAN 1 866 HIGHEST SLP M ON M
DPTR FM NORMAL 4 LOWEST SLP 29.79 ON 5
[REMARKS]
#FINAL-07-22#