000
CXUS54 KLZK 011230
CF6LZK
PRELIMINARY LOCAL CLIMATOLOGICAL DATA (WS FORM: F-6)
STATION: NORTH LITTLE ROCK
MONTH: MAY
YEAR: 2023
LATITUDE: 34 50 N
LONGITUDE: 92 16 W
TEMPERATURE IN F: :PCPN: SNOW: WIND :SUNSHINE: SKY :PK WND
================================================================================
1 2 3 4 5 6A 6B 7 8 9 10 11 12 13 14 15 16 17 18
12Z AVG MX 2MIN
DY MAX MIN AVG DEP HDD CDD WTR SNW DPTH SPD SPD DIR MIN PSBL S-S WX SPD DR
================================================================================
1 69 49 59 -7 6 0 0.00 0.0 0 M M M M M M M M
2 74 47 61 -5 4 0 0.00 0.0 0 M M M M M M M M
3 74 50 62 -4 3 0 0.00 0.0 0 M M M M M M M M
4 76 55 66 -1 0 1 T 0.0 0 M M M M M M M M
5 71 58 65 -2 0 0 0.04 0.0 0 M M M M M M M M
6 87 64 76 9 0 11 0.01 0.0 0 M M M M M M M M
7 83 69 76 9 0 11 0.12 0.0 0 M M M M M M M M
8 85 69 77 9 0 12 0.00 0.0 0 M M M M M M M M
9 88 65 77 9 0 12 T 0.0 0 M M M M M M M M
10 80 67 74 6 0 9 0.26 0.0 0 M M M M M M M M
11 72 67 70 2 0 5 2.09 0.0 0 M M M M M M 13 M M
12 80 66 73 4 0 8 0.01 0.0 0 M M M M M M M M
13 88 68 78 9 0 13 0.00 0.0 0 M M M M M M M M
14 88 69 79 10 0 14 0.00 0.0 0 M M M M M M M M
15 88 69 79 9 0 14 0.00 0.0 0 M M M M M M M M
16 83 68 76 6 0 11 0.00 0.0 0 M M M M M M M M
17 75 64 70 0 0 5 T 0.0 0 M M M M M M M M
18 83 64 74 4 0 9 0.00 0.0 0 M M M M M M M M
19 83 65 74 3 0 9 0.09 0.0 0 M M M M M M 3 M M
20 74 58 66 -5 0 1 0.01 0.0 0 M M M M M M M M
21 75 57 66 -5 0 1 0.00 0.0 0 M M M M M M M M
22 79 60 70 -2 0 5 0.00 0.0 0 M M M M M M M M
23 85 63 74 2 0 9 0.00 0.0 0 M M M M M M M M
24 84 61 73 1 0 8 0.00 0.0 0 M M M M M M M M
25 87 65 76 3 0 11 0.00 0.0 0 M M M M M M M M
26 82 63 73 0 0 8 T 0.0 0 M M M M M M M M
27 82 59 71 -2 0 6 0.00 0.0 0 M M M M M M M M
28 82 59 71 -3 0 6 0.00 0.0 0 M M M M M M M M
29 87 63 75 1 0 10 0.00 0.0 0 M M M M M M M M
30 88 66 77 3 0 12 0.00 0.0 0 M M M M M M M M
31 89 66 78 4 0 13 0.00 0.0 0 M M M M M M M M
================================================================================
SM 2521 1933 13 234 2.63 0.0 M M M
================================================================================
AV 81.3 62.4 M FASTST M M M MAX(MPH)
MISC ----> M M M M
================================================================================
NOTES:
# LAST OF SEVERAL OCCURRENCES
COLUMN 17 PEAK WIND IN M.P.H.
PRELIMINARY LOCAL CLIMATOLOGICAL DATA (WS FORM: F-6) , PAGE 2
STATION: NORTH LITTLE ROCK
MONTH: MAY
YEAR: 2023
LATITUDE: 34 50 N
LONGITUDE: 92 16 W
[TEMPERATURE DATA] [PRECIPITATION DATA] SYMBOLS USED IN COLUMN 16
AVERAGE MONTHLY: 71.8 TOTAL FOR MONTH: 2.63 1 = FOG OR MIST
DPTR FM NORMAL: 1.8 DPTR FM NORMAL: -2.76 2 = FOG REDUCING VISIBILITY
HIGHEST: 89 ON 31 GRTST 24HR 2.09 ON 11-11 TO 1/4 MILE OR LESS
LOWEST: 47 ON 2 3 = THUNDER
SNOW, ICE PELLETS, HAIL 4 = ICE PELLETS
TOTAL MONTH: 0.0 INCH 5 = HAIL
GRTST 24HR 0.0 6 = FREEZING RAIN OR DRIZZLE
GRTST DEPTH: 0 7 = DUSTSTORM OR SANDSTORM:
VSBY 1/2 MILE OR LESS
8 = SMOKE OR HAZE
[NO. OF DAYS WITH] [WEATHER - DAYS WITH] 9 = BLOWING SNOW
X = TORNADO
MAX 32 OR BELOW: 0 0.01 INCH OR MORE: 8
MAX 90 OR ABOVE: 0 0.10 INCH OR MORE: 3
MIN 32 OR BELOW: 0 0.50 INCH OR MORE: 1
MIN 0 OR BELOW: 0 1.00 INCH OR MORE: 1
[HDD (BASE 65) ]
TOTAL THIS MO. 13 CLEAR (SCALE 0-3) 0
DPTR FM NORMAL -20 PTCLDY (SCALE 4-7) 0
TOTAL FM JUL 1 2698 CLOUDY (SCALE 8-10) 31
DPTR FM NORMAL -444
[CDD (BASE 65) ]
TOTAL THIS MO. 234
DPTR FM NORMAL 46 [PRESSURE DATA]
TOTAL FM JAN 1 286 HIGHEST SLP M ON M
DPTR FM NORMAL 29 LOWEST SLP M ON M
[REMARKS]
#FINAL-05-23#