000
CXUS52 KTAE 010900
CF6MAI
PRELIMINARY LOCAL CLIMATOLOGICAL DATA (WS FORM: F-6)
STATION: MARIANNA
MONTH: DECEMBER
YEAR: 2023
LATITUDE: 30 50 N
LONGITUDE: 85 11 W
TEMPERATURE IN F: :PCPN: SNOW: WIND :SUNSHINE: SKY :PK WND
================================================================================
1 2 3 4 5 6A 6B 7 8 9 10 11 12 13 14 15 16 17 18
12Z AVG MX 2MIN
DY MAX MIN AVG DEP HDD CDD WTR SNW DPTH SPD SPD DIR MIN PSBL S-S WX SPD DR
================================================================================
1 76 49 63 7 2 0 0.04 0.0 0 6.5 20 180 M M 5 26 190
2 67 62 65 9 0 0 5.02 M M 6.3 18 180 M M 9 12 27 160
3 72 57 65 9 0 0 0.28 M M 5.7 15 180 M M 4 13 21 190
4 68 47 58 2 7 0 0.00 M M 4.3 16 250 M M 2 12 22 240
5 65 41 53 -2 12 0 0.00 0.0 M 4.4 13 330 M M 0 19 320
6 59 36 48 -7 17 0 0.00 0.0 M 7.2 17 20 M M 0 23 330
7 63 31 47 -8 18 0 0.00 M M 1.1 8 220 M M 0 11 210
8 66 41 54 -1 11 0 0.00 0.0 M 2.9 9 70 M M 7 12 140
9 79 56 68 13 0 3 0.18 0.0 M 7.2 20 200 M M 6 1 26 210
10 69 44 57 2 8 0 0.86 0.0 0 8.5 30 310 M M 8 13 45 310
11 58 36 47 -7 18 0 0.00 0.0 0 6.5 14 350 M M 0 19 320
12 60 34 47 -7 18 0 0.00 0.0 0 5.1 13 60 M M 0 22 50
13 63 41 52 -2 13 0 0.00 0.0 0 9.0 18 70 M M 0 25 80
14 66 45 56 2 9 0 0.00 0.0 0 13.8 24 50 M M 0 30 50
15 64 45 55 1 10 0 0.00 0.0 0 12.2 18 60 M M 2 24 80
16 59 49 54 0 11 0 0.42 0.0 0 9.7 15 40 M M 6 1 21 50
17 59 47 53 -1 12 0 0.33 0.0 0 12.2 21 60 M M 9 1 29 70
18 63 40 52 -2 13 0 0.00 0.0 0 8.6 16 300 M M 0 25 310
19 53 31 42 -11 23 0 0.00 0.0 M 7.2 16 10 M M 0 25 10
20 55 29 42 -11 23 0 0.00 0.0 M 5.6 13 60 M M 0 17 60
21 62 35 49 -4 16 0 0.00 0.0 M 5.2 12 80 M M 0 15 80
22 68 40 54 1 11 0 0.00 0.0 M 3.2 10 60 M M 0 13 60
23 72 42 57 4 8 0 0.00 0.0 M 3.4 10 90 M M 1 14 120
24 68 49 59 6 6 0 0.27 0.0 0 7.4 15 90 M M 3 1 22 90
25 73 61 67 14 0 2 0.28 0.0 M 8.4 23 150 M M 10 1 38 140
26 63 52 58 6 7 0 0.00 0.0 M 6.4 13 300 M M 8 1 16 300
27 63 45 54 2 11 0 0.00 0.0 M 4.4 10 240 M M 1 13 310
28 64 39 52 0 13 0 0.00 0.0 M 5.9 17 270 M M 0 27 270
29 54 34 44 -8 21 0 0.00 0.0 M 7.6 20 260 M M 0 26 310
30 56 33 45 -7 20 0 0.00 0.0 M 4.9 15 290 M M 0 21 300
31 62 29 46 -6 19 0 0.00 0.0 0 4.2 13 250 M M 0 24 210
================================================================================
SM 1989 1320 357 5 7.68 0.0 205.0 M 81
================================================================================
AV 64.2 42.6 6.6 FASTST M M 3 MAX(MPH)
MISC ----> 30 310 45 310
================================================================================
NOTES:
# LAST OF SEVERAL OCCURRENCES
COLUMN 17 PEAK WIND IN M.P.H.
PRELIMINARY LOCAL CLIMATOLOGICAL DATA (WS FORM: F-6) , PAGE 2
STATION: MARIANNA
MONTH: DECEMBER
YEAR: 2023
LATITUDE: 30 50 N
LONGITUDE: 85 11 W
[TEMPERATURE DATA] [PRECIPITATION DATA] SYMBOLS USED IN COLUMN 16
AVERAGE MONTHLY: 53.4 TOTAL FOR MONTH: 7.68 1 = FOG OR MIST
DPTR FM NORMAL: -0.5 DPTR FM NORMAL: 2.87 2 = FOG REDUCING VISIBILITY
HIGHEST: 79 ON 9 GRTST 24HR 5.10 ON 2- 3 TO 1/4 MILE OR LESS
LOWEST: 29 ON 31,20 3 = THUNDER
SNOW, ICE PELLETS, HAIL 4 = ICE PELLETS
TOTAL MONTH: 0.0 INCH 5 = HAIL
GRTST 24HR 0.0 6 = FREEZING RAIN OR DRIZZLE
GRTST DEPTH: 0 7 = DUSTSTORM OR SANDSTORM:
VSBY 1/2 MILE OR LESS
8 = SMOKE OR HAZE
[NO. OF DAYS WITH] [WEATHER - DAYS WITH] 9 = BLOWING SNOW
X = TORNADO
MAX 32 OR BELOW: 0 0.01 INCH OR MORE: 9
MAX 90 OR ABOVE: 0 0.10 INCH OR MORE: 8
MIN 32 OR BELOW: 4 0.50 INCH OR MORE: 2
MIN 0 OR BELOW: 0 1.00 INCH OR MORE: 1
[HDD (BASE 65) ]
TOTAL THIS MO. 357 CLEAR (SCALE 0-3) 21
DPTR FM NORMAL -5 PTCLDY (SCALE 4-7) 6
TOTAL FM JUL 1 585 CLOUDY (SCALE 8-10) 4
DPTR FM NORMAL -21
[CDD (BASE 65) ]
TOTAL THIS MO. 5
DPTR FM NORMAL -12 [PRESSURE DATA]
TOTAL FM JAN 1 2863 HIGHEST SLP 30.55 ON 14
DPTR FM NORMAL 109 LOWEST SLP 29.74 ON 17
[REMARKS]
#FINAL-12-23#