000
CXUS53 KABR 011506
CLMMBG
CLIMATE REPORT
NATIONAL WEATHER SERVICE ABERDEEN SD
1006 AM CDT SUN OCT 01 2023
...................................
...THE MOBRIDGE SD CLIMATE SUMMARY FOR THE MONTH OF SEPTEMBER 2023...
CLIMATE NORMAL PERIOD 1991 TO 2020
CLIMATE RECORD PERIOD 1911 TO 2023
WEATHER OBSERVED NORMAL DEPART LAST YEAR`S
VALUE DATE(S) VALUE FROM VALUE DATE(S)
NORMAL
................................................................
TEMPERATURE (F)
RECORD
HIGH 107 09/05/1913
LOW 17 09/27/1928
HIGHEST 101 09/02 74 27 99 09/01
LOWEST 44 09/12 MM MM 40 09/11
AVG. MAXIMUM 79.1 76.5 2.6 81.9
AVG. MINIMUM 52.7 49.9 2.8 52.2
MEAN 65.9 63.2 2.7 67.0
DAYS MAX >= 90 5 3.2 1.8 8
DAYS MAX <= 32 0 0.0 0.0 0
DAYS MIN <= 32 0 0.6 -0.6 0
DAYS MIN <= 0 0 0.0 0.0 0
PRECIPITATION (INCHES)
RECORD
MAXIMUM 4.65 1977
MINIMUM 0.05 2012
TOTALS 2.80 1.52 1.28 1.16
DAYS >= .01 8 7.1 0.9 5
DAYS >= .10 7 3.6 3.4 2
DAYS >= .50 1 0.8 0.2 1
DAYS >= 1.00 0 0.3 -0.3 0
SNOWFALL (INCHES)
RECORDS
TOTAL 2.0 1942
SNOW DEPTH MM MM
TOTALS 0.0 0.0 0.0 0.0
SINCE 7/1 T 0.0 0.0 MM
SNOWDEPTH AVG. 0 0
DAYS >= TRACE 0 0.0 0.0 0
DAYS >= 1.0 0 0.0 0.0 0
GREATEST
SNOW DEPTH 0 0 MM
DEGREE DAYS
HEATING TOTAL 57 138 -81 67
SINCE 7/1 72 157 -85 MM
COOLING TOTAL 87 84 3 137
SINCE 1/1 816 805 11 MM
FREEZE DATES
RECORD
EARLIEST MM
LATEST MM
EARLIEST MM
LATEST 05/02
................................................................
WIND (MPH)
AVERAGE WIND SPEED 8.7
RESULTANT WIND SPEED/DIRECTION 3/080
HIGHEST WIND SPEED/DIRECTION 36/350 DATE 09/05
HIGHEST GUST SPEED/DIRECTION 49/360 DATE 09/05
SKY COVER
POSSIBLE SUNSHINE (PERCENT) MM
AVERAGE SKY COVER 0.24
NUMBER OF DAYS FAIR 23
NUMBER OF DAYS PC 4
NUMBER OF DAYS CLOUDY 3
AVERAGE RH (PERCENT) 67
WEATHER CONDITIONS. NUMBER OF DAYS WITH
THUNDERSTORM 3 MIXED PRECIP 0
HEAVY RAIN 5 RAIN 7
LIGHT RAIN 9 FREEZING RAIN 0
LT FREEZING RAIN 0 HAIL 0
HEAVY SNOW 0 SNOW 0
LIGHT SNOW 0 SLEET 0
FOG 17 FOG W/VIS <= 1/4 MILE 1
HAZE 11
- INDICATES NEGATIVE NUMBERS.
R INDICATES RECORD WAS SET OR TIED.
MM INDICATES DATA IS MISSING.
T INDICATES TRACE AMOUNT.
$$