000
CXAK59 PAFG 020013
CLMMCG
CLIMATE REPORT
NATIONAL WEATHER SERVICE FAIRBANKS AK
413 PM AKDT SAT JUL 01 2023
...................................
...THE MCGRATH AK CLIMATE SUMMARY FOR THE MONTH OF JUNE 2023...
CLIMATE NORMAL PERIOD 1991 TO 2020
CLIMATE RECORD PERIOD 1946 TO 2023
WEATHER OBSERVED NORMAL DEPART LAST YEAR`S
VALUE DATE(S) VALUE FROM VALUE DATE(S)
NORMAL
................................................................
TEMPERATURE (F)
RECORD
HIGH 94 06/17/2013
LOW 27 06/04/2006
HIGHEST 76 06/24 MM MM MM MM
LOWEST 34 06/01 MM MM MM MM
AVG. MAXIMUM 64.7 68.8 -4.1 MM
AVG. MINIMUM 47.7 48.6 -0.9 MM
MEAN 56.2 58.7 -2.5 MM
DAYS MAX >= 90 0 0.1 -0.1 MM
DAYS MAX <= 32 0 0.0 0.0 MM
DAYS MIN <= 32 0 0.1 -0.1 MM
DAYS MIN <= 0 0 0.0 0.0 MM
PRECIPITATION (INCHES)
RECORD
MAXIMUM 4.36 1950
MINIMUM 0.15
TOTALS 2.21 1.66 0.55 MM
DAILY AVG. 0.07 0.06 0.01 MM
DAYS >= .01 20 13.1 6.9 MM
DAYS >= .10 7 5.1 1.9 MM
DAYS >= .50 1 0.6 0.4 MM
DAYS >= 1.00 0 0.1 -0.1 MM
GREATEST
24 HR. TOTAL 0.57 06/29 TO 06/29 MM
DEGREE DAYS
HEATING TOTAL 258 200 58 MM
SINCE 7/1 12634 13160 -526 MM
COOLING TOTAL 1 11 -10 MM
SINCE 1/1 1 11 -10 MM
................................................................
WIND (MPH)
AVERAGE WIND SPEED 4.6
HIGHEST WIND SPEED/DIRECTION 24/210 DATE 06/25
HIGHEST GUST SPEED/DIRECTION 33/200 DATE 06/25
SKY COVER
AVERAGE SKY COVER 0.74
NUMBER OF DAYS FAIR 1
WEATHER CONDITIONS. NUMBER OF DAYS WITH
THUNDERSTORM 0 MIXED PRECIP 0
HEAVY RAIN 1 RAIN 4
LIGHT RAIN 26 FREEZING RAIN 0
LT FREEZING RAIN 0 HAIL 0
HEAVY SNOW 0 SNOW 0
LIGHT SNOW 0 SLEET 0
FOG 11 FOG W/VIS <= 1/4 MILE 0
HAZE 0
- INDICATES NEGATIVE NUMBERS.
R INDICATES RECORD WAS SET OR TIED.
MM INDICATES DATA IS MISSING.
T INDICATES TRACE AMOUNT.
$$