000
CXUS53 KEAX 010836
CF6MCI
PRELIMINARY LOCAL CLIMATOLOGICAL DATA (WS FORM: F-6)
STATION: KANSAS CITY INTERNATIONAL MO
MONTH: NOVEMBER
YEAR: 2023
LATITUDE: 39 19 N
LONGITUDE: 94 43 W
TEMPERATURE IN F: :PCPN: SNOW: WIND :SUNSHINE: SKY :PK WND
================================================================================
1 2 3 4 5 6A 6B 7 8 9 10 11 12 13 14 15 16 17 18
12Z AVG MX 2MIN
DY MAX MIN AVG DEP HDD CDD WTR SNW DPTH SPD SPD DIR MIN PSBL S-S WX SPD DR
================================================================================
1 50 18 34 -16 31 0 0.00 0.0 0 11.2 21 210 M M 3 30 190
2 62 32 47 -2 18 0 0.00 0.0 0 13.7 24 200 M M 3 8 31 200
3 67 47 57 8 8 0 0.00 0.0 0 13.1 23 210 M M 6 33 200
4 56 41 49 1 16 0 T 0.0 0 3.8 10 190 M M 7 18 12 200
5 69 36 53 5 12 0 0.00 0.0 0 10.4 18 180 M M 5 12 23 170
6 72 55 64 16 1 0 0.00 0.0 0 5.8 20 200 M M 7 8 26 200
7 75 53 64 17 1 0 0.00 0.0 0 10.3 21 150 M M 4 27 100
8 68 50 59 12 6 0 0.00 0.0 0 9.9 21 340 M M 7 1 27 360
9 59 35 47 1 18 0 0.00 0.0 0 6.1 20 360 M M 4 8 29 350
10 54 33 44 -2 21 0 0.00 0.0 0 7.1 15 20 M M 1 20 360
11 52 34 43 -2 22 0 0.00 0.0 0 9.4 15 160 M M 6 20 150
12 68 36 52 7 13 0 0.00 0.0 0 9.7 21 200 M M 1 8 27 200
13 69 39 54 10 11 0 0.00 0.0 0 6.9 13 130 M M 0 19 120
14 68 41 55 11 10 0 0.00 0.0 0 11.3 20 200 M M 2 8 26 200
15 70 44 57 13 8 0 0.00 0.0 0 9.0 14 210 M M 3 8 19 190
16 61 44 53 10 12 0 0.00 0.0 0 12.9 23 190 M M 6 8 29 190
17 57 37 47 4 18 0 0.00 0.0 0 7.2 21 360 M M 1 8 27 350
18 63 32 48 6 17 0 0.00 0.0 0 6.9 13 240 M M 1 17 230
19 55 45 50 8 15 0 0.25 0.0 0 10.6 18 80 M M 7 1 28 100
20 45 41 43 1 22 0 0.53 0.0 0 14.0 20 30 M M 10 1 28 90
21 45 30 38 -3 27 0 0.00 0.0 0 10.3 28 330 M M 7 1 39 330
22 50 24 37 -4 28 0 0.00 0.0 0 8.8 16 190 M M 4 21 210
23 50 31 41 1 24 0 0.00 0.0 0 11.8 21 30 M M 3 28 20
24 36 26 31 -9 34 0 0.00 0.0 0 12.5 20 40 M M 7 26 30
25 33 26 30 -10 35 0 0.33 1.8 0 6.4 12 130 M M 9 1 15 110
26 37 22 30 -9 35 0 0.10 0.4 2 8.6 17 280 M M 6 1 26 290
27 40 20 30 -9 35 0 0.00 0.0 2 6.0 14 300 M M 1 19 280
28 41 17 29 -9 36 0 0.00 0.0 1 7.9 17 180 M M 1 22 200
29 54 25 40 2 25 0 0.00 0.0 T 8.8 16 200 M M 3 23 220
30 51 40 46 8 19 0 0.34 0.0 0 11.1 23 40 M M 9 1 31 40
================================================================================
SM 1677 1054 578 0 1.55 2.2 281.5 M 134
================================================================================
AV 55.9 35.1 9.4 FASTST M M 4 MAX(MPH)
MISC ----> 28 330 39 330
================================================================================
NOTES:
# LAST OF SEVERAL OCCURRENCES
COLUMN 17 PEAK WIND IN M.P.H.
PRELIMINARY LOCAL CLIMATOLOGICAL DATA (WS FORM: F-6) , PAGE 2
STATION: KANSAS CITY INTERNATIONAL MO
MONTH: NOVEMBER
YEAR: 2023
LATITUDE: 39 19 N
LONGITUDE: 94 43 W
[TEMPERATURE DATA] [PRECIPITATION DATA] SYMBOLS USED IN COLUMN 16
AVERAGE MONTHLY: 45.5 TOTAL FOR MONTH: 1.55 1 = FOG OR MIST
DPTR FM NORMAL: 1.9 DPTR FM NORMAL: -0.45 2 = FOG REDUCING VISIBILITY
HIGHEST: 75 ON 7 GRTST 24HR 0.62 ON 19-20 TO 1/4 MILE OR LESS
LOWEST: 17 ON 28 3 = THUNDER
SNOW, ICE PELLETS, HAIL 4 = ICE PELLETS
TOTAL MONTH: 2.2 INCHES 5 = HAIL
GRTST 24HR 1.8 ON 25-25 6 = FREEZING RAIN OR DRIZZLE
GRTST DEPTH: 2 ON 27,26 7 = DUSTSTORM OR SANDSTORM:
VSBY 1/2 MILE OR LESS
8 = SMOKE OR HAZE
[NO. OF DAYS WITH] [WEATHER - DAYS WITH] 9 = BLOWING SNOW
X = TORNADO
MAX 32 OR BELOW: 0 0.01 INCH OR MORE: 5
MAX 90 OR ABOVE: 0 0.10 INCH OR MORE: 5
MIN 32 OR BELOW: 12 0.50 INCH OR MORE: 1
MIN 0 OR BELOW: 0 1.00 INCH OR MORE: 0
[HDD (BASE 65) ]
TOTAL THIS MO. 578 CLEAR (SCALE 0-3) 11
DPTR FM NORMAL -67 PTCLDY (SCALE 4-7) 16
TOTAL FM JUL 1 853 CLOUDY (SCALE 8-10) 3
DPTR FM NORMAL -146
[CDD (BASE 65) ]
TOTAL THIS MO. 0
DPTR FM NORMAL -2 [PRESSURE DATA]
TOTAL FM JAN 1 1509 HIGHEST SLP 30.52 ON 24
DPTR FM NORMAL 147 LOWEST SLP 29.59 ON 8
[REMARKS]
#FINAL-11-23#