000
CXUS53 KGLD 010800
CF6MCK
PRELIMINARY LOCAL CLIMATOLOGICAL DATA (WS FORM: F-6)
STATION: MCCOOK NE
MONTH: JUNE
YEAR: 2021
LATITUDE: 40 13 N
LONGITUDE: 100 35 W
TEMPERATURE IN F: :PCPN: SNOW: WIND :SUNSHINE: SKY :PK WND
================================================================================
1 2 3 4 5 6A 6B 7 8 9 10 11 12 13 14 15 16 17 18
12Z AVG MX 2MIN
DY MAX MIN AVG DEP HDD CDD WTR SNW DPTH SPD SPD DIR MIN PSBL S-S WX SPD DR
================================================================================
1 74 45 60 -8 5 0 0.00 M M 3.8 10 160 M M 3 12 14 150
2 78 50 64 -4 1 0 0.00 M M 4.1 12 100 M M 1 12 17 40
3 87 53 70 2 0 5 0.00 M M 5.9 15 210 M M 0 22 190
4 90 59 75 6 0 10 0.00 M M 8.6 17 220 M M 0 23 240
5 91 64 78 9 0 13 0.00 M M 13.8 25 180 M M 0 34 190
6 90 63 77 8 0 12 0.00 M M 12.9 23 210 M M 0 31 200
7 91 66 79 9 0 14 0.00 M M 10.7 20 160 M M 0 1 25 170
8 89 67 78 8 0 13 0.00 M M 12.5 24 130 M M 1 31 130
9 89 68 79 9 0 14 0.00 M M 10.3 20 130 M M 5 26 150
10 97 71 84 13 0 19 0.00 M M 13.3 25 160 M M 3 18 37 160
11 85 60 73 2 0 8 0.00 M M 12.2 38 340 M M 0 18 50 350
12 87 51 69 -2 0 4 0.00 M M 8.4 18 130 M M 0 25 130
13 94 58 76 4 0 11 0.00 M M 9.3 20 130 M M 0 25 130
14 97 70 84 12 0 19 0.00 M M 9.4 36 360 M M 0 50 10
15 99 67 83 11 0 18 0.00 M M 7.7 18 160 M M 0 26 200
16 104 70 87 14 0 22 0.00 M M 11.8 23 210 M M 0 30 260
17 108 67 88 15 0 23 0.00 M M 8.1 23 210 M M 0 3 30 210
18 93 67 80 7 0 15 0.00 M M 12.1 26 10 M M 0 33 10
19 88 63 76 3 0 11 0.89 M M 11.9 53 280 M M 1 123 68 280
20 86 59 73 -1 0 8 0.00 M M 13.2 28 20 M M 1 1 37 30
21 78 59 69 -5 0 4 0.10 M M 7.5 25 20 M M 3 18 31 20
22 94 58 76 2 0 11 0.00 M M 10.8 25 200 M M 0 35 210
23 98 62 80 6 0 15 T M M 9.2 21 180 M M 0 30 180
24 85 68 77 2 0 12 T M M 10.6 20 40 M M 2 18 24 30
25 84 64 74 -1 0 9 0.18 M M 6.2 16 340 M M 4 138 21 340
26 81 58 70 -5 0 5 0.00 M M 9.5 18 360 M M 5 24 30
27 84 56 70 -5 0 5 0.11 M M 7.5 22 280 M M 4 13 28 280
28 83 57 70 -6 0 5 0.42 M M 5.6 28 330 M M 3 13 35 340
29 81 57 69 -7 0 4 0.00 M M 5.0 10 100 M M 1 16 120
30 81 61 71 -5 0 6 T M M 5.1 15 20 M M 5 18 19 20
================================================================================
SM 2666 1838 6 315 1.70 M 277.0 M 42
================================================================================
AV 88.9 61.3 9.2 FASTST M M 1 MAX(MPH)
MISC ----> 53 280 68 280
================================================================================
NOTES:
# LAST OF SEVERAL OCCURRENCES
COLUMN 17 PEAK WIND IN M.P.H.
PRELIMINARY LOCAL CLIMATOLOGICAL DATA (WS FORM: F-6) , PAGE 2
STATION: MCCOOK NE
MONTH: JUNE
YEAR: 2021
LATITUDE: 40 13 N
LONGITUDE: 100 35 W
[TEMPERATURE DATA] [PRECIPITATION DATA] SYMBOLS USED IN COLUMN 16
AVERAGE MONTHLY: 75.1 TOTAL FOR MONTH: 1.70 1 = FOG OR MIST
DPTR FM NORMAL: 2.9 DPTR FM NORMAL: -1.39 2 = FOG REDUCING VISIBILITY
HIGHEST: 108 ON 17 GRTST 24HR 0.89 ON 19-19 TO 1/4 MILE OR LESS
LOWEST: 45 ON 1 3 = THUNDER
SNOW, ICE PELLETS, HAIL 4 = ICE PELLETS
TOTAL MONTH: M 5 = HAIL
GRTST 24HR M ON M 6 = FREEZING RAIN OR DRIZZLE
GRTST DEPTH: M ON M 7 = DUSTSTORM OR SANDSTORM:
VSBY 1/2 MILE OR LESS
8 = SMOKE OR HAZE
[NO. OF DAYS WITH] [WEATHER - DAYS WITH] 9 = BLOWING SNOW
X = TORNADO
MAX 32 OR BELOW: 0 0.01 INCH OR MORE: 5
MAX 90 OR ABOVE: 13 0.10 INCH OR MORE: 5
MIN 32 OR BELOW: 0 0.50 INCH OR MORE: 1
MIN 0 OR BELOW: 0 1.00 INCH OR MORE: 0
[HDD (BASE 65) ]
TOTAL THIS MO. 6 CLEAR (SCALE 0-3) 24
DPTR FM NORMAL -14 PTCLDY (SCALE 4-7) 6
TOTAL FM JUL 1 5826 CLOUDY (SCALE 8-10) 0
DPTR FM NORMAL 51
[CDD (BASE 65) ]
TOTAL THIS MO. 315
DPTR FM NORMAL 79 [PRESSURE DATA]
TOTAL FM JAN 1 366 HIGHEST SLP M ON M
DPTR FM NORMAL 67 LOWEST SLP 29.58 ON 19
[REMARKS]
#FINAL-06-21#