000
CXUS53 KDMX 010810
CF6MCW
PRELIMINARY LOCAL CLIMATOLOGICAL DATA (WS FORM: F-6)
STATION: MASON CITY IA
MONTH: AUGUST
YEAR: 2022
LATITUDE: 43 9 N
LONGITUDE: 93 20 W
TEMPERATURE IN F: :PCPN: SNOW: WIND :SUNSHINE: SKY :PK WND
================================================================================
1 2 3 4 5 6A 6B 7 8 9 10 11 12 13 14 15 16 17 18
12Z AVG MX 2MIN
DY MAX MIN AVG DEP HDD CDD WTR SNW DPTH SPD SPD DIR MIN PSBL S-S WX SPD DR
================================================================================
1 84 60 72 1 0 7 0.00 0.0 0 8.5 17 320 M M 0 18 23 300
2 93 59 76 5 0 11 0.00 0.0 0 12.1 28 160 M M 1 35 160
3 91 62 77 7 0 12 T 0.0 0 8.1 20 310 M M 1 8 25 330
4 82 55 69 -1 0 4 0.00 0.0 0 5.8 9 60 M M 0 13 350
5 88 54 71 1 0 6 0.00 0.0 0 9.1 21 140 M M 0 1 27 140
6 89 69 79 9 0 14 1.97 0.0 0 7.8 32 280 M M 4 13 48 270
7 84 68 76 6 0 11 2.08 0.0 0 5.8 25 330 M M 7 13 35 340
8 77 56 67 -3 0 2 0.00 0.0 0 9.4 18 340 M M 5 25 340
9 80 51 66 -4 0 1 0.00 0.0 0 2.7 9 140 M M 0 1 15 170
10 86 56 71 1 0 6 0.00 0.0 0 4.1 9 360 M M 0 12 320
11 72 62 67 -3 0 2 0.70 0.0 0 6.2 15 90 M M 7 13 21 100
12 72 63 68 -2 0 3 0.00 0.0 0 14.7 28 160 M M 3 42 150
13 75 64 70 0 0 5 T 0.0 0 10.5 18 270 M M 9 24 330
14 71 58 65 -4 0 0 0.00 0.0 0 6.4 14 10 M M 8 18 10
15 73 56 65 -4 0 0 0.00 0.0 0 3.6 13 150 M M 7 12 17 130
16 78 55 67 -2 0 2 0.00 0.0 0 4.4 13 80 M M 4 12 16 70
17 80 53 67 -2 0 2 0.00 0.0 0 2.0 8 240 M M 1 1 11 240
18 83 58 71 2 0 6 1.29 0.0 0 9.3 28 340 M M 4 13 44 350
19 79 58 69 0 0 4 0.12 0.0 0 6.4 18 290 M M 6 13 26 200
20 76 63 70 2 0 5 0.06 0.0 0 9.2 18 10 M M 7 1 24 10
21 78 58 68 0 0 3 0.00 0.0 0 6.4 14 20 M M 3 1 19 30
22 81 56 69 1 0 4 0.00 0.0 0 2.0 9 330 M M 3 13 330
23 81 56 69 1 0 4 0.00 0.0 0 4.8 13 160 M M 4 1 17 180
24 82 61 72 4 0 7 T 0.0 0 9.1 17 220 M M 5 13 23 210
25 77 57 67 -1 0 2 0.00 0.0 0 9.0 17 350 M M 6 12 23 330
26 77 52 65 -3 0 0 0.00 0.0 0 4.6 12 150 M M 2 12 17 160
27 84 64 74 7 0 9 0.37 0.0 0 13.0 25 160 M M 2 13 34 160
28 83 66 75 8 0 10 0.53 0.0 0 12.2 22 170 M M 7 13 31 180
29 80 58 69 2 0 4 0.00 0.0 0 11.6 26 290 M M 1 34 300
30 77 53 65 -2 0 0 0.00 0.0 0 9.0 20 330 M M 0 24 290
31 84 57 71 5 0 6 0.00 0.0 0 8.3 14 240 M M 0 19 260
================================================================================
SM 2497 1818 0 152 7.12 0.0 236.1 M 107
================================================================================
AV 80.5 58.6 7.6 FASTST M M 3 MAX(MPH)
MISC ----> 32 280 48 270
================================================================================
NOTES:
# LAST OF SEVERAL OCCURRENCES
COLUMN 17 PEAK WIND IN M.P.H.
PRELIMINARY LOCAL CLIMATOLOGICAL DATA (WS FORM: F-6) , PAGE 2
STATION: MASON CITY IA
MONTH: AUGUST
YEAR: 2022
LATITUDE: 43 9 N
LONGITUDE: 93 20 W
[TEMPERATURE DATA] [PRECIPITATION DATA] SYMBOLS USED IN COLUMN 16
AVERAGE MONTHLY: 69.6 TOTAL FOR MONTH: 7.12 1 = FOG OR MIST
DPTR FM NORMAL: 0.7 DPTR FM NORMAL: 3.33 2 = FOG REDUCING VISIBILITY
HIGHEST: 93 ON 2 GRTST 24HR 4.05 ON 6- 7 TO 1/4 MILE OR LESS
LOWEST: 51 ON 9 3 = THUNDER
SNOW, ICE PELLETS, HAIL 4 = ICE PELLETS
TOTAL MONTH: 0.0 INCH 5 = HAIL
GRTST 24HR 0.0 6 = FREEZING RAIN OR DRIZZLE
GRTST DEPTH: 0 7 = DUSTSTORM OR SANDSTORM:
VSBY 1/2 MILE OR LESS
8 = SMOKE OR HAZE
[NO. OF DAYS WITH] [WEATHER - DAYS WITH] 9 = BLOWING SNOW
X = TORNADO
MAX 32 OR BELOW: 0 0.01 INCH OR MORE: 8
MAX 90 OR ABOVE: 2 0.10 INCH OR MORE: 7
MIN 32 OR BELOW: 0 0.50 INCH OR MORE: 5
MIN 0 OR BELOW: 0 1.00 INCH OR MORE: 3
[HDD (BASE 65) ]
TOTAL THIS MO. 0 CLEAR (SCALE 0-3) 14
DPTR FM NORMAL -26 PTCLDY (SCALE 4-7) 16
TOTAL FM JUL 1 0 CLOUDY (SCALE 8-10) 1
DPTR FM NORMAL -35
[CDD (BASE 65) ]
TOTAL THIS MO. 152
DPTR FM NORMAL 5 [PRESSURE DATA]
TOTAL FM JAN 1 620 HIGHEST SLP M ON M
DPTR FM NORMAL 81 LOWEST SLP 29.61 ON 28
[REMARKS]
#FINAL-08-22#