000
CXUS54 KMAF 011210
CF6MDD
PRELIMINARY LOCAL CLIMATOLOGICAL DATA (WS FORM: F-6)
STATION: MIDLAND AIRPARK
MONTH: FEBRUARY
YEAR: 2021
LATITUDE: 32 2 N
LONGITUDE: 102 6 W
TEMPERATURE IN F: :PCPN: SNOW: WIND :SUNSHINE: SKY :PK WND
================================================================================
1 2 3 4 5 6A 6B 7 8 9 10 11 12 13 14 15 16 17 18
12Z AVG MX 2MIN
DY MAX MIN AVG DEP HDD CDD WTR SNW DPTH SPD SPD DIR MIN PSBL S-S WX SPD DR
================================================================================
1 63 32 48 M 17 0 M M M 4.9 12 140 M M 0 17 180
2 76 44 60 M 5 0 M M M 8.9 14 230 M M 0 20 230
3 82 42 62 M 3 0 M M M 9.2 17 210 M M 0 23 240
4 69 45 57 M 8 0 M M M 11.8 21 10 M M 0 8 28 10
5 66 34 50 M 15 0 M M M 6.5 12 220 M M 0 17 270
6 64 43 54 M 11 0 M M M 11.3 24 320 M M 0 8 30 320
7 76 41 59 M 6 0 M M M 13.5 17 190 M M 0 25 210
8 78 45 62 M 3 0 M M M 8.5 14 200 M M 0 18 250
9 54 28 41 M 24 0 M M M 8.8 13 100 M M 4 12 16 80
10 36 25 31 M 34 0 M M M 12.2 17 70 M M 10 12 21 70
11 29 22 26 M 39 0 M M M 8.9 16 40 M M 10 1 18 40
12 27 19 23 M 42 0 M M M 12.4 18 60 M M 10 1 20 60
13 21 15 18 M 47 0 M M M 11.8 17 70 M M 10 1 23 90
14 17 5 11 M 54 0 M M M 15.7 22 70 M M 9 18 26 50
15 14 -1 7 M 58 0 M M M 4.3 9 360 M M 8 M M
16 29 9 19 M 46 0 M M M 8.5 17 150 M M 6 18 150
17 23 15 19 M 46 0 M M M 9.1 14 50 M M 9 12 20 60
18 23 13 18 M 47 0 M M M 9.0 17 40 M M 7 1 18 40
19 49 10 30 M 35 0 M M M 7.2 16 200 M M 0 18 20 200
20 62 27 45 M 20 0 M M M 11.0 20 180 M M 0 26 180
21 67 38 53 M 12 0 M M M 12.6 22 190 M M 0 29 180
22 70 31 51 M 14 0 M M M 10.0 24 220 M M 0 29 220
23 78 33 56 M 9 0 M M M 10.5 20 220 M M 0 23 220
24 67 42 55 M 10 0 M M M 10.1 15 40 M M 0 24 40
25 48 40 44 M 21 0 M M M 11.4 17 60 M M 8 21 60
26 72 36 54 M 11 0 M M M 5.5 18 280 M M 3 24 280
27 80 44 62 M 3 0 M M M 5.9 16 230 M M 0 31 240
28 62 47 55 M 10 0 M M M 11.7 18 70 M M 1 1 23 60
================================================================================
SM 1502 824 650 0 M M 271.2 M 95
================================================================================
AV 53.6 29.4 9.7 FASTST M M 3 MAX(MPH)
MISC ----> # 24 320 31 240
================================================================================
NOTES:
# LAST OF SEVERAL OCCURRENCES
COLUMN 17 PEAK WIND IN M.P.H.
PRELIMINARY LOCAL CLIMATOLOGICAL DATA (WS FORM: F-6) , PAGE 2
STATION: MIDLAND AIRPARK
MONTH: FEBRUARY
YEAR: 2021
LATITUDE: 32 2 N
LONGITUDE: 102 6 W
[TEMPERATURE DATA] [PRECIPITATION DATA] SYMBOLS USED IN COLUMN 16
AVERAGE MONTHLY: 41.5 TOTAL FOR MONTH: M 1 = FOG OR MIST
DPTR FM NORMAL: 0.0 DPTR FM NORMAL: M 2 = FOG REDUCING VISIBILITY
HIGHEST: 82 ON 3 GRTST 24HR M ON M TO 1/4 MILE OR LESS
LOWEST: -1 ON 15 3 = THUNDER
SNOW, ICE PELLETS, HAIL 4 = ICE PELLETS
TOTAL MONTH: M 5 = HAIL
GRTST 24HR M ON M 6 = FREEZING RAIN OR DRIZZLE
GRTST DEPTH: M ON M 7 = DUSTSTORM OR SANDSTORM:
VSBY 1/2 MILE OR LESS
8 = SMOKE OR HAZE
[NO. OF DAYS WITH] [WEATHER - DAYS WITH] 9 = BLOWING SNOW
X = TORNADO
MAX 32 OR BELOW: 8 0.01 INCH OR MORE: 0
MAX 90 OR ABOVE: 0 0.10 INCH OR MORE: 0
MIN 32 OR BELOW: 14 0.50 INCH OR MORE: 0
MIN 0 OR BELOW: 1 1.00 INCH OR MORE: 0
[HDD (BASE 65) ]
TOTAL THIS MO. 650 CLEAR (SCALE 0-3) 17
DPTR FM NORMAL M PTCLDY (SCALE 4-7) 5
TOTAL FM JUL 1 2173 CLOUDY (SCALE 8-10) 6
DPTR FM NORMAL M
[CDD (BASE 65) ]
TOTAL THIS MO. 0
DPTR FM NORMAL M [PRESSURE DATA]
TOTAL FM JAN 1 0 HIGHEST SLP M ON M
DPTR FM NORMAL M LOWEST SLP M ON M
[REMARKS]
#FINAL-02-21#