746
CXUS54 KMAF 011210
CF6MDD
PRELIMINARY LOCAL CLIMATOLOGICAL DATA (WS FORM: F-6)
STATION: MIDLAND AIRPARK
MONTH: OCTOBER
YEAR: 2020
LATITUDE: 32 2 N
LONGITUDE: 102 6 W
TEMPERATURE IN F: :PCPN: SNOW: WIND :SUNSHINE: SKY :PK WND
================================================================================
1 2 3 4 5 6A 6B 7 8 9 10 11 12 13 14 15 16 17 18
12Z AVG MX 2MIN
DY MAX MIN AVG DEP HDD CDD WTR SNW DPTH SPD SPD DIR MIN PSBL S-S WX SPD DR
================================================================================
1 84 53 69 M 0 4 M M M 7.9 14 80 M M 0 22 80
2 85 55 70 M 0 5 M M M 11.7 17 170 M M 0 24 200
3 92 64 78 M 0 13 M M M 11.9 18 70 M M 0 25 70
4 83 57 70 M 0 5 M M M 8.3 17 60 M M 0 24 60
5 93 59 76 M 0 11 M M M 10.3 15 170 M M 0 23 180
6 94 59 77 M 0 12 M M M 7.5 13 120 M M 0 8 17 100
7 91 59 75 M 0 10 M M M 6.6 10 160 M M 0 20 160
8 89 61 75 M 0 10 M M M 8.8 14 150 M M 0 24 150
9 92 58 75 M 0 10 M M M 6.8 12 150 M M 0 M M
10 99 56 78 M 0 13 M M M 5.8 12 240 M M 0 17 230
11 97 59 78 M 0 13 M M M 10.1 18 250 M M 0 24 240
12 80 62 71 M 0 6 M M M 9.6 18 60 M M 0 8 28 60
13 92 51 72 M 0 7 M M M 6.4 13 180 M M 0 8 17 180
14 98 64 81 M 0 16 M M M 10.5 18 230 M M 0 23 230
15 76 58 67 M 0 2 M M M 14.4 28 30 M M 0 8 33 30
16 72 47 60 M 5 0 M M M 11.5 16 110 M M 0 23 150
17 90 52 71 M 0 6 M M M 12.5 17 200 M M 0 22 230
18 85 54 70 M 0 5 M M M 9.8 15 70 M M 0 26 70
19 77 44 61 M 4 0 M M M 7.6 13 50 M M 3 M M
20 89 52 71 M 0 6 M M M 10.3 18 150 M M 1 25 190
21 87 64 76 M 0 11 M M M 13.6 21 160 M M 0 28 150
22 89 67 78 M 0 13 M M M 14.0 22 170 M M 0 26 180
23 72 48 60 M 5 0 M M M 13.8 21 30 M M 4 8 29 30
24 73 43 58 M 7 0 M M M 8.4 13 180 M M 0 17 190
25 90 43 67 M 0 2 M M M 13.0 26 60 M M 1 8 30 50
26 42 27 35 M 30 0 M M M 15.8 22 20 M M 8 1 31 20
27 31 26 29 M 36 0 M M M 11.5 15 50 M M 7 1 20 360
28 50 30 40 M 25 0 M M M 14.8 28 290 M M 6 37 290
29 62 42 52 M 13 0 M M M 11.2 23 330 M M 2 32 330
30 70 38 54 M 11 0 M M M 5.5 14 160 M M 0 M M
31 84 48 66 M 0 1 M M M 8.6 16 30 M M 0 20 30
================================================================================
SM 2508 1600 136 181 M M 318.6 M 32
================================================================================
AV 80.9 51.6 10.3 FASTST M M 1 MAX(MPH)
MISC ----> # 28 30 37 290
================================================================================
NOTES:
# LAST OF SEVERAL OCCURRENCES
COLUMN 17 PEAK WIND IN M.P.H.
PRELIMINARY LOCAL CLIMATOLOGICAL DATA (WS FORM: F-6) , PAGE 2
STATION: MIDLAND AIRPARK
MONTH: OCTOBER
YEAR: 2020
LATITUDE: 32 2 N
LONGITUDE: 102 6 W
[TEMPERATURE DATA] [PRECIPITATION DATA] SYMBOLS USED IN COLUMN 16
AVERAGE MONTHLY: 66.3 TOTAL FOR MONTH: M 1 = FOG OR MIST
DPTR FM NORMAL: 0.0 DPTR FM NORMAL: M 2 = FOG REDUCING VISIBILITY
HIGHEST: 99 ON 10 GRTST 24HR M ON M TO 1/4 MILE OR LESS
LOWEST: 26 ON 27 3 = THUNDER
SNOW, ICE PELLETS, HAIL 4 = ICE PELLETS
TOTAL MONTH: M 5 = HAIL
GRTST 24HR M ON M 6 = FREEZING RAIN OR DRIZZLE
GRTST DEPTH: M ON M 7 = DUSTSTORM OR SANDSTORM:
VSBY 1/2 MILE OR LESS
8 = SMOKE OR HAZE
[NO. OF DAYS WITH] [WEATHER - DAYS WITH] 9 = BLOWING SNOW
X = TORNADO
MAX 32 OR BELOW: 1 0.01 INCH OR MORE: 0
MAX 90 OR ABOVE: 11 0.10 INCH OR MORE: 0
MIN 32 OR BELOW: 3 0.50 INCH OR MORE: 0
MIN 0 OR BELOW: 0 1.00 INCH OR MORE: 0
[HDD (BASE 65) ]
TOTAL THIS MO. 136 CLEAR (SCALE 0-3) 27
DPTR FM NORMAL M PTCLDY (SCALE 4-7) 4
TOTAL FM JUL 1 167 CLOUDY (SCALE 8-10) 0
DPTR FM NORMAL M
[CDD (BASE 65) ]
TOTAL THIS MO. 181
DPTR FM NORMAL M [PRESSURE DATA]
TOTAL FM JAN 1 3026 HIGHEST SLP M ON M
DPTR FM NORMAL M LOWEST SLP M ON M
[REMARKS]
#FINAL-10-20#