000
CXUS54 KMEG 011000
CF6MEG
PRELIMINARY LOCAL CLIMATOLOGICAL DATA (WS FORM: F-6)
STATION: MEMPHIS/GERMANTOWN WFO
MONTH: NOVEMBER
YEAR: 2020
LATITUDE: 35 7 N
LONGITUDE: 89 48 W
TEMPERATURE IN F: :PCPN: SNOW: WIND :SUNSHINE: SKY :PK WND
================================================================================
1 2 3 4 5 6A 6B 7 8 9 10 11 12 13 14 15 16 17 18
12Z AVG MX 2MIN
DY MAX MIN AVG DEP HDD CDD WTR SNW DPTH SPD SPD DIR MIN PSBL S-S WX SPD DR
================================================================================
1 64 42 53 -4 12 0 0.00 0.0 0 M M M M M M M M
2 60 30 45 -11 20 0 0.00 0.0 0 M M M M M M M M
3 69 37 53 -3 12 0 0.00 0.0 0 M M M M M M M M
4 74 43 59 3 6 0 0.00 0.0 0 M M M M M M M M
5 74 48 61 6 4 0 0.00 0.0 0 M M M M M M M M
6 76 43 60 5 5 0 0.00 0.0 0 M M M M M M M M
7 80 50 65 10 0 0 0.00 0.0 0 M M M M M M M M
8 81 62 72 18 0 7 T 0.0 0 M M M M M M M M
9 77 66 72 18 0 7 0.00 0.0 0 M M M M M M M M
10 78 61 70 16 0 5 T 0.0 0 M M M M M M M M
11 70 47 59 6 6 0 0.01 0.0 0 M M M M M M M M
12 69 40 55 2 10 0 0.00 0.0 0 M M M M M M M M
13 65 46 56 4 9 0 0.00 0.0 0 M M M M M M M M
14 76 46 61 9 4 0 0.00 0.0 0 M M M M M M M M
15 71 37 54 2 11 0 0.18 0.0 0 M M M M M M M M
16 66 33 50 -1 15 0 0.00 0.0 0 M M M M M M M M
17 63 35 49 -2 16 0 0.00 0.0 0 M M M M M M M M
18 70 34 52 1 13 0 0.00 0.0 0 M M M M M M M M
19 71 45 58 8 7 0 0.00 0.0 0 M M M M M M M M
20 74 50 62 12 3 0 0.00 0.0 0 M M M M M M M M
21 74 53 64 15 1 0 0.00 0.0 0 M M M M M M M M
22 61 53 57 8 8 0 0.40 0.0 0 M M M M M M M M
23 56 33 45 -4 20 0 0.00 0.0 0 M M M M M M M M
24 64 33 49 1 16 0 0.00 0.0 0 M M M M M M M M
25 66 42 54 6 11 0 0.64 0.0 0 M M M M M M M M
26 64 36 50 2 15 0 0.00 0.0 0 M M M M M M M M
27 62 38 50 3 15 0 0.01 0.0 0 M M M M M M M M
28 56 37 47 0 18 0 0.00 0.0 0 M M M M M M M M
29 49 35 42 -4 23 0 0.40 0.0 0 M M M M M M M M
30 44 26 35 -11 30 0 0.01 T 0 M M M M M M M M
================================================================================
SM 2024 1281 310 19 1.65 T M M M
================================================================================
AV 67.5 42.7 M FASTST M M M MAX(MPH)
MISC ----> M M M M
================================================================================
NOTES:
# LAST OF SEVERAL OCCURRENCES
COLUMN 17 PEAK WIND IN M.P.H.
PRELIMINARY LOCAL CLIMATOLOGICAL DATA (WS FORM: F-6) , PAGE 2
STATION: MEMPHIS/GERMANTOWN WFO
MONTH: NOVEMBER
YEAR: 2020
LATITUDE: 35 7 N
LONGITUDE: 89 48 W
[TEMPERATURE DATA] [PRECIPITATION DATA] SYMBOLS USED IN COLUMN 16
AVERAGE MONTHLY: 55.1 TOTAL FOR MONTH: 1.65 1 = FOG OR MIST
DPTR FM NORMAL: 3.6 DPTR FM NORMAL: -3.71 2 = FOG REDUCING VISIBILITY
HIGHEST: 81 ON 8 GRTST 24HR 0.64 ON 25-25 TO 1/4 MILE OR LESS
LOWEST: 26 ON 30 3 = THUNDER
SNOW, ICE PELLETS, HAIL 4 = ICE PELLETS
TOTAL MONTH: T 5 = HAIL
GRTST 24HR T ON 30-30 6 = FREEZING RAIN OR DRIZZLE
GRTST DEPTH: 0 7 = DUSTSTORM OR SANDSTORM:
VSBY 1/2 MILE OR LESS
8 = SMOKE OR HAZE
[NO. OF DAYS WITH] [WEATHER - DAYS WITH] 9 = BLOWING SNOW
X = TORNADO
MAX 32 OR BELOW: 0 0.01 INCH OR MORE: 7
MAX 90 OR ABOVE: 0 0.10 INCH OR MORE: 4
MIN 32 OR BELOW: 2 0.50 INCH OR MORE: 1
MIN 0 OR BELOW: 0 1.00 INCH OR MORE: 0
[HDD (BASE 65) ]
TOTAL THIS MO. 310 CLEAR (SCALE 0-3) 0
DPTR FM NORMAL -105 PTCLDY (SCALE 4-7) 0
TOTAL FM JUL 1 483 CLOUDY (SCALE 8-10) 30
DPTR FM NORMAL -116
[CDD (BASE 65) ]
TOTAL THIS MO. 19
DPTR FM NORMAL 10 [PRESSURE DATA]
TOTAL FM JAN 1 1999 HIGHEST SLP M ON M
DPTR FM NORMAL 73 LOWEST SLP M ON M
[REMARKS]
#FINAL-11-20#