000
CXUS54 KMEG 010636
CF6MEG
PRELIMINARY LOCAL CLIMATOLOGICAL DATA (WS FORM: F-6)
STATION: MEMPHIS/GERMANTOWN WFO
MONTH: JUNE
YEAR: 2020
LATITUDE: 35 7 N
LONGITUDE: 89 48 W
TEMPERATURE IN F: :PCPN: SNOW: WIND :SUNSHINE: SKY :PK WND
================================================================================
1 2 3 4 5 6A 6B 7 8 9 10 11 12 13 14 15 16 17 18
12Z AVG MX 2MIN
DY MAX MIN AVG DEP HDD CDD WTR SNW DPTH SPD SPD DIR MIN PSBL S-S WX SPD DR
================================================================================
1 87 58 73 -1 0 8 0.00 0.0 0 M M M M M M M M
2 90 60 75 1 0 10 0.00 0.0 0 M M M M M M M M
3 91 70 81 6 0 16 0.02 0.0 0 M M M M M M M M
4 85 71 78 3 0 13 0.34 0.0 0 M M M M M M 13 M M
5 92 68 80 5 0 15 0.95 0.0 0 M M M M M M 135 M M
6 92 66 79 3 0 14 0.00 0.0 0 M M M M M M M M
7 94 70 82 6 0 17 0.00 0.0 0 M M M M M M M M
8 82 75 79 3 0 14 1.55 0.0 0 M M M M M M 1 M M
9 89 74 82 6 0 17 0.26 0.0 0 M M M M M M 13 M M
10 82 63 73 -4 0 8 0.00 0.0 0 M M M M M M M M
11 85 59 72 -5 0 7 0.00 0.0 0 M M M M M M M M
12 88 59 74 -3 0 9 0.00 0.0 0 M M M M M M M M
13 89 63 76 -1 0 11 0.00 0.0 0 M M M M M M M M
14 91 64 78 0 0 13 0.00 0.0 0 M M M M M M M M
15 84 62 73 -5 0 8 0.00 0.0 0 M M M M M M M M
16 84 57 71 -7 0 6 0.00 0.0 0 M M M M M M M M
17 86 62 74 -4 0 9 0.00 0.0 0 M M M M M M M M
18 90 63 77 -1 0 12 0.00 0.0 0 M M M M M M M M
19 93 67 80 1 0 15 0.00 0.0 0 M M M M M M M M
20 95 69 82 3 0 17 0.00 0.0 0 M M M M M M M M
21 89 71 80 1 0 15 0.45 0.0 0 M M M M M M 13 M M
22 81 70 76 -3 0 11 0.16 0.0 0 M M M M M M M M
23 88 69 79 0 0 14 0.25 0.0 0 M M M M M M 13 M M
24 87 70 79 -1 0 14 0.00 0.0 0 M M M M M M M M
25 91 69 80 0 0 15 0.00 0.0 0 M M M M M M 1 M M
26 78 71 75 -5 0 10 0.37 0.0 0 M M M M M M M M
27 89 72 81 1 0 16 0.02 0.0 0 M M M M M M M M
28 91 77 84 4 0 19 0.00 0.0 0 M M M M M M M M
29 89 74 82 2 0 17 T 0.0 0 M M M M M M M M
30 91 74 83 3 0 18 T 0.0 0 M M M M M M 3 M M
================================================================================
SM 2643 2017 0 388 4.37 0.0 M M M
================================================================================
AV 88.1 67.2 M FASTST M M 3 MAX(MPH)
MISC ----> M M M M
================================================================================
NOTES:
# LAST OF SEVERAL OCCURRENCES
COLUMN 17 PEAK WIND IN M.P.H.
PRELIMINARY LOCAL CLIMATOLOGICAL DATA (WS FORM: F-6) , PAGE 2
STATION: MEMPHIS/GERMANTOWN WFO
MONTH: JUNE
YEAR: 2020
LATITUDE: 35 7 N
LONGITUDE: 89 48 W
[TEMPERATURE DATA] [PRECIPITATION DATA] SYMBOLS USED IN COLUMN 16
AVERAGE MONTHLY: 77.7 TOTAL FOR MONTH: 4.37 1 = FOG OR MIST
DPTR FM NORMAL: -0.0 DPTR FM NORMAL: 0.69 2 = FOG REDUCING VISIBILITY
HIGHEST: 95 ON 20 GRTST 24HR 1.55 ON 8- 8 TO 1/4 MILE OR LESS
LOWEST: 57 ON 16 3 = THUNDER
SNOW, ICE PELLETS, HAIL 4 = ICE PELLETS
TOTAL MONTH: 0.0 INCH 5 = HAIL
GRTST 24HR 0.0 6 = FREEZING RAIN OR DRIZZLE
GRTST DEPTH: 0 7 = DUSTSTORM OR SANDSTORM:
VSBY 1/2 MILE OR LESS
8 = SMOKE OR HAZE
[NO. OF DAYS WITH] [WEATHER - DAYS WITH] 9 = BLOWING SNOW
X = TORNADO
MAX 32 OR BELOW: 0 0.01 INCH OR MORE: 10
MAX 90 OR ABOVE: 12 0.10 INCH OR MORE: 8
MIN 32 OR BELOW: 0 0.50 INCH OR MORE: 2
MIN 0 OR BELOW: 0 1.00 INCH OR MORE: 1
[HDD (BASE 65) ]
TOTAL THIS MO. 0 CLEAR (SCALE 0-3) 0
DPTR FM NORMAL -2 PTCLDY (SCALE 4-7) 0
TOTAL FM JUL 1 2940 CLOUDY (SCALE 8-10) 0
DPTR FM NORMAL -474
[CDD (BASE 65) ]
TOTAL THIS MO. 388
DPTR FM NORMAL 7 [PRESSURE DATA]
TOTAL FM JAN 1 621 HIGHEST SLP M ON M
DPTR FM NORMAL -11 LOWEST SLP M ON M
[REMARKS]
#FINAL-06-20#