000
CXUS54 KMEG 042213
CF6MEM
PRELIMINARY LOCAL CLIMATOLOGICAL DATA (WS FORM: F-6)
STATION: MEMPHIS
MONTH: MAY
YEAR: 2023
LATITUDE: 35 3 N
LONGITUDE: 89 59 W
TEMPERATURE IN F: :PCPN: SNOW: WIND :SUNSHINE: SKY :PK WND
================================================================================
1 2 3 4 5 6A 6B 7 8 9 10 11 12 13 14 15 16 17 18
12Z AVG MX 2MIN
DY MAX MIN AVG DEP HDD CDD WTR SNW DPTH SPD SPD DIR MIN PSBL S-S WX SPD DR
================================================================================
1 69 48 59 -9 6 0 0.00 0.0 0 11.5 26 300 M M 1 33 290
2 69 46 58 -10 7 0 0.00 0.0 0 9.4 28 300 M M 0 37 320
3 73 49 61 -7 4 0 0.00 0.0 0 5.5 17 350 M M 1 22 350
4 78 50 64 -4 1 0 T 0.0 0 4.9 13 100 M M 7 20 70
5 75 59 67 -2 0 2 0.02 0.0 0 11.9 18 140 M M 10 26 170
6 85 63 74 5 0 9 0.00 0.0 0 11.8 23 170 M M 5 28 170
7 86 71 79 10 0 14 0.00 0.0 0 11.2 21 190 M M 7 27 190
8 87 69 78 8 0 13 0.00 0.0 0 9.2 20 210 M M 7 26 200
9 90 66 78 8 0 13 T 0.0 0 6.7 18 90 M M 5 3 23 60
10 87 69 78 8 0 13 0.01 0.0 0 7.8 20 200 M M 8 3 24 220
11 83 67 75 5 0 10 0.85 0.0 0 8.5 40 180 M M 8 1 55 170
12 79 67 73 2 0 8 0.17 0.0 0 7.7 21 200 M M 8 13 34 210
13 86 67 77 6 0 12 0.12 0.0 0 6.3 16 230 M M 7 1 26 240
14 90 68 79 8 0 14 T 0.0 0 2.3 13 50 M M 4 16 240
15 91 70 81 9 0 16 0.00 0.0 0 4.4 15 270 M M 3 21 250
16 87 69 78 6 0 13 0.10 0.0 0 7.7 21 310 M M 5 13 27 310
17 75 65 70 -2 0 5 0.00 0.0 0 6.8 14 30 M M 8 18 20
18 85 65 75 2 0 10 0.00 0.0 0 3.6 13 150 M M 6 16 150
19 82 68 75 2 0 10 0.00 0.0 0 8.1 14 160 M M 8 17 160
20 75 63 69 -4 0 4 0.78 0.0 0 10.0 17 10 M M 8 18 22 30
21 76 57 67 -7 0 2 0.00 0.0 0 6.8 14 10 M M 5 19 20
22 83 62 73 -1 0 8 0.00 0.0 0 6.5 14 80 M M 6 19 70
23 80 67 74 0 0 9 0.00 0.0 0 8.1 16 110 M M 5 23 100
24 83 63 73 -1 0 8 0.00 0.0 0 7.6 18 50 M M 4 25 60
25 85 67 76 1 0 11 0.00 0.0 0 9.0 21 40 M M 3 27 70
26 83 66 75 0 0 10 0.00 0.0 0 10.3 17 30 M M 1 22 10
27 78 62 70 -5 0 5 0.00 0.0 0 4.7 13 70 M M 6 3 19 250
28 85 59 72 -4 0 7 0.00 0.0 0 5.4 15 80 M M 4 20 80
29 86 61 74 -2 0 9 0.00 0.0 0 3.9 13 30 M M 5 17 340
30 87 63 75 -1 0 10 0.00 0.0 0 5.0 15 90 M M 5 18 80
31 89 71 80 4 0 15 0.00 0.0 0 6.0 13 130 M M 7 19 160
================================================================================
SM 2547 1957 18 260 2.05 0.0 228.6 M 167
================================================================================
AV 82.2 63.1 7.4 FASTST M M 5 MAX(MPH)
MISC ----> 40 180 55 170
================================================================================
NOTES:
# LAST OF SEVERAL OCCURRENCES
COLUMN 17 PEAK WIND IN M.P.H.
PRELIMINARY LOCAL CLIMATOLOGICAL DATA (WS FORM: F-6) , PAGE 2
STATION: MEMPHIS
MONTH: MAY
YEAR: 2023
LATITUDE: 35 3 N
LONGITUDE: 89 59 W
[TEMPERATURE DATA] [PRECIPITATION DATA] SYMBOLS USED IN COLUMN 16
AVERAGE MONTHLY: 72.6 TOTAL FOR MONTH: 2.05 1 = FOG OR MIST
DPTR FM NORMAL: 0.5 DPTR FM NORMAL: -3.22 2 = FOG REDUCING VISIBILITY
HIGHEST: 91 ON 15 GRTST 24HR 1.02 ON 11-12 TO 1/4 MILE OR LESS
LOWEST: 46 ON 2 3 = THUNDER
SNOW, ICE PELLETS, HAIL 4 = ICE PELLETS
TOTAL MONTH: 0.0 INCH 5 = HAIL
GRTST 24HR 0.0 6 = FREEZING RAIN OR DRIZZLE
GRTST DEPTH: 0 7 = DUSTSTORM OR SANDSTORM:
VSBY 1/2 MILE OR LESS
8 = SMOKE OR HAZE
[NO. OF DAYS WITH] [WEATHER - DAYS WITH] 9 = BLOWING SNOW
X = TORNADO
MAX 32 OR BELOW: 0 0.01 INCH OR MORE: 7
MAX 90 OR ABOVE: 3 0.10 INCH OR MORE: 5
MIN 32 OR BELOW: 0 0.50 INCH OR MORE: 2
MIN 0 OR BELOW: 0 1.00 INCH OR MORE: 0
[HDD (BASE 65) ]
TOTAL THIS MO. 18 CLEAR (SCALE 0-3) 6
DPTR FM NORMAL -3 PTCLDY (SCALE 4-7) 23
TOTAL FM JUL 1 2484 CLOUDY (SCALE 8-10) 2
DPTR FM NORMAL -388
[CDD (BASE 65) ]
TOTAL THIS MO. 260
DPTR FM NORMAL 20 [PRESSURE DATA]
TOTAL FM JAN 1 323 HIGHEST SLP 30.18 ON 14
DPTR FM NORMAL -14 LOWEST SLP 29.76 ON 1
[REMARKS]
#FINAL-05-23#