000
CXUS54 KLZK 011230
CF6MEZ
PRELIMINARY LOCAL CLIMATOLOGICAL DATA (WS FORM: F-6)
STATION: MENA AIRPORT
MONTH: JULY
YEAR: 2023
LATITUDE: 34 9 N
LONGITUDE: 94 15 W
TEMPERATURE IN F: :PCPN: SNOW: WIND :SUNSHINE: SKY :PK WND
================================================================================
1 2 3 4 5 6A 6B 7 8 9 10 11 12 13 14 15 16 17 18
12Z AVG MX 2MIN
DY MAX MIN AVG DEP HDD CDD WTR SNW DPTH SPD SPD DIR MIN PSBL S-S WX SPD DR
================================================================================
1 92 73 83 6 0 18 0.00 M M 5.4 12 250 M M 0 21 250
2 94 67 81 4 0 16 T M M 4.0 12 270 M M 0 17 99
3 95 69 82 4 0 17 0.06 M M 2.8 9 80 M M 1 13 21 80
4 87 68 78 0 0 13 0.06 M M 2.3 8 260 M M 1 M M
5 89 69 79 1 0 14 0.00 M M 4.3 16 300 M M 1 1 29 300
6 83 67 75 -3 0 10 T M M 2.2 9 90 M M 1 M M
7 87 68 78 0 0 13 0.02 M M 2.3 12 250 M M 4 13 40 M
8 86 70 78 0 0 13 T M M 2.2 7 99 M M 3 1 M M
9 82 68 75 -3 0 10 0.11 M M 2.9 9 90 M M 5 13 M M
10 85 67 76 -2 0 11 0.21 M M 1.6 7 90 M M 4 1 M M
11 82 67 75 -3 0 10 0.08 M M 2.4 9 260 M M 3 1 M M
12 90 70 80 2 0 15 0.06 M M 1.9 6 99 M M 3 1 M M
13 90 77 84 6 0 19 0.05 M M 2.6 7 99 M M 1 1 M M
14 86 70 78 0 0 13 0.15 M M 3.4 10 270 M M 2 13 37 M
15 88 71 80 1 0 15 T M M 3.3 9 270 M M 0 8 M M
16 85 66 76 -3 0 11 0.01 M M 0.3 5 60 M M 0 1 M M
17 90 65 78 -1 0 13 0.00 M M 2.0 6 270 M M 0 1 M M
18 93 75 84 5 0 19 0.00 M M 3.9 8 240 M M 0 M M
19 93 75 84 5 0 19 0.00 M M 5.4 14 250 M M 0 21 250
20 93 72 83 4 0 18 0.00 M M 3.6 12 280 M M 0 1 20 270
21 86 73 80 1 0 15 0.00 M M 4.6 9 330 M M 1 M M
22 84 64 74 -5 0 9 0.00 M M 3.0 8 350 M M 1 M M
23 90 61 76 -3 0 11 0.00 M M 1.2 6 280 M M 0 M M
24 90 64 77 -2 0 12 0.00 M M 1.6 8 250 M M 0 M M
25 93 65 79 0 0 14 0.00 M M 1.7 6 99 M M 0 M M
26 94 73 84 5 0 19 0.00 M M 2.9 8 250 M M 0 M M
27 94 71 83 4 0 18 0.00 M M 2.9 9 260 M M 0 M M
28 95 68 82 3 0 17 0.00 M M 1.6 7 99 M M 0 1 M M
29 97 67 82 3 0 17 0.00 M M 2.6 9 280 M M 0 1 M M
30 98 71 85 6 0 20 0.00 M M 1.9 7 99 M M 0 M M
31 94 71 83 4 0 18 0.00 M M 3.4 10 40 M M 0 20 40
================================================================================
SM 2785 2142 0 457 0.81 M 86.2 M 31
================================================================================
AV 89.8 69.1 2.8 FASTST M M 1 MAX(MPH)
MISC ----> 16 300 40 9999
================================================================================
NOTES:
# LAST OF SEVERAL OCCURRENCES
COLUMN 17 PEAK WIND IN M.P.H.
PRELIMINARY LOCAL CLIMATOLOGICAL DATA (WS FORM: F-6) , PAGE 2
STATION: MENA AIRPORT
MONTH: JULY
YEAR: 2023
LATITUDE: 34 9 N
LONGITUDE: 94 15 W
[TEMPERATURE DATA] [PRECIPITATION DATA] SYMBOLS USED IN COLUMN 16
AVERAGE MONTHLY: 79.5 TOTAL FOR MONTH: 0.81 1 = FOG OR MIST
DPTR FM NORMAL: 1.0 DPTR FM NORMAL: -4.24 2 = FOG REDUCING VISIBILITY
HIGHEST: 98 ON 30 GRTST 24HR 0.21 ON 10-10 TO 1/4 MILE OR LESS
LOWEST: 61 ON 23 3 = THUNDER
SNOW, ICE PELLETS, HAIL 4 = ICE PELLETS
TOTAL MONTH: M 5 = HAIL
GRTST 24HR M ON M 6 = FREEZING RAIN OR DRIZZLE
GRTST DEPTH: M ON M 7 = DUSTSTORM OR SANDSTORM:
VSBY 1/2 MILE OR LESS
8 = SMOKE OR HAZE
[NO. OF DAYS WITH] [WEATHER - DAYS WITH] 9 = BLOWING SNOW
X = TORNADO
MAX 32 OR BELOW: 0 0.01 INCH OR MORE: 10
MAX 90 OR ABOVE: 18 0.10 INCH OR MORE: 3
MIN 32 OR BELOW: 0 0.50 INCH OR MORE: 0
MIN 0 OR BELOW: 0 1.00 INCH OR MORE: 0
[HDD (BASE 65) ]
TOTAL THIS MO. 0 CLEAR (SCALE 0-3) 28
DPTR FM NORMAL 0 PTCLDY (SCALE 4-7) 3
TOTAL FM JUL 1 0 CLOUDY (SCALE 8-10) 0
DPTR FM NORMAL 0
[CDD (BASE 65) ]
TOTAL THIS MO. 457
DPTR FM NORMAL 38 [PRESSURE DATA]
TOTAL FM JAN 1 938 HIGHEST SLP M ON M
DPTR FM NORMAL 88 LOWEST SLP M ON M
[REMARKS]
#FINAL-07-23#