000
CXUS54 KBRO 010800
CF6MFE
PRELIMINARY LOCAL CLIMATOLOGICAL DATA (WS FORM: F-6)
STATION: MCALLEN
MONTH: JUNE
YEAR: 2023
LATITUDE: 26 10 N
LONGITUDE: 98 14 W
TEMPERATURE IN F: :PCPN: SNOW: WIND :SUNSHINE: SKY :PK WND
================================================================================
1 2 3 4 5 6A 6B 7 8 9 10 11 12 13 14 15 16 17 18
12Z AVG MX 2MIN
DY MAX MIN AVG DEP HDD CDD WTR SNW DPTH SPD SPD DIR MIN PSBL S-S WX SPD DR
================================================================================
1 91 73 82 -5 0 17 0.00 0.0 0 11.3 18 150 M M 6 26 120
2 92 75 84 -3 0 19 0.00 0.0 0 11.6 21 120 M M 5 27 140
3 92 68 80 -7 0 15 0.30 0.0 0 10.3 40 300 M M 3 138 57 310
4 93 68 81 -6 0 16 0.09 0.0 0 5.9 31 70 M M 2 138 47 70
5 93 71 82 -5 0 17 0.00 0.0 0 4.0 23 50 M M 0 33 50
6 95 72 84 -3 0 19 0.00 0.0 0 5.2 16 80 M M 1 21 80
7 95 74 85 -2 0 20 0.00 0.0 0 7.3 23 130 M M 2 28 130
8 95 69 82 -6 0 17 0.10 0.0 0 7.6 39 360 M M 2 138 53 10
9 99 75 87 -1 0 22 0.00 0.0 0 8.7 18 140 M M 0 1 25 140
10 98 77 88 0 0 23 0.00 0.0 0 12.0 20 130 M M 2 27 180
11 97 78 88 0 0 23 0.00 0.0 0 11.6 20 130 M M 4 26 140
12 98 79 89 1 0 24 0.00 0.0 0 13.9 22 140 M M 2 18 29 140
13 103 80 92 4 0 27 0.00 0.0 0 15.8 25 150 M M 4 18 33 140
14 102 80 91 3 0 26 0.00 0.0 0 16.6 25 130 M M 2 18 34 140
15 101 80 91 3 0 26 0.00 0.0 0 15.0 22 130 M M 5 18 33 150
16 102 80 91 3 0 26 0.00 0.0 0 14.9 22 140 M M 6 18 29 140
17 100 81 91 3 0 26 0.00 0.0 0 13.0 24 140 M M 5 18 31 130
18 105 79 92 4 0 27 0.00 0.0 0 15.0 24 140 M M 1 18 38 140
19 107 81 94 6 0 29 0.00 0.0 0 15.8 23 170 M M 1 18 32 180
20 106 80 93 5 0 28 0.00 0.0 0 14.8 23 150 M M 1 18 31 150
21 108 79 94 6 0 29 0.00 0.0 0 12.9 21 140 M M 1 1 29 160
22 103 81 92 4 0 27 0.00 0.0 0 13.1 21 130 M M 1 1 27 140
23 101 81 91 3 0 26 0.00 0.0 0 15.6 23 140 M M 2 8 31 140
24 102 81 92 4 0 27 0.00 0.0 0 13.7 22 130 M M 3 30 120
25 102 81 92 4 0 27 0.00 0.0 0 12.1 23 130 M M 2 29 120
26 103 80 92 4 0 27 0.00 0.0 0 13.6 22 140 M M 1 8 32 120
27 105 80 93 5 0 28 0.00 0.0 0 14.4 23 140 M M 0 30 150
28 101 77 89 1 0 24 0.00 0.0 0 14.9 23 130 M M 0 35 140
29 100 77 89 1 0 24 0.00 0.0 0 15.3 25 130 M M 1 40 130
30 100 81 91 3 0 26 0.00 0.0 0 15.4 24 130 M M 3 37 130
================================================================================
SM 2989 2318 0 712 0.49 0.0 371.3 M 68
================================================================================
AV 99.6 77.3 12.4 FASTST M M 2 MAX(MPH)
MISC ----> 40 300 57 310
================================================================================
NOTES:
# LAST OF SEVERAL OCCURRENCES
COLUMN 17 PEAK WIND IN M.P.H.
PRELIMINARY LOCAL CLIMATOLOGICAL DATA (WS FORM: F-6) , PAGE 2
STATION: MCALLEN
MONTH: JUNE
YEAR: 2023
LATITUDE: 26 10 N
LONGITUDE: 98 14 W
[TEMPERATURE DATA] [PRECIPITATION DATA] SYMBOLS USED IN COLUMN 16
AVERAGE MONTHLY: 88.5 TOTAL FOR MONTH: 0.49 1 = FOG OR MIST
DPTR FM NORMAL: 0.8 DPTR FM NORMAL: -2.56 2 = FOG REDUCING VISIBILITY
HIGHEST: 108 ON 21 GRTST 24HR 0.34 ON 3- 4 TO 1/4 MILE OR LESS
LOWEST: 68 ON 4, 3 3 = THUNDER
SNOW, ICE PELLETS, HAIL 4 = ICE PELLETS
TOTAL MONTH: 0.0 INCH 5 = HAIL
GRTST 24HR 0.0 6 = FREEZING RAIN OR DRIZZLE
GRTST DEPTH: 0 7 = DUSTSTORM OR SANDSTORM:
VSBY 1/2 MILE OR LESS
8 = SMOKE OR HAZE
[NO. OF DAYS WITH] [WEATHER - DAYS WITH] 9 = BLOWING SNOW
X = TORNADO
MAX 32 OR BELOW: 0 0.01 INCH OR MORE: 3
MAX 90 OR ABOVE: 30 0.10 INCH OR MORE: 2
MIN 32 OR BELOW: 0 0.50 INCH OR MORE: 0
MIN 0 OR BELOW: 0 1.00 INCH OR MORE: 0
[HDD (BASE 65) ]
TOTAL THIS MO. 0 CLEAR (SCALE 0-3) 21
DPTR FM NORMAL 0 PTCLDY (SCALE 4-7) 9
TOTAL FM JUL 1 520 CLOUDY (SCALE 8-10) 0
DPTR FM NORMAL 67
[CDD (BASE 65) ]
TOTAL THIS MO. 712
DPTR FM NORMAL 31 [PRESSURE DATA]
TOTAL FM JAN 1 2242 HIGHEST SLP M ON M
DPTR FM NORMAL 84 LOWEST SLP 29.59 ON 14
[REMARKS]
#FINAL-06-23#