988
CXUS53 KGRB 031756
CF6MFI
PRELIMINARY LOCAL CLIMATOLOGICAL DATA (WS FORM: F-6)
STATION: MARSHFIELD WI
MONTH: FEBRUARY
YEAR: 2021
LATITUDE: 44 37 N
LONGITUDE: 90 11 W
TEMPERATURE IN F: :PCPN: SNOW: WIND :SUNSHINE: SKY :PK WND
================================================================================
1 2 3 4 5 6A 6B 7 8 9 10 11 12 13 14 15 16 17 18
12Z AVG MX 2MIN
DY MAX MIN AVG DEP HDD CDD WTR SNW DPTH SPD SPD DIR MIN PSBL S-S WX SPD DR
================================================================================
1 30 16 23 7 42 0 0.00 0.0 4 9.4 17 330 M M 9 20 320
2 28 8 18 2 47 0 0.00 0.0 4 5.1 10 330 M M 7 1 16 360
3 33 5 19 3 46 0 0.00 0.0 4 6.9 17 170 M M 1 18 23 160
4 30 13 22 6 43 0 0.55 6.0 10 13.8 28 310 M M 10 1268 40 310
5 13 2 8 -8 57 0 T T 9 16.3 25 300 M M 8 8 36 310
6 2 -12 -5 -21 70 0 0.00 0.0 9 13.0 20 290 M M 1 29 280
7 -4 -19 -11 -28 76 0 0.00 0.0 9 9.5 16 290 M M 2 22 290
8 1 -17 -8 -25 73 0 T T 9 5.2 9 290 M M 4 8 12 300
9 7 -20 -6 -23 71 0 T T 9 7.9 18 250 M M 3 8 26 270
10 5 -12 -3 -20 68 0 0.00 0.0 9 6.2 16 320 M M 5 20 300
11 0 -17 -8 -26 73 0 T T 9 7.7 13 320 M M 5 8 16 320
12 -1 -9 -5 -23 70 0 0.05 0.7 9 11.7 22 330 M M 3 8 26 330
13 -4 -14 -9 -27 74 0 0.06 0.7 9 11.0 18 320 M M 6 8 23 320
14 -5 -20 -12 -30 77 0 0.00 0.0 9 10.9 16 320 M M 0 20 310
15 2 -23 -10 -29 75 0 0.00 0.0 9 7.6 13 350 M M 0 19 10
16 15 -8 4 -15 61 0 0.00 0.0 9 6.4 13 30 M M 0 19 20
17 M -11 M M M M 0.00 0.0 9 4.1 12 170 M M 4 14 160
18 19 13 16 -4 49 0 T T 9 2.3 8 320 M M 9 18 9 320
19 16 7 12 -8 53 0 0.01 0.2 9 6.4 12 300 M M 10 18 16 300
20 22 -5 9 -11 56 0 0.00 0.0 9 5.2 12 180 M M 1 18 14 200
21 26 10 18 -3 47 0 0.10 1.0 10 7.6 15 90 M M 7 18 20 90
22 38 23 31 10 34 0 0.02 0.5 10 11.2 18 230 M M 7 18 26 220
23 42 32 37 16 28 0 T 0.0 10 9.3 20 300 M M 6 26 290
24 36 24 30 8 35 0 0.03 T 8 10.2 26 330 M M 6 1 33 340
25 38 21 30 8 35 0 0.00 0.0 6 7.8 15 290 M M 2 21 300
26 39 16 28 6 37 0 0.00 0.0 6 11.8 26 210 M M 4 12 36 220
27 48 24 36 13 29 0 0.00 0.0 6 5.5 13 260 M M 1 18 18 270
28 36 22 29 6 36 0 0.02 T 5 13.4 31 320 M M 7 128 40 320
================================================================================
SM 512 49 1462 0 0.84 9.1 243.4 M 128
================================================================================
AV 19.0 1.8 8.7 FASTST M M 5 MAX(MPH)
MISC ----> 31 320 # 40 310
================================================================================
NOTES:
# LAST OF SEVERAL OCCURRENCES
COLUMN 17 PEAK WIND IN M.P.H.
PRELIMINARY LOCAL CLIMATOLOGICAL DATA (WS FORM: F-6) , PAGE 2
STATION: MARSHFIELD WI
MONTH: FEBRUARY
YEAR: 2021
LATITUDE: 44 37 N
LONGITUDE: 90 11 W
[TEMPERATURE DATA] [PRECIPITATION DATA] SYMBOLS USED IN COLUMN 16
AVERAGE MONTHLY: 10.4 TOTAL FOR MONTH: 0.84 1 = FOG OR MIST
DPTR FM NORMAL: -8.5 DPTR FM NORMAL: 0.74 2 = FOG REDUCING VISIBILITY
HIGHEST: 48 ON 27 GRTST 24HR 0.55 ON 4- 4 TO 1/4 MILE OR LESS
LOWEST: -23 ON 15 3 = THUNDER
SNOW, ICE PELLETS, HAIL 4 = ICE PELLETS
TOTAL MONTH: 10.4 INCHES 5 = HAIL
GRTST 24HR 6.0 ON 4- 4 6 = FREEZING RAIN OR DRIZZLE
GRTST DEPTH: 10 ON 23,22 7 = DUSTSTORM OR SANDSTORM:
VSBY 1/2 MILE OR LESS
8 = SMOKE OR HAZE
[NO. OF DAYS WITH] [WEATHER - DAYS WITH] 9 = BLOWING SNOW
X = TORNADO
MAX 32 OR BELOW: 19 0.01 INCH OR MORE: 8
MAX 90 OR ABOVE: 0 0.10 INCH OR MORE: 2
MIN 32 OR BELOW: 28 0.50 INCH OR MORE: 1
MIN 0 OR BELOW: 13 1.00 INCH OR MORE: 0
[HDD (BASE 65) ]
TOTAL THIS MO. 1462 CLEAR (SCALE 0-3) 11
DPTR FM NORMAL 171 PTCLDY (SCALE 4-7) 13
TOTAL FM JUL 1 5911 CLOUDY (SCALE 8-10) 4
DPTR FM NORMAL -208
[CDD (BASE 65) ]
TOTAL THIS MO. 0
DPTR FM NORMAL 0 [PRESSURE DATA]
TOTAL FM JAN 1 0 HIGHEST SLP 30.65 ON 15
DPTR FM NORMAL 0 LOWEST SLP 29.34 ON 4
[REMARKS]
#FINAL-02-21#