000
CXUS51 KPBZ 010730
CF6MGW
PRELIMINARY LOCAL CLIMATOLOGICAL DATA (WS FORM: F-6)
STATION: MORGANTOWN WV
MONTH: SEPTEMBER
YEAR: 2020
LATITUDE: 39 39 N
LONGITUDE: 79 55 W
TEMPERATURE IN F: :PCPN: SNOW: WIND :SUNSHINE: SKY :PK WND
================================================================================
1 2 3 4 5 6A 6B 7 8 9 10 11 12 13 14 15 16 17 18
12Z AVG MX 2MIN
DY MAX MIN AVG DEP HDD CDD WTR SNW DPTH SPD SPD DIR MIN PSBL S-S WX SPD DR
================================================================================
1 86 68 77 7 0 12 T M M 4.5 10 120 M M 8 3 15 150
2 83 72 78 8 0 13 0.03 M M 5.2 17 230 M M 7 24 220
3 78 71 75 5 0 10 0.61 M M 4.0 10 230 M M 9 1 17 220
4 80 56 68 -1 0 3 0.00 M M 4.4 14 270 M M 5 16 270
5 79 51 65 -4 0 0 0.00 M M 3.7 9 250 M M 0 13 250
6 79 57 68 -1 0 3 0.00 M M 5.1 12 200 M M 2 17 220
7 85 61 73 5 0 8 0.00 M M 4.6 14 170 M M 0 8 19 200
8 88 61 75 7 0 10 0.00 M M 1.8 9 130 M M 0 11 130
9 87 63 75 7 0 10 0.00 M M 2.9 13 150 M M 0 16 130
10 87 65 76 9 0 11 0.00 M M 3.1 9 360 M M 1 13 320
11 78 64 71 4 0 6 0.00 M M 5.8 12 350 M M 7 18 15 350
12 84 66 75 8 0 10 0.00 M M 7.1 15 120 M M 4 20 130
13 76 68 72 6 0 7 0.07 M M 4.4 13 220 M M 8 1 19 260
14 73 51 62 -4 3 0 0.00 M M 4.1 13 350 M M 4 12 18 350
15 73 46 60 -6 5 0 0.00 M M 3.5 8 100 M M 1 12 12 100
16 78 49 64 -1 1 0 0.00 M M 2.3 12 160 M M 0 15 220
17 76 56 66 1 0 1 0.00 M M 2.6 10 360 M M 1 8 14 10
18 69 49 59 -5 6 0 0.00 M M 7.5 16 10 M M 9 18 22 350
19 67 41 54 -10 11 0 0.00 M M 4.5 12 50 M M 0 17 70
20 69 38 54 -10 11 0 0.00 M M 6.2 14 110 M M 0 20 100
21 70 41 56 -7 9 0 0.00 M M 4.0 13 140 M M 0 8 16 130
22 72 40 56 -7 9 0 0.00 M M 2.3 9 280 M M 0 1 13 280
23 77 44 61 -1 4 0 0.00 M M 3.2 10 230 M M 0 16 220
24 75 55 65 3 0 0 0.00 M M 1.0 8 220 M M 1 8 9 210
25 78 53 66 4 0 1 0.00 M M 5.0 14 110 M M 1 1 19 120
26 79 60 70 9 0 5 0.00 M M 3.2 13 220 M M 7 17 160
27 79 54 67 6 0 2 0.00 M M 2.7 12 160 M M 5 1 16 230
28 79 61 70 10 0 5 0.00 M M 6.2 15 160 M M 5 22 200
29 70 52 61 1 4 0 0.64 M M 2.5 13 280 M M 10 1 20 270
30 66 50 58 -2 7 0 0.01 M M 8.2 18 220 M M 7 1 29 240
================================================================================
SM 2320 1663 70 117 1.36 M 125.6 M 102
================================================================================
AV 77.3 55.4 4.2 FASTST M M 3 MAX(MPH)
MISC ----> 18 220 29 240
================================================================================
NOTES:
# LAST OF SEVERAL OCCURRENCES
COLUMN 17 PEAK WIND IN M.P.H.
PRELIMINARY LOCAL CLIMATOLOGICAL DATA (WS FORM: F-6) , PAGE 2
STATION: MORGANTOWN WV
MONTH: SEPTEMBER
YEAR: 2020
LATITUDE: 39 39 N
LONGITUDE: 79 55 W
[TEMPERATURE DATA] [PRECIPITATION DATA] SYMBOLS USED IN COLUMN 16
AVERAGE MONTHLY: 66.4 TOTAL FOR MONTH: 1.36 1 = FOG OR MIST
DPTR FM NORMAL: 1.2 DPTR FM NORMAL: -1.85 2 = FOG REDUCING VISIBILITY
HIGHEST: 88 ON 8 GRTST 24HR 0.64 ON 29-29 TO 1/4 MILE OR LESS
LOWEST: 38 ON 20 3 = THUNDER
SNOW, ICE PELLETS, HAIL 4 = ICE PELLETS
TOTAL MONTH: M 5 = HAIL
GRTST 24HR M ON M 6 = FREEZING RAIN OR DRIZZLE
GRTST DEPTH: M ON M 7 = DUSTSTORM OR SANDSTORM:
VSBY 1/2 MILE OR LESS
8 = SMOKE OR HAZE
[NO. OF DAYS WITH] [WEATHER - DAYS WITH] 9 = BLOWING SNOW
X = TORNADO
MAX 32 OR BELOW: 0 0.01 INCH OR MORE: 5
MAX 90 OR ABOVE: 0 0.10 INCH OR MORE: 2
MIN 32 OR BELOW: 0 0.50 INCH OR MORE: 2
MIN 0 OR BELOW: 0 1.00 INCH OR MORE: 0
[HDD (BASE 65) ]
TOTAL THIS MO. 70 CLEAR (SCALE 0-3) 16
DPTR FM NORMAL -16 PTCLDY (SCALE 4-7) 11
TOTAL FM JUL 1 70 CLOUDY (SCALE 8-10) 3
DPTR FM NORMAL -29
[CDD (BASE 65) ]
TOTAL THIS MO. 117
DPTR FM NORMAL 25 [PRESSURE DATA]
TOTAL FM JAN 1 1119 HIGHEST SLP 30.55 ON 21
DPTR FM NORMAL 318 LOWEST SLP 29.73 ON 28
[REMARKS]
#FINAL-09-20#