000
CXUS53 KFSD 011803
CF6MHE
PRELIMINARY LOCAL CLIMATOLOGICAL DATA (WS FORM: F-6)
STATION: MITCHELL SD
MONTH: DECEMBER
YEAR: 2022
LATITUDE: 43 46 N
LONGITUDE: 98 2 W
TEMPERATURE IN F: :PCPN: SNOW: WIND :SUNSHINE: SKY :PK WND
================================================================================
1 2 3 4 5 6A 6B 7 8 9 10 11 12 13 14 15 16 17 18
12Z AVG MX 2MIN
DY MAX MIN AVG DEP HDD CDD WTR SNW DPTH SPD SPD DIR MIN PSBL S-S WX SPD DR
================================================================================
1 41 15 28 0 37 0 0.00 0.0 0 15.3 25 170 M M 0 35 170
2 38 7 23 -4 42 0 T 0.1 0 19.8 38 330 M M 3 9 51 330
3 30 1 16 -11 49 0 0.00 0.0 T 6.9 16 170 M M 0 23 200
4 49 5 27 1 38 0 0.00 0.0 0 6.4 15 220 M M 0 21 210
5 34 14 24 -2 41 0 0.00 0.0 0 9.6 18 360 M M 7 24 350
6 40 12 26 0 39 0 0.00 0.0 0 9.9 17 170 M M 2 23 140
7 23 9 16 -9 49 0 0.00 0.0 0 7.4 16 10 M M 3 20 10
8 34 10 22 -3 43 0 0.26 4.6 0 7.2 12 340 M M 3 12 16 140
9 31 17 24 -1 41 0 T T 5 8.6 20 160 M M 10 12 26 160
10 33 9 21 -3 44 0 0.00 0.0 5 8.4 20 160 M M 2 1 24 170
11 33 9 21 -3 44 0 0.00 0.0 4 14.8 23 150 M M 0 1 32 140
12 33 26 30 6 35 0 0.04 0.0 4 21.6 31 160 M M 9 16 40 160
13 35 32 34 11 31 0 0.63 T 3 16.7 24 100 M M 10 16 34 120
14 35 27 31 8 34 0 0.17 2.8 2 6.1 20 70 M M 10 1 27 80
15 29 17 23 0 42 0 0.13 2.1 4 30.1 39 320 M M 10 19 49 320
16 19 14 17 -6 48 0 0.08 1.7 5 26.7 35 310 M M 1 19 46 310
17 16 0 8 -14 57 0 T T 6 16.7 28 310 M M 3 9 34 320
18 5 -4 1 -21 64 0 0.00 0.0 6 5.9 12 40 M M 2 13 360
19 8 -3 3 -19 62 0 T T 6 8.4 20 330 M M 4 24 330
20 2 -7 -2 -24 67 0 0.00 0.0 6 8.0 15 330 M M 0 17 330
21 6 -12 -3 -24 68 0 0.03 0.3 6 16.0 32 320 M M 9 9 39 320
22 -9 -19 -14 -35 79 0 T T 6 26.5 36 310 M M 8 9 46 320
23 -3 -12 -7 -28 72 0 0.00 0.0 6 23.0 35 320 M M 3 9 43 320
24 1 -11 -5 -26 70 0 0.00 0.0 6 10.4 18 300 M M 0 24 310
25 24 -9 8 -13 57 0 0.01 0.2 6 13.4 35 330 M M 5 9 46 340
26 13 0 7 -13 58 0 T T 6 13.0 25 350 M M 2 9 34 360
27 40 13 27 7 38 0 0.00 0.0 6 15.4 24 160 M M 0 31 200
28 40 31 36 16 29 0 0.00 0.0 6 4.8 18 170 M M 0 23 180
29 36 20 28 8 37 0 T T 5 10.4 20 330 M M 7 1 26 340
30 33 16 25 5 40 0 0.00 0.0 4 8.5 15 160 M M 3 20 170
31 33 26 30 10 35 0 0.00 0.0 4 7.2 16 160 M M 3 22 160
================================================================================
SM 782 253 1490 0 1.35 11.8 403.1 M 119
================================================================================
AV 25.2 8.2 13.0 FASTST M M 4 MAX(MPH)
MISC ----> 39 320 51 330
================================================================================
NOTES:
# LAST OF SEVERAL OCCURRENCES
-COLUMN 17 PEAK WIND IN M.P.H.
-PRECIPITATION AMOUNTS IN COLUMNS 7,8 AND 9 ARE THE OFFICIAL
PRECIPITATION AMOUNTS FOR MITCHELL, SD.
-SNOW DEPTH IN COLUMN 9 IS RECORDED AT 6 AM CST (12Z).
PRELIMINARY LOCAL CLIMATOLOGICAL DATA (WS FORM: F-6) , PAGE 2
STATION: MITCHELL SD
MONTH: DECEMBER
YEAR: 2022
LATITUDE: 43 46 N
LONGITUDE: 98 2 W
[TEMPERATURE DATA] [PRECIPITATION DATA] SYMBOLS USED IN COLUMN 16
AVERAGE MONTHLY: 16.7 TOTAL FOR MONTH: 1.35 1 = FOG OR MIST
DPTR FM NORMAL: -6.3 DPTR FM NORMAL: 0.86 2 = FOG REDUCING VISIBILITY
HIGHEST: 49 ON 4 GRTST 24HR 0.67 ON 12-13 TO 1/4 MILE OR LESS
LOWEST: -19 ON 22 3 = THUNDER
SNOW, ICE PELLETS, HAIL 4 = ICE PELLETS
TOTAL MONTH: 11.8 INCHES 5 = HAIL
GRTST 24HR 4.6 ON 8- 8 6 = FREEZING RAIN OR DRIZZLE
GRTST DEPTH: 6 ON 28,27 7 = DUSTSTORM OR SANDSTORM:
VSBY 1/2 MILE OR LESS
8 = SMOKE OR HAZE
[NO. OF DAYS WITH] [WEATHER - DAYS WITH] 9 = BLOWING SNOW
X = TORNADO
MAX 32 OR BELOW: 15 0.01 INCH OR MORE: 8
MAX 90 OR ABOVE: 0 0.10 INCH OR MORE: 4
MIN 32 OR BELOW: 31 0.50 INCH OR MORE: 1
MIN 0 OR BELOW: 10 1.00 INCH OR MORE: 0
[HDD (BASE 65) ]
TOTAL THIS MO. 1490 CLEAR (SCALE 0-3) 16
DPTR FM NORMAL 188 PTCLDY (SCALE 4-7) 9
TOTAL FM JUL 1 2957 CLOUDY (SCALE 8-10) 6
DPTR FM NORMAL 134
[CDD (BASE 65) ]
TOTAL THIS MO. 0
DPTR FM NORMAL 0 [PRESSURE DATA]
TOTAL FM JAN 1 1121 HIGHEST SLP 30.80 ON 20
DPTR FM NORMAL 242 LOWEST SLP 29.26 ON 28
[REMARKS]
RECORD DAILY PRECIPITATION WAS ESTABLISHED ON THE 13TH WITH 0.63
INCHES. THE PREVIOUS RECORD WAS 0.12 INCHES IN 1891.
#FINAL-12-22#