000
CXUS52 KMFL 011030
CF6MIA
PRELIMINARY LOCAL CLIMATOLOGICAL DATA (WS FORM: F-6)
STATION: MIAMI
MONTH: OCTOBER
YEAR: 2021
LATITUDE: 25 49 N
LONGITUDE: 80 17 W
TEMPERATURE IN F: :PCPN: SNOW: WIND :SUNSHINE: SKY :PK WND
================================================================================
1 2 3 4 5 6A 6B 7 8 9 10 11 12 13 14 15 16 17 18
12Z AVG MX 2MIN
DY MAX MIN AVG DEP HDD CDD WTR SNW DPTH SPD SPD DIR MIN PSBL S-S WX SPD DR
================================================================================
1 83 73 78 -4 0 13 0.80 0.0 M 5.0 25 100 M M 6 13 30 110
2 87 76 82 0 0 17 0.34 0.0 0 10.4 24 70 M M 4 13 31 40
3 87 79 83 1 0 18 0.03 0.0 M 9.8 20 90 M M 6 25 70
4 88 73 81 -1 0 16 0.00 0.0 0 6.7 17 110 M M 5 21 110
5 88 76 82 0 0 17 0.00 0.0 0 5.9 14 110 M M 4 17 110
6 89 77 83 1 0 18 0.00 0.0 0 8.8 15 90 M M 7 20 140
7 90 81 86 4 0 21 0.00 0.0 0 10.0 16 120 M M 5 23 150
8 89 77 83 2 0 18 0.08 0.0 0 5.7 15 360 M M 7 3 19 150
9 90 73 82 1 0 17 0.56 0.0 0 4.3 14 160 M M 8 13 18 50
10 89 73 81 0 0 16 0.12 0.0 0 5.1 17 80 M M 5 20 90
11 85 74 80 -1 0 15 0.16 0.0 M 3.9 24 130 M M 5 138 35 140
12 87 74 81 0 0 16 0.00 M M 5.6 16 130 M M 5 22 140
13 88 75 82 1 0 17 0.05 0.0 M 4.6 16 90 M M 4 19 90
14 89 76 83 2 0 18 0.01 0.0 0 6.0 16 90 M M 4 19 50
15 89 76 83 3 0 18 0.16 0.0 0 5.4 15 90 M M 5 1 20 50
16 90 75 83 3 0 18 0.00 0.0 0 4.0 14 340 M M 2 19 340
17 91 74 83 3 0 18 0.86 0.0 0 5.2 14 110 M M 3 18 110
18 85 76 81 1 0 16 0.00 0.0 0 8.3 17 70 M M 3 24 80
19 85 73 79 -1 0 14 0.00 0.0 0 10.2 22 90 M M 7 27 90
20 86 76 81 1 0 16 0.00 0.0 0 10.3 21 80 M M 7 26 70
21 87 76 82 3 0 17 T 0.0 0 8.7 18 90 M M 5 24 80
22 83 74 79 0 0 14 1.01 0.0 0 4.4 15 70 M M 9 13 19 50
23 88 75 82 3 0 17 0.00 0.0 0 5.1 15 90 M M 8 18 40
24 86 77 82 3 0 17 0.00 0.0 M 4.6 13 140 M M 9 18 140
25 88 77 83 5 0 18 0.23 0.0 0 7.2 15 240 M M 9 13 22 230
26 89 78 84 6 0 19 0.01 0.0 0 8.0 17 250 M M 5 24 260
27 90 76 83 5 0 18 0.00 0.0 0 6.6 14 250 M M 5 18 240
28 90 75 83 5 0 18 0.06 0.0 0 8.3 23 180 M M 8 13 33 180
29 86 75 81 3 0 16 0.43 0.0 0 9.7 21 240 M M 8 13 27 230
30 82 72 77 -1 0 12 T 0.0 0 7.5 20 260 M M 6 29 250
31 84 66 75 -2 0 10 0.00 0.0 0 4.0 14 310 M M 5 20 240
================================================================================
SM 2708 2328 0 513 4.91 0.0 209.3 M 179
================================================================================
AV 87.4 75.1 6.8 FASTST M M 6 MAX(MPH)
MISC ----> 25 100 35 140
================================================================================
NOTES:
# LAST OF SEVERAL OCCURRENCES
COLUMN 17 PEAK WIND IN M.P.H.
PRELIMINARY LOCAL CLIMATOLOGICAL DATA (WS FORM: F-6) , PAGE 2
STATION: MIAMI
MONTH: OCTOBER
YEAR: 2021
LATITUDE: 25 49 N
LONGITUDE: 80 17 W
[TEMPERATURE DATA] [PRECIPITATION DATA] SYMBOLS USED IN COLUMN 16
AVERAGE MONTHLY: 81.2 TOTAL FOR MONTH: 4.91 1 = FOG OR MIST
DPTR FM NORMAL: 1.1 DPTR FM NORMAL: -2.74 2 = FOG REDUCING VISIBILITY
HIGHEST: 91 ON 17 GRTST 24HR 1.01 ON 21-22 TO 1/4 MILE OR LESS
LOWEST: 66 ON 31 3 = THUNDER
SNOW, ICE PELLETS, HAIL 4 = ICE PELLETS
TOTAL MONTH: 0.0 INCH 5 = HAIL
GRTST 24HR 0.0 6 = FREEZING RAIN OR DRIZZLE
GRTST DEPTH: 0 7 = DUSTSTORM OR SANDSTORM:
VSBY 1/2 MILE OR LESS
8 = SMOKE OR HAZE
[NO. OF DAYS WITH] [WEATHER - DAYS WITH] 9 = BLOWING SNOW
X = TORNADO
MAX 32 OR BELOW: 0 0.01 INCH OR MORE: 16
MAX 90 OR ABOVE: 6 0.10 INCH OR MORE: 10
MIN 32 OR BELOW: 0 0.50 INCH OR MORE: 4
MIN 0 OR BELOW: 0 1.00 INCH OR MORE: 1
[HDD (BASE 65) ]
TOTAL THIS MO. 0 CLEAR (SCALE 0-3) 3
DPTR FM NORMAL 0 PTCLDY (SCALE 4-7) 23
TOTAL FM JUL 1 0 CLOUDY (SCALE 8-10) 5
DPTR FM NORMAL 0
[CDD (BASE 65) ]
TOTAL THIS MO. 513
DPTR FM NORMAL 46 [PRESSURE DATA]
TOTAL FM JAN 1 4422 HIGHEST SLP 30.17 ON 20
DPTR FM NORMAL 282 LOWEST SLP 29.73 ON 30
[REMARKS]
#FINAL-10-21#