000
CXUS53 KDMX 020240
CF6MIW
PRELIMINARY LOCAL CLIMATOLOGICAL DATA (WS FORM: F-6)
STATION: MARSHALLTOWN IA
MONTH: FEBRUARY
YEAR: 2024
LATITUDE: 42 6 N
LONGITUDE: 92 55 W
TEMPERATURE IN F: :PCPN: SNOW: WIND :SUNSHINE: SKY :PK WND
================================================================================
1 2 3 4 5 6A 6B 7 8 9 10 11 12 13 14 15 16 17 18
12Z AVG MX 2MIN
DY MAX MIN AVG DEP HDD CDD WTR SNW DPTH SPD SPD DIR MIN PSBL S-S WX SPD DR
================================================================================
1 56 31 44 24 21 0 0.00 0.0 M 6.8 13 90 M M 0 1 17 90
2 36 31 34 14 31 0 0.00 0.0 M 15.7 24 110 M M 6 1 30 110
3 38 33 36 16 29 0 0.00 0.0 M 14.8 21 100 M M 7 1 27 110
4 49 28 39 19 26 0 0.00 0.0 M 10.1 17 50 M M 0 18 20 60
5 54 25 40 20 25 0 0.00 0.0 M 4.4 9 10 M M 0 11 10
6 55 24 40 20 25 0 0.00 0.0 M 6.6 13 220 M M 0 1 17 190
7 53 35 44 23 21 0 0.00 0.0 M 14.5 23 140 M M 0 30 140
8 63 36 50 29 15 0 T 0.0 M 18.3 33 200 M M 4 44 190
9 45 30 38 17 27 0 0.00 0.0 M 11.0 21 280 M M 7 31 300
10 42 24 33 11 32 0 0.00 0.0 M 10.7 22 330 M M 4 1 27 300
11 39 21 30 8 35 0 0.00 0.0 M 6.0 10 290 M M 4 14 280
12 50 21 36 14 29 0 0.00 0.0 M 7.6 16 360 M M 0 22 360
13 49 23 36 14 29 0 0.00 0.0 M 2.9 7 100 M M 2 9 250
14 53 23 38 15 27 0 0.01 0.0 M 10.4 21 140 M M 5 30 140
15 41 25 33 10 32 0 T 0.0 M 14.4 30 340 M M 6 41 320
16 30 9 20 -3 45 0 0.02 M M 16.4 26 320 M M 8 18 35 340
17 29 6 18 -6 47 0 0.00 0.0 M 17.1 30 250 M M 0 40 250
18 47 21 34 10 31 0 0.00 0.0 M 9.7 20 310 M M 0 28 300
19 55 16 36 12 29 0 0.00 0.0 M 8.8 17 210 M M 0 24 180
20 59 26 43 18 22 0 0.00 0.0 M 9.4 17 260 M M 0 24 240
21 61 34 48 23 17 0 0.00 0.0 M 8.6 18 210 M M 2 27 210
22 65 29 47 21 18 0 T 0.0 M 10.8 24 320 M M 2 34 310
23 54 24 39 13 26 0 0.00 0.0 M 15.1 31 310 M M 3 40 310
24 47 12 30 4 35 0 0.00 0.0 M 9.8 21 190 M M 0 29 190
25 65 29 47 20 18 0 0.00 0.0 M 7.5 15 300 M M 0 20 190
26 78 27 53 26 12 0 0.00 0.0 M 13.8 29 200 M M 0 38 200
27 65 13 39 11 26 0 T M M 20.6 40 310 M M 3 50 310
28 29 5 17 -11 48 0 0.00 0.0 M 16.0 35 320 M M 2 45 330
29 56 12 34 6 31 0 0.00 0.0 M 15.5 33 200 M M 0 44 190
================================================================================
SM 1463 673 809 0 0.03 0.0 333.3 M 65
================================================================================
AV 50.4 23.2 11.5 FASTST M M 2 MAX(MPH)
MISC ----> 40 310 50 310
================================================================================
NOTES:
# LAST OF SEVERAL OCCURRENCES
COLUMN 17 PEAK WIND IN M.P.H.
PRELIMINARY LOCAL CLIMATOLOGICAL DATA (WS FORM: F-6) , PAGE 2
STATION: MARSHALLTOWN IA
MONTH: FEBRUARY
YEAR: 2024
LATITUDE: 42 6 N
LONGITUDE: 92 55 W
[TEMPERATURE DATA] [PRECIPITATION DATA] SYMBOLS USED IN COLUMN 16
AVERAGE MONTHLY: 36.8 TOTAL FOR MONTH: 0.03 1 = FOG OR MIST
DPTR FM NORMAL: 13.6 DPTR FM NORMAL: -0.48 2 = FOG REDUCING VISIBILITY
HIGHEST: 78 ON 26 GRTST 24HR 0.02 ON 16-16 TO 1/4 MILE OR LESS
LOWEST: 5 ON 28 3 = THUNDER
SNOW, ICE PELLETS, HAIL 4 = ICE PELLETS
TOTAL MONTH: 0.0 INCH 5 = HAIL
GRTST 24HR 0.0 6 = FREEZING RAIN OR DRIZZLE
GRTST DEPTH: M ON M 7 = DUSTSTORM OR SANDSTORM:
VSBY 1/2 MILE OR LESS
8 = SMOKE OR HAZE
[NO. OF DAYS WITH] [WEATHER - DAYS WITH] 9 = BLOWING SNOW
X = TORNADO
MAX 32 OR BELOW: 3 0.01 INCH OR MORE: 2
MAX 90 OR ABOVE: 0 0.10 INCH OR MORE: 0
MIN 32 OR BELOW: 25 0.50 INCH OR MORE: 0
MIN 0 OR BELOW: 0 1.00 INCH OR MORE: 0
[HDD (BASE 65) ]
TOTAL THIS MO. 809 CLEAR (SCALE 0-3) 19
DPTR FM NORMAL -361 PTCLDY (SCALE 4-7) 10
TOTAL FM JUL 1 4267 CLOUDY (SCALE 8-10) 0
DPTR FM NORMAL -1157
[CDD (BASE 65) ]
TOTAL THIS MO. 0
DPTR FM NORMAL 0 [PRESSURE DATA]
TOTAL FM JAN 1 0 HIGHEST SLP 30.38 ON 28
DPTR FM NORMAL 0 LOWEST SLP 29.28 ON 27
[REMARKS]
#FINAL-02-24#