000
CXUS55 KEAX 010836
CF6MKC
PRELIMINARY LOCAL CLIMATOLOGICAL DATA (WS FORM: F-6)
STATION: DOWNTOWN KANSAS CITY MO
MONTH: NOVEMBER
YEAR: 2020
LATITUDE: 39 7 N
LONGITUDE: 94 36 W
TEMPERATURE IN F: :PCPN: SNOW: WIND :SUNSHINE: SKY :PK WND
================================================================================
1 2 3 4 5 6A 6B 7 8 9 10 11 12 13 14 15 16 17 18
12Z AVG MX 2MIN
DY MAX MIN AVG DEP HDD CDD WTR SNW DPTH SPD SPD DIR MIN PSBL S-S WX SPD DR
================================================================================
1 54 35 45 -7 20 0 0.00 M M 7.2 18 330 M M 0 25 320
2 67 32 50 -2 15 0 0.00 M M 5.6 20 220 M M 0 29 200
3 76 40 58 6 7 0 0.00 M M 6.8 15 200 M M 0 21 190
4 71 54 63 12 2 0 0.00 M M 10.4 17 200 M M 0 24 200
5 75 50 63 12 2 0 0.00 M M 3.8 12 210 M M 0 16 210
6 73 46 60 10 5 0 0.00 M M 6.7 16 180 M M 1 1 21 170
7 73 53 63 13 2 0 0.00 M M 11.2 20 200 M M 0 27 160
8 77 61 69 20 0 4 0.00 M M 12.9 24 160 M M 5 38 160
9 73 66 70 21 0 5 0.00 M M 13.7 25 190 M M 9 38 200
10 68 32 50 2 15 0 0.48 M M 10.4 24 270 M M 8 13 33 250
11 56 29 43 -5 22 0 0.00 M M 3.5 10 220 M M 0 8 14 250
12 57 31 44 -3 21 0 0.00 M M 7.5 21 330 M M 3 8 31 320
13 49 24 37 -10 28 0 0.00 M M 5.0 13 150 M M 0 17 150
14 66 44 55 9 10 0 T M M 12.7 29 260 M M 7 138 45 260
15 55 37 46 0 19 0 T M M 12.9 36 300 M M 1 56 290
16 64 34 49 4 16 0 0.00 M M 4.8 16 230 M M 0 24 240
17 58 34 46 1 19 0 0.00 M M 5.4 14 150 M M 0 19 140
18 69 45 57 13 8 0 0.00 M M 16.9 30 190 M M 0 43 190
19 73 59 66 22 0 1 0.00 M M 17.6 30 210 M M 0 43 210
20 60 46 53 10 12 0 0.00 M M 7.1 17 60 M M 6 1 25 60
21 50 42 46 3 19 0 0.01 M M 8.4 15 40 M M 9 23 40
22 55 35 45 3 20 0 0.00 M M 5.4 16 300 M M 5 23 310
23 44 30 37 -5 28 0 0.15 M M 5.1 15 100 M M 7 1 22 100
24 54 44 49 8 16 0 0.37 M M 9.5 25 20 M M 10 13 32 200
25 52 35 44 3 21 0 T M M 9.2 20 20 M M 10 1 27 20
26 57 30 44 4 21 0 0.00 M M 3.0 7 180 M M 1 M M
27 52 32 42 2 23 0 0.00 M M 4.7 13 330 M M 2 18 330
28 57 28 43 4 22 0 0.00 M M 4.8 16 220 M M 0 21 230
29 47 31 39 0 26 0 0.00 M M 13.5 28 350 M M 0 37 350
30 41 24 33 -5 32 0 0.00 M M 6.9 16 310 M M 0 23 320
================================================================================
SM 1823 1183 451 10 1.01 M 252.6 M 84
================================================================================
AV 60.8 39.4 8.4 FASTST M M 3 MAX(MPH)
MISC ----> 36 300 56 290
================================================================================
NOTES:
# LAST OF SEVERAL OCCURRENCES
COLUMN 17 PEAK WIND IN M.P.H.
PRELIMINARY LOCAL CLIMATOLOGICAL DATA (WS FORM: F-6) , PAGE 2
STATION: DOWNTOWN KANSAS CITY MO
MONTH: NOVEMBER
YEAR: 2020
LATITUDE: 39 7 N
LONGITUDE: 94 36 W
[TEMPERATURE DATA] [PRECIPITATION DATA] SYMBOLS USED IN COLUMN 16
AVERAGE MONTHLY: 50.1 TOTAL FOR MONTH: 1.01 1 = FOG OR MIST
DPTR FM NORMAL: 4.7 DPTR FM NORMAL: -1.13 2 = FOG REDUCING VISIBILITY
HIGHEST: 77 ON 8 GRTST 24HR 0.48 ON 10-10 TO 1/4 MILE OR LESS
LOWEST: 24 ON 30,13 3 = THUNDER
SNOW, ICE PELLETS, HAIL 4 = ICE PELLETS
TOTAL MONTH: M 5 = HAIL
GRTST 24HR M ON M 6 = FREEZING RAIN OR DRIZZLE
GRTST DEPTH: M ON M 7 = DUSTSTORM OR SANDSTORM:
VSBY 1/2 MILE OR LESS
8 = SMOKE OR HAZE
[NO. OF DAYS WITH] [WEATHER - DAYS WITH] 9 = BLOWING SNOW
X = TORNADO
MAX 32 OR BELOW: 0 0.01 INCH OR MORE: 4
MAX 90 OR ABOVE: 0 0.10 INCH OR MORE: 3
MIN 32 OR BELOW: 11 0.50 INCH OR MORE: 0
MIN 0 OR BELOW: 0 1.00 INCH OR MORE: 0
[HDD (BASE 65) ]
TOTAL THIS MO. 451 CLEAR (SCALE 0-3) 20
DPTR FM NORMAL -139 PTCLDY (SCALE 4-7) 6
TOTAL FM JUL 1 870 CLOUDY (SCALE 8-10) 4
DPTR FM NORMAL -6
[CDD (BASE 65) ]
TOTAL THIS MO. 10
DPTR FM NORMAL 8 [PRESSURE DATA]
TOTAL FM JAN 1 1652 HIGHEST SLP 30.56 ON 17
DPTR FM NORMAL -19 LOWEST SLP 29.41 ON 14
[REMARKS]
#FINAL-11-20#