000
CXHW52 PHFO 011250
CF6MKK
PRELIMINARY LOCAL CLIMATOLOGICAL DATA (WS FORM: F-6)
STATION: MOLOKAI HI
MONTH: AUGUST
YEAR: 2020
LATITUDE: 21 8 N
LONGITUDE: 157 6 W
TEMPERATURE IN F: :PCPN: SNOW: WIND :SUNSHINE: SKY :PK WND
================================================================================
1 2 3 4 5 6A 6B 7 8 9 10 11 12 13 14 15 16 17 18
12Z AVG MX 2MIN
DY MAX MIN AVG DEP HDD CDD WTR SNW DPTH SPD SPD DIR MIN PSBL S-S WX SPD DR
================================================================================
1 84 71 78 0 0 13 0.00 0.0 M 12.5 25 60 M M M 32 60
2 83 68 76 -2 0 11 T 0.0 M 11.1 23 60 M M M 30 30
3 83 71 77 -1 0 12 0.00 0.0 M 12.4 24 50 M M M 36 50
4 84 72 78 0 0 13 T 0.0 M 11.6 23 50 M M M 31 50
5 85 73 79 1 0 14 0.00 0.0 M 13.6 24 50 M M M 31 50
6 85 74 80 2 0 15 T 0.0 M 11.7 23 50 M M M 8 34 50
7 86 75 81 3 0 16 T 0.0 M 13.1 23 50 M M M 8 32 50
8 87 74 81 3 0 16 T 0.0 M 16.1 25 40 M M M 38 30
9 82 74 78 0 0 13 T 0.0 M 16.2 28 50 M M M 18 38 40
10 85 73 79 1 0 14 0.00 0.0 M 13.3 23 50 M M M 33 50
11 86 73 80 2 0 15 0.00 0.0 M 11.9 23 30 M M M 32 60
12 83 71 77 -1 0 12 0.00 0.0 M 11.3 23 50 M M M 32 50
13 84 73 79 1 0 14 0.00 0.0 M 11.3 22 50 M M M 32 50
14 85 71 78 0 0 13 0.00 0.0 M 10.1 20 360 M M M 25 10
15 86 70 78 0 0 13 0.00 0.0 M 11.2 23 50 M M M 30 60
16 82 72 77 -1 0 12 0.00 0.0 M 10.2 18 10 M M M 26 360
17 84 71 78 0 0 13 0.06 0.0 M 9.3 20 10 M M M 1 31 10
18 86 72 79 1 0 14 0.00 0.0 M 11.5 23 50 M M M 32 50
19 85 74 80 2 0 15 0.00 0.0 M 13.0 28 50 M M M 37 60
20 86 75 81 3 0 16 0.00 0.0 M 13.3 26 60 M M M 35 70
21 87 74 81 2 0 16 0.00 0.0 M 11.4 22 50 M M M 32 50
22 86 76 81 2 0 16 T 0.0 M 12.6 22 50 M M M 31 50
23 89 77 83 4 0 18 0.00 0.0 M 12.4 23 60 M M M 31 40
24 87 76 82 3 0 17 0.00 0.0 M 13.5 24 50 M M M 32 50
25 88 73 81 2 0 16 0.00 0.0 M 11.5 24 50 M M M 31 50
26 87 75 81 2 0 16 0.00 0.0 M 11.3 22 30 M M M 32 40
27 86 74 80 1 0 15 0.00 0.0 M 12.2 23 50 M M M 30 360
28 87 75 81 2 0 16 0.00 0.0 M 11.6 21 50 M M M 28 40
29 88 74 81 2 0 16 T 0.0 M 13.0 22 30 M M M 32 10
30 86 76 81 2 0 16 0.00 0.0 M 15.0 24 40 M M M 36 50
31 88 76 82 3 0 17 0.00 0.0 M 12.8 28 60 M M M 34 60
================================================================================
SM 2650 2273 0 453 0.06 0.0 382.0 M M
================================================================================
AV 85.5 73.3 12.3 FASTST M M 0 MAX(MPH)
MISC ----> # 28 50 # 38 30
================================================================================
NOTES:
# LAST OF SEVERAL OCCURRENCES
COLUMN 17 PEAK WIND IN M.P.H.
PRELIMINARY LOCAL CLIMATOLOGICAL DATA (WS FORM: F-6) , PAGE 2
STATION: MOLOKAI HI
MONTH: AUGUST
YEAR: 2020
LATITUDE: 21 8 N
LONGITUDE: 157 6 W
[TEMPERATURE DATA] [PRECIPITATION DATA] SYMBOLS USED IN COLUMN 16
AVERAGE MONTHLY: 79.4 TOTAL FOR MONTH: 0.06 1 = FOG OR MIST
DPTR FM NORMAL: 0.9 DPTR FM NORMAL: -0.57 2 = FOG REDUCING VISIBILITY
HIGHEST: 89 ON 23 GRTST 24HR 0.06 ON 17-17 TO 1/4 MILE OR LESS
LOWEST: 68 ON 2 3 = THUNDER
SNOW, ICE PELLETS, HAIL 4 = ICE PELLETS
TOTAL MONTH: 0.0 INCH 5 = HAIL
GRTST 24HR 0.0 6 = FREEZING RAIN OR DRIZZLE
GRTST DEPTH: M ON M 7 = DUSTSTORM OR SANDSTORM:
VSBY 1/2 MILE OR LESS
8 = SMOKE OR HAZE
[NO. OF DAYS WITH] [WEATHER - DAYS WITH] 9 = BLOWING SNOW
X = TORNADO
MAX 32 OR BELOW: 0 0.01 INCH OR MORE: 1
MAX 90 OR ABOVE: 0 0.10 INCH OR MORE: 0
MIN 32 OR BELOW: 0 0.50 INCH OR MORE: 0
MIN 0 OR BELOW: 0 1.00 INCH OR MORE: 0
[HDD (BASE 65) ]
TOTAL THIS MO. 0 CLEAR (SCALE 0-3) 0
DPTR FM NORMAL 0 PTCLDY (SCALE 4-7) 0
TOTAL FM JUL 1 0 CLOUDY (SCALE 8-10) 0
DPTR FM NORMAL 0
[CDD (BASE 65) ]
TOTAL THIS MO. 453
DPTR FM NORMAL 36 [PRESSURE DATA]
TOTAL FM JAN 1 2596 HIGHEST SLP 30.11 ON 9
DPTR FM NORMAL 419 LOWEST SLP 29.91 ON 12
[REMARKS]
#FINAL-08-20#