000
CXUS53 KDVN 011000
CF6MLI
PRELIMINARY LOCAL CLIMATOLOGICAL DATA (WS FORM: F-6)
STATION: MOLINE IL
MONTH: AUGUST
YEAR: 2021
LATITUDE: 41 27 N
LONGITUDE: 90 31 W
TEMPERATURE IN F: :PCPN: SNOW: WIND :SUNSHINE: SKY :PK WND
================================================================================
1 2 3 4 5 6A 6B 7 8 9 10 11 12 13 14 15 16 17 18
12Z AVG MX 2MIN
DY MAX MIN AVG DEP HDD CDD WTR SNW DPTH SPD SPD DIR MIN PSBL S-S WX SPD DR
================================================================================
1 84 59 72 -3 0 7 0.00 0.0 0 5.3 16 30 M M 1 18 23 30
2 81 55 68 -7 0 3 0.00 0.0 0 2.0 8 110 M M 3 8 11 100
3 84 56 70 -5 0 5 0.00 0.0 0 1.8 9 120 M M 1 1 12 120
4 85 58 72 -3 0 7 0.00 0.0 0 1.6 9 200 M M 0 13 200
5 82 60 71 -4 0 6 T 0.0 0 5.8 15 260 M M 4 23 200
6 86 69 78 3 0 13 0.01 0.0 0 5.3 15 230 M M 4 3 22 230
7 89 67 78 4 0 13 0.00 0.0 0 6.9 15 180 M M 0 1 23 190
8 89 72 81 7 0 16 T 0.0 0 9.8 18 220 M M 2 3 25 190
9 92 71 82 8 0 17 0.02 0.0 0 8.4 17 230 M M 6 3 26 190
10 95 74 85 11 0 20 0.00 0.0 0 7.0 20 360 M M 2 1 31 350
11 90 72 81 7 0 16 0.04 0.0 0 10.8 31 220 M M 4 3 48 200
12 84 69 77 3 0 12 0.00 0.0 0 4.8 13 240 M M 2 19 240
13 85 63 74 0 0 9 0.00 0.0 0 3.3 10 40 M M 4 17 30
14 84 55 70 -4 0 5 0.00 0.0 0 3.3 12 60 M M 0 17 100
15 83 54 69 -5 0 4 0.00 0.0 0 5.0 15 80 M M 0 23 70
16 84 54 69 -5 0 4 0.00 0.0 0 4.1 13 110 M M 1 17 130
17 86 60 73 -1 0 8 0.00 0.0 0 3.2 12 150 M M 1 18 140
18 89 61 75 2 0 10 0.00 0.0 0 3.3 10 140 M M 1 1 14 130
19 90 64 77 4 0 12 0.00 0.0 0 2.0 10 130 M M 1 1 15 190
20 90 65 78 5 0 13 0.00 0.0 0 6.2 17 140 M M 0 1 22 140
21 88 69 79 6 0 14 T 0.0 0 7.3 16 300 M M 4 1 21 330
22 85 62 74 1 0 9 0.00 0.0 0 3.3 8 180 M M 0 13 130
23 90 62 76 3 0 11 0.14 0.0 0 6.3 20 180 M M 1 13 29 170
24 96 70 83 11 0 18 0.85 0.0 0 6.0 26 310 M M 1 13 39 300
25 90 69 80 8 0 15 0.24 0.0 0 5.5 25 310 M M 1 38 33 300
26 92 67 80 8 0 15 0.00 0.0 0 4.0 13 130 M M 0 17 120
27 92 71 82 10 0 17 0.00 0.0 0 6.9 15 160 M M 0 21 150
28 93 73 83 11 0 18 0.00 0.0 0 6.9 14 190 M M 0 20 210
29 89 68 79 7 0 14 0.10 0.0 0 7.8 20 190 M M 1 13 31 190
30 87 61 74 3 0 9 0.00 0.0 0 2.1 12 90 M M 1 1 13 110
31 77 63 70 -1 0 5 2.56 0.0 0 5.5 20 30 M M 6 1 29 40
================================================================================
SM 2711 1993 0 345 3.96 0.0 161.5 M 52
================================================================================
AV 87.5 64.3 5.2 FASTST M M 2 MAX(MPH)
MISC ----> 31 220 48 200
================================================================================
NOTES:
# LAST OF SEVERAL OCCURRENCES
COLUMN 17 PEAK WIND IN M.P.H.
PRELIMINARY LOCAL CLIMATOLOGICAL DATA (WS FORM: F-6) , PAGE 2
STATION: MOLINE IL
MONTH: AUGUST
YEAR: 2021
LATITUDE: 41 27 N
LONGITUDE: 90 31 W
[TEMPERATURE DATA] [PRECIPITATION DATA] SYMBOLS USED IN COLUMN 16
AVERAGE MONTHLY: 75.9 TOTAL FOR MONTH: 3.96 1 = FOG OR MIST
DPTR FM NORMAL: 2.5 DPTR FM NORMAL: -0.01 2 = FOG REDUCING VISIBILITY
HIGHEST: 96 ON 24 GRTST 24HR 2.56 ON 31-31 TO 1/4 MILE OR LESS
LOWEST: 54 ON 16,15 3 = THUNDER
SNOW, ICE PELLETS, HAIL 4 = ICE PELLETS
TOTAL MONTH: 0.0 INCH 5 = HAIL
GRTST 24HR 0.0 6 = FREEZING RAIN OR DRIZZLE
GRTST DEPTH: 0 7 = DUSTSTORM OR SANDSTORM:
VSBY 1/2 MILE OR LESS
8 = SMOKE OR HAZE
[NO. OF DAYS WITH] [WEATHER - DAYS WITH] 9 = BLOWING SNOW
X = TORNADO
MAX 32 OR BELOW: 0 0.01 INCH OR MORE: 8
MAX 90 OR ABOVE: 11 0.10 INCH OR MORE: 5
MIN 32 OR BELOW: 0 0.50 INCH OR MORE: 2
MIN 0 OR BELOW: 0 1.00 INCH OR MORE: 1
[HDD (BASE 65) ]
TOTAL THIS MO. 0 CLEAR (SCALE 0-3) 24
DPTR FM NORMAL -4 PTCLDY (SCALE 4-7) 7
TOTAL FM JUL 1 0 CLOUDY (SCALE 8-10) 0
DPTR FM NORMAL -2
[CDD (BASE 65) ]
TOTAL THIS MO. 345
DPTR FM NORMAL 81 [PRESSURE DATA]
TOTAL FM JAN 1 1107 HIGHEST SLP 30.28 ON 14
DPTR FM NORMAL 199 LOWEST SLP 29.72 ON 11
[REMARKS]
#FINAL-08-21#