000
CXUS53 KDVN 011000
CF6MLI
PRELIMINARY LOCAL CLIMATOLOGICAL DATA (WS FORM: F-6)
STATION: MOLINE IL
MONTH: SEPTEMBER
YEAR: 2021
LATITUDE: 41 27 N
LONGITUDE: 90 31 W
TEMPERATURE IN F: :PCPN: SNOW: WIND :SUNSHINE: SKY :PK WND
================================================================================
1 2 3 4 5 6A 6B 7 8 9 10 11 12 13 14 15 16 17 18
12Z AVG MX 2MIN
DY MAX MIN AVG DEP HDD CDD WTR SNW DPTH SPD SPD DIR MIN PSBL S-S WX SPD DR
================================================================================
1 81 60 71 0 0 6 0.00 0.0 0 6.0 15 50 M M 2 21 70
2 79 54 67 -3 0 2 0.00 0.0 0 5.8 15 130 M M 0 21 160
3 74 62 68 -2 0 3 0.09 0.0 0 6.8 21 160 M M 7 1 31 150
4 76 59 68 -2 0 3 0.00 0.0 0 4.0 15 310 M M 7 21 310
5 83 56 70 0 0 5 0.00 0.0 0 6.1 16 270 M M 0 25 270
6 86 60 73 3 0 8 0.00 0.0 0 3.0 12 320 M M 1 14 260
7 88 59 74 5 0 9 0.00 0.0 0 11.4 23 320 M M 0 34 310
8 80 57 69 0 0 4 0.00 0.0 0 10.1 25 300 M M 1 39 330
9 80 54 67 -1 0 2 0.00 0.0 0 3.7 14 300 M M 2 19 300
10 82 52 67 -1 0 2 0.00 0.0 0 4.1 14 140 M M 0 19 150
11 87 61 74 6 0 9 0.00 0.0 0 3.7 13 220 M M 0 19 240
12 87 69 78 10 0 13 0.00 0.0 0 6.8 15 260 M M 1 23 240
13 87 65 76 9 0 11 0.00 0.0 0 5.8 16 190 M M 0 23 200
14 85 59 72 5 0 7 0.00 0.0 0 9.7 17 280 M M 0 26 270
15 80 52 66 0 0 1 0.00 0.0 0 2.4 9 150 M M 0 13 140
16 84 52 68 2 0 3 0.00 0.0 0 6.3 14 190 M M 0 22 160
17 88 54 71 5 0 6 0.00 0.0 0 5.3 20 300 M M 1 3 26 300
18 87 62 75 10 0 10 0.00 0.0 0 4.9 14 70 M M 1 18 70
19 91 60 76 11 0 11 0.00 0.0 0 6.0 14 150 M M 1 21 160
20 87 65 76 11 0 11 0.72 0.0 0 9.0 32 280 M M 5 13 44 280
21 74 60 67 3 0 2 T 0.0 0 10.4 18 330 M M 3 27 340
22 71 49 60 -4 5 0 0.00 0.0 0 8.0 18 30 M M 1 28 20
23 74 45 60 -3 5 0 0.00 0.0 0 5.7 18 310 M M 0 25 340
24 83 46 65 2 0 0 0.06 0.0 0 9.1 26 300 M M 3 39 300
25 74 48 61 -2 4 0 0.00 0.0 0 7.9 21 270 M M 0 27 270
26 87 55 71 9 0 6 0.00 0.0 0 9.1 21 210 M M 0 32 200
27 88 62 75 13 0 10 0.00 0.0 0 7.6 17 270 M M 0 23 70
28 85 56 71 10 0 6 0.00 0.0 0 8.2 16 70 M M 0 22 70
29 89 54 72 11 0 7 0.00 0.0 0 4.6 12 130 M M 0 18 110
30 89 58 74 14 0 9 0.00 0.0 0 4.5 14 120 M M 0 20 120
================================================================================
SM 2486 1705 14 166 0.87 0.0 196.0 M 36
================================================================================
AV 82.9 56.8 6.5 FASTST M M 1 MAX(MPH)
MISC ----> 32 280 44 280
================================================================================
NOTES:
# LAST OF SEVERAL OCCURRENCES
COLUMN 17 PEAK WIND IN M.P.H.
PRELIMINARY LOCAL CLIMATOLOGICAL DATA (WS FORM: F-6) , PAGE 2
STATION: MOLINE IL
MONTH: SEPTEMBER
YEAR: 2021
LATITUDE: 41 27 N
LONGITUDE: 90 31 W
[TEMPERATURE DATA] [PRECIPITATION DATA] SYMBOLS USED IN COLUMN 16
AVERAGE MONTHLY: 69.9 TOTAL FOR MONTH: 0.87 1 = FOG OR MIST
DPTR FM NORMAL: 3.8 DPTR FM NORMAL: -2.45 2 = FOG REDUCING VISIBILITY
HIGHEST: 91 ON 19 GRTST 24HR 2.56 ON 31- 1 TO 1/4 MILE OR LESS
LOWEST: 45 ON 23 3 = THUNDER
SNOW, ICE PELLETS, HAIL 4 = ICE PELLETS
TOTAL MONTH: 0.0 INCH 5 = HAIL
GRTST 24HR 0.0 6 = FREEZING RAIN OR DRIZZLE
GRTST DEPTH: 0 7 = DUSTSTORM OR SANDSTORM:
VSBY 1/2 MILE OR LESS
8 = SMOKE OR HAZE
[NO. OF DAYS WITH] [WEATHER - DAYS WITH] 9 = BLOWING SNOW
X = TORNADO
MAX 32 OR BELOW: 0 0.01 INCH OR MORE: 3
MAX 90 OR ABOVE: 1 0.10 INCH OR MORE: 1
MIN 32 OR BELOW: 0 0.50 INCH OR MORE: 1
MIN 0 OR BELOW: 0 1.00 INCH OR MORE: 0
[HDD (BASE 65) ]
TOTAL THIS MO. 14 CLEAR (SCALE 0-3) 26
DPTR FM NORMAL -70 PTCLDY (SCALE 4-7) 4
TOTAL FM JUL 1 14 CLOUDY (SCALE 8-10) 0
DPTR FM NORMAL -77
[CDD (BASE 65) ]
TOTAL THIS MO. 166
DPTR FM NORMAL 50 [PRESSURE DATA]
TOTAL FM JAN 1 1273 HIGHEST SLP 30.23 ON 22
DPTR FM NORMAL 249 LOWEST SLP 29.67 ON 7
[REMARKS]
#FINAL-09-21#